-- Table structure for table `jos_menu_types`
--

CREATE TABLE `jos_menu_types` (
  `id` int unsigned NOT NULL AUTO_INCREMENT,
  `asset_id` int unsigned NOT NULL DEFAULT '0',
  `menutype` varchar(24) NOT NULL,
  `title` varchar(48) NOT NULL,
  `description` varchar(255) NOT NULL DEFAULT '',
  `client_id` int NOT NULL DEFAULT '0',
  PRIMARY KEY (`id`),
  UNIQUE KEY `idx_menutype` (`menutype`)
) ENGINE=InnoDB AUTO_INCREMENT=13 DEFAULT CHARSET=utf8mb3;

--
-- Dumping data for table `jos_menu_types`
--

INSERT INTO `jos_menu_types` (`id`, `asset_id`, `menutype`, `title`, `description`, `client_id`) VALUES (2,0,'usermenu','User Menu','A Menu for logged-in Users',0),(3,0,'top','Top','Links for major types of users',0),(6,0,'mainmenu','Main Menu','Simple Home Menu',0),(11,0,'jomsocial','JomSocial toolbar','Toolbar items for JomSocial toolbar',0),(12,2215,'kunenamenu','Kunena Menu','This is the default Kunena menu. It is used as the top navigation for Kunena. It can be publish in any module position. Simply unpublish items that are not required.',0);

--
-- Table structure for table `jos_messages`
--

CREATE TABLE `jos_messages` (
  `message_id` int unsigned NOT NULL AUTO_INCREMENT,
  `user_id_from` int unsigned NOT NULL DEFAULT '0',
  `user_id_to` int unsigned NOT NULL DEFAULT '0',
  `folder_id` tinyint unsigned NOT NULL DEFAULT '0',
  `date_time` datetime NOT NULL DEFAULT '0000-00-00 00:00:00',
  `state` tinyint(1) NOT NULL DEFAULT '0',
  `priority` tinyint unsigned NOT NULL DEFAULT '0',
  `subject` varchar(255) NOT NULL DEFAULT '',
  `message` mediumtext NOT NULL,
  PRIMARY KEY (`message_id`),
  KEY `useridto_state` (`user_id_to`,`state`)
) ENGINE=InnoDB DEFAULT CHARSET=utf8mb3;

--
-- Dumping data for table `jos_messages`
--


--
-- Table structure for table `jos_messages_cfg`
--

CREATE TABLE `jos_messages_cfg` (
  `user_id` int unsigned NOT NULL DEFAULT '0',
  `cfg_name` varchar(100) NOT NULL DEFAULT '',
  `cfg_value` varchar(255) NOT NULL DEFAULT '',
  UNIQUE KEY `idx_user_var_name` (`user_id`,`cfg_name`)
) ENGINE=InnoDB DEFAULT CHARSET=utf8mb3;

--
-- Dumping data for table `jos_messages_cfg`
--


--
-- Table structure for table `jos_modules`
--

CREATE TABLE `jos_modules` (
  `id` int NOT NULL AUTO_INCREMENT,
  `asset_id` int unsigned NOT NULL DEFAULT '0' COMMENT 'FK to the #__assets table.',
  `title` varchar(100) NOT NULL DEFAULT '',
  `note` varchar(255) NOT NULL DEFAULT '',
  `content` text NOT NULL,
  `ordering` int NOT NULL DEFAULT '0',
  `position` varchar(50) NOT NULL DEFAULT '',
  `checked_out` int unsigned NOT NULL DEFAULT '0',
  `checked_out_time` datetime NOT NULL DEFAULT '0000-00-00 00:00:00',
  `publish_up` datetime NOT NULL DEFAULT '0000-00-00 00:00:00',
  `publish_down` datetime NOT NULL DEFAULT '0000-00-00 00:00:00',
  `published` tinyint(1) NOT NULL DEFAULT '0',
  `module` varchar(50) DEFAULT NULL,
  `access` int unsigned NOT NULL DEFAULT '0',
  `showtitle` tinyint unsigned NOT NULL DEFAULT '1',
  `params` mediumtext NOT NULL,
  `client_id` tinyint NOT NULL DEFAULT '0',
  `language` char(7) NOT NULL,
  PRIMARY KEY (`id`),
  KEY `published` (`published`,`access`),
  KEY `newsfeeds` (`module`,`published`),
  KEY `idx_language` (`language`)
) ENGINE=InnoDB AUTO_INCREMENT=322 DEFAULT CHARSET=utf8mb3;

--
-- Dumping data for table `jos_modules`
--

INSERT INTO `jos_modules` (`id`, `asset_id`, `title`, `note`, `content`, `ordering`, `position`, `checked_out`, `checked_out_time`, `publish_up`, `publish_down`, `published`, `module`, `access`, `showtitle`, `params`, `client_id`, `language`) VALUES (1,208,'Main Menu','','',1,'sidebar-1',0,'0000-00-00 00:00:00','0000-00-00 00:00:00','0000-00-00 00:00:00',0,'mod_menu',1,1,'{\"menutype\":\"mainmenu\",\"base\":\"\",\"startLevel\":\"1\",\"endLevel\":\"1\",\"showAllChildren\":\"1\",\"tag_id\":\"\",\"class_sfx\":\"\",\"window_open\":\"\",\"layout\":\"_:default\",\"moduleclass_sfx\":\"_menu\",\"cache\":\"1\",\"cache_time\":\"900\",\"cachemode\":\"itemid\",\"module_tag\":\"div\",\"bootstrap_size\":\"0\",\"header_tag\":\"h3\",\"header_class\":\"\",\"style\":\"0\"}',0,'*'),(2,0,'Login','','',1,'login',0,'0000-00-00 00:00:00','0000-00-00 00:00:00','0000-00-00 00:00:00',1,'mod_login',1,1,'',1,'*'),(3,0,'Popular Articles','','',3,'cpanel',0,'0000-00-00 00:00:00','0000-00-00 00:00:00','0000-00-00 00:00:00',1,'mod_popular',3,1,'{\"count\":\"5\",\"catid\":\"\",\"user_id\":\"0\",\"layout\":\"_:default\",\"moduleclass_sfx\":\"\",\"cache\":\"0\",\"automatic_title\":\"1\"}',1,'*'),(4,0,'Recently Added Articles','','',4,'cpanel',0,'0000-00-00 00:00:00','0000-00-00 00:00:00','0000-00-00 00:00:00',1,'mod_latest',3,1,'{\"count\":\"5\",\"ordering\":\"c_dsc\",\"catid\":\"\",\"user_id\":\"0\",\"layout\":\"_:default\",\"moduleclass_sfx\":\"\",\"cache\":\"0\",\"automatic_title\":\"1\"}',1,'*'),(8,0,'Toolbar','','',1,'toolbar',0,'0000-00-00 00:00:00','0000-00-00 00:00:00','0000-00-00 00:00:00',1,'mod_toolbar',3,1,'',1,'*'),(9,0,'Quick Icons','','',1,'icon',0,'0000-00-00 00:00:00','0000-00-00 00:00:00','0000-00-00 00:00:00',1,'mod_quickicon',3,1,'',1,'*'),(10,0,'Logged-in Users','','',2,'cpanel',0,'0000-00-00 00:00:00','0000-00-00 00:00:00','0000-00-00 00:00:00',1,'mod_logged',3,1,'{\"count\":\"5\",\"name\":\"1\",\"layout\":\"_:default\",\"moduleclass_sfx\":\"\",\"cache\":\"0\",\"automatic_title\":\"1\"}',1,'*'),(12,0,'Admin Menu','','',1,'menu',0,'0000-00-00 00:00:00','0000-00-00 00:00:00','0000-00-00 00:00:00',1,'mod_menu',3,1,'{\"layout\":\"\",\"moduleclass_sfx\":\"\",\"shownew\":\"1\",\"showhelp\":\"1\",\"cache\":\"0\"}',1,'*'),(13,0,'Admin Submenu','','',1,'submenu',0,'0000-00-00 00:00:00','0000-00-00 00:00:00','0000-00-00 00:00:00',1,'mod_submenu',3,1,'',1,'*'),(14,0,'User Status','','',2,'status',0,'0000-00-00 00:00:00','0000-00-00 00:00:00','0000-00-00 00:00:00',1,'mod_status',3,1,'',1,'*'),(15,0,'Title','','',1,'title',0,'0000-00-00 00:00:00','0000-00-00 00:00:00','0000-00-00 00:00:00',1,'mod_title',3,1,'',1,'*'),(16,249,'Login Form','','',2,'sidebar-2',0,'0000-00-00 00:00:00','0000-00-00 00:00:00','0000-00-00 00:00:00',0,'mod_login',1,1,'{\"pretext\":\"\",\"posttext\":\"\",\"login\":\"\",\"logout\":\"\",\"greeting\":1,\"name\":0,\"profilelink\":0,\"usesecure\":0,\"usetext\":0,\"layout\":\"_:default\",\"moduleclass_sfx\":\"\",\"cache\":0,\"module_tag\":\"div\",\"bootstrap_size\":\"0\",\"header_tag\":\"h3\",\"header_class\":\"\",\"style\":\"0\"}',0,'*'),(17,0,'Breadcrumbs','','',1,'navhelper',0,'0000-00-00 00:00:00','0000-00-00 00:00:00','0000-00-00 00:00:00',0,'mod_breadcrumbs',1,1,'{\"showHere\":\"1\",\"showHome\":\"1\",\"homeText\":\"Home\",\"showLast\":\"1\",\"separator\":\"\",\"layout\":\"_:default\",\"moduleclass_sfx\":\"\",\"cache\":\"1\",\"cache_time\":\"900\",\"cachemode\":\"itemid\",\"module_tag\":\"div\",\"bootstrap_size\":\"0\",\"header_tag\":\"h3\",\"header_class\":\"\",\"style\":\"0\"}',0,'*'),(19,586,'User Menu','','',1,'off-canvas',0,'0000-00-00 00:00:00','2017-11-06 13:20:48','0000-00-00 00:00:00',0,'mod_menu',1,0,'{\"menutype\":\"usermenu\",\"base\":\"\",\"startLevel\":\"1\",\"endLevel\":\"0\",\"showAllChildren\":\"1\",\"tag_id\":\"\",\"class_sfx\":\"\",\"window_open\":\"\",\"layout\":\"_:default\",\"moduleclass_sfx\":\"_menu\",\"cache\":\"1\",\"cache_time\":\"900\",\"cachemode\":\"itemid\",\"module_tag\":\"div\",\"bootstrap_size\":\"0\",\"header_tag\":\"h3\",\"header_class\":\"\",\"style\":\"0\"}',0,'*'),(20,1472,'Top','','',1,'',0,'0000-00-00 00:00:00','0000-00-00 00:00:00','0000-00-00 00:00:00',0,'mod_menu',1,1,'{\"menutype\":\"top\",\"base\":\"\",\"startLevel\":\"1\",\"endLevel\":\"0\",\"showAllChildren\":\"0\",\"tag_id\":\"\",\"class_sfx\":\" nav-pills\",\"window_open\":\"\",\"layout\":\"_:default\",\"moduleclass_sfx\":\"\",\"cache\":\"0\",\"cache_time\":\"900\",\"cachemode\":\"itemid\",\"module_tag\":\"div\",\"bootstrap_size\":\"1\",\"header_tag\":\"h3\",\"header_class\":\"\",\"style\":\"0\"}',0,'*'),(25,0,'Site Map','','',1,'sitemapload',0,'0000-00-00 00:00:00','0000-00-00 00:00:00','0000-00-00 00:00:00',0,'mod_menu',1,0,'{\"menutype\":\"mainmenu\",\"startLevel\":\"2\",\"endLevel\":\"3\",\"showAllChildren\":\"1\",\"tag_id\":\"\",\"class_sfx\":\"sitemap\",\"window_open\":\"\",\"layout\":\"\",\"moduleclass_sfx\":\"\",\"cache\":\"0\",\"cache_time\":\"900\",\"cachemode\":\"itemid\"}',0,'*'),(27,272,'Archived Articles','','',17,'sidebar-2',0,'0000-00-00 00:00:00','0000-00-00 00:00:00','0000-00-00 00:00:00',0,'mod_articles_archive',1,1,'{\"count\":\"12\",\"layout\":\"_:default\",\"moduleclass_sfx\":\"\",\"cache\":\"1\",\"cache_time\":\"900\",\"cachemode\":\"static\",\"module_tag\":\"div\",\"bootstrap_size\":\"0\",\"header_tag\":\"h3\",\"header_class\":\"\",\"style\":\"0\"}',0,'*'),(29,0,'Articles Most Read','','',1,'',0,'0000-00-00 00:00:00','0000-00-00 00:00:00','0000-00-00 00:00:00',0,'mod_articles_popular',1,1,'{\"catid\":[\"26\",\"29\"],\"count\":\"5\",\"show_front\":\"1\",\"layout\":\"_:default\",\"moduleclass_sfx\":\"\",\"cache\":\"1\",\"cache_time\":\"900\",\"cachemode\":\"static\"}',0,'*'),(30,0,'Feed Display','','',1,'',0,'0000-00-00 00:00:00','0000-00-00 00:00:00','0000-00-00 00:00:00',0,'mod_feed',1,1,'{\"rssurl\":\"http:\\/\\/community.joomla.org\\/blogs\\/community.feed?type=rss\",\"rssrtl\":\"0\",\"rsstitle\":\"1\",\"rssdesc\":\"1\",\"rssimage\":\"1\",\"rssitems\":\"3\",\"rssitemdesc\":\"1\",\"word_count\":\"0\",\"layout\":\"_:default\",\"moduleclass_sfx\":\"\",\"cache\":\"1\",\"cache_time\":\"900\"}',0,'*'),(31,560,'News Flash','','',3,'sidebar-1',0,'0000-00-00 00:00:00','0000-00-00 00:00:00','0000-00-00 00:00:00',0,'mod_articles_news',1,1,'{\"catid\":[\"94\"],\"image\":\"0\",\"item_title\":\"0\",\"link_titles\":\"\",\"item_heading\":\"h4\",\"showLastSeparator\":\"1\",\"readmore\":\"1\",\"count\":\"1\",\"ordering\":\"a.publish_up\",\"layout\":\"_:default\",\"moduleclass_sfx\":\"\",\"cache\":\"1\",\"cache_time\":\"900\",\"cachemode\":\"itemid\",\"module_tag\":\"div\",\"bootstrap_size\":\"0\",\"header_tag\":\"h3\",\"header_class\":\"\",\"style\":\"0\"}',0,'*'),(33,0,'Random Image','','',1,'',0,'0000-00-00 00:00:00','0000-00-00 00:00:00','0000-00-00 00:00:00',0,'mod_random_image',1,1,'{\"type\":\"jpg\",\"folder\":\"images\\/sampledata\\/parks\\/animals\",\"link\":\"\",\"width\":\"180\",\"height\":\"\",\"layout\":\"_:default\",\"moduleclass_sfx\":\"\",\"cache\":\"0\"}',0,'*'),(34,0,'Articles Related Items','','',1,'',42,'2014-03-31 04:11:22','0000-00-00 00:00:00','0000-00-00 00:00:00',0,'mod_related_items',1,1,'{\"showDate\":\"0\",\"layout\":\"_:default\",\"moduleclass_sfx\":\"\",\"owncache\":\"1\"}',0,'*'),(35,0,'Search','','',1,'',0,'0000-00-00 00:00:00','0000-00-00 00:00:00','0000-00-00 00:00:00',0,'mod_search',1,1,'{\"label\":\"\",\"width\":\"20\",\"text\":\"\",\"button\":\"\",\"button_pos\":\"right\",\"imagebutton\":\"\",\"button_text\":\"\",\"opensearch\":\"1\",\"opensearch_title\":\"\",\"set_itemid\":\"\",\"layout\":\"_:default\",\"moduleclass_sfx\":\"\",\"cache\":\"1\",\"cache_time\":\"900\",\"cachemode\":\"itemid\"}',0,'*'),(37,0,'Syndicate Feeds','','',1,'syndicateload',0,'0000-00-00 00:00:00','0000-00-00 00:00:00','0000-00-00 00:00:00',0,'mod_syndicate',1,1,'{\"text\":\"Feed Entries\",\"format\":\"rss\",\"layout\":\"\",\"moduleclass_sfx\":\"\",\"cache\":\"0\"}',0,'*'),(38,0,'Users Latest','','',1,'',0,'0000-00-00 00:00:00','0000-00-00 00:00:00','0000-00-00 00:00:00',0,'mod_users_latest',1,1,'{\"shownumber\":\"5\",\"linknames\":\"0\",\"layout\":\"_:default\",\"moduleclass_sfx\":\"\",\"cache\":\"0\",\"cache_time\":\"900\",\"cachemode\":\"static\"}',0,'*'),(39,247,'Who\'s Online','','',21,'sidebar-2',0,'0000-00-00 00:00:00','0000-00-00 00:00:00','0000-00-00 00:00:00',0,'mod_whosonline',1,1,'{\"showmode\":\"2\",\"layout\":\"_:default\",\"moduleclass_sfx\":\"\",\"cache\":\"0\",\"filter_groups\":\"0\",\"module_tag\":\"div\",\"bootstrap_size\":\"0\",\"header_tag\":\"h3\",\"header_class\":\"\",\"style\":\"0\"}',0,'*'),(40,0,'Wrapper','','',1,'',0,'0000-00-00 00:00:00','0000-00-00 00:00:00','0000-00-00 00:00:00',0,'mod_wrapper',1,1,'{\"url\":\"http:\\/\\/www.youtube.com\\/embed\\/vb2eObvmvdI\",\"add\":\"1\",\"scrolling\":\"auto\",\"width\":\"640\",\"height\":\"390\",\"height_auto\":\"1\",\"target\":\"\",\"layout\":\"_:default\",\"moduleclass_sfx\":\"\",\"cache\":\"1\",\"cache_time\":\"900\",\"cachemode\":\"static\"}',0,'*'),(41,0,'Footer','','',1,'footer',0,'0000-00-00 00:00:00','0000-00-00 00:00:00','0000-00-00 00:00:00',0,'mod_footer',1,1,'{\"layout\":\"_:default\",\"moduleclass_sfx\":\"\",\"cache\":\"1\",\"cache_time\":\"900\",\"cachemode\":\"static\",\"module_tag\":\"div\",\"bootstrap_size\":\"0\",\"header_tag\":\"h3\",\"header_class\":\"\",\"style\":\"0\"}',0,'*'),(45,413,'Menu Example','','',16,'sidebar-2',0,'0000-00-00 00:00:00','0000-00-00 00:00:00','0000-00-00 00:00:00',0,'mod_menu',1,1,'{\"menutype\":\"mainmenu\",\"base\":\"\",\"startLevel\":\"1\",\"endLevel\":\"1\",\"showAllChildren\":\"0\",\"tag_id\":\"\",\"class_sfx\":\"\",\"window_open\":\"\",\"layout\":\"_:default\",\"moduleclass_sfx\":\"\",\"cache\":\"0\",\"cache_time\":\"900\",\"cachemode\":\"itemid\",\"module_tag\":\"div\",\"bootstrap_size\":\"0\",\"header_tag\":\"h3\",\"header_class\":\"\",\"style\":\"0\"}',0,'*'),(47,0,'Latest Park Blogs','','',6,'position-7',0,'0000-00-00 00:00:00','0000-00-00 00:00:00','0000-00-00 00:00:00',0,'mod_articles_latest',1,1,'{\"count\":\"5\",\"ordering\":\"c_dsc\",\"user_id\":\"0\",\"show_front\":\"1\",\"catid\":\"35\",\"layout\":\"\",\"moduleclass_sfx\":\"\",\"cache\":\"1\",\"cache_time\":\"900\"}',0,'en-GB'),(48,0,'Custom HTML','','<p>This is a custom html module. That means you can enter whatever content you want.</p>',1,'',0,'0000-00-00 00:00:00','0000-00-00 00:00:00','0000-00-00 00:00:00',0,'mod_custom',1,1,'{\"prepare_content\":\"1\",\"backgroundimage\":\"\",\"layout\":\"_:default\",\"moduleclass_sfx\":\"\",\"cache\":\"1\",\"cache_time\":\"900\",\"cachemode\":\"static\"}',0,'*'),(58,0,'Special!','','<h1>This week we have a special, half price on delicious oranges!</h1><div>Only for our special customers!</div><div>Use the code: Joomla! when ordering</div><p><em>This module can only be seen by people in the customers group or higher.</em></p>',1,'position-12',0,'0000-00-00 00:00:00','0000-00-00 00:00:00','0000-00-00 00:00:00',0,'mod_custom',4,1,'{\"prepare_content\":\"1\",\"layout\":\"\",\"moduleclass_sfx\":\"\",\"cache\":\"1\",\"cache_time\":\"900\",\"cachemode\":\"static\"}',0,'*'),(61,563,'Articles Categories','','',12,'sidebar-2',0,'0000-00-00 00:00:00','0000-00-00 00:00:00','0000-00-00 00:00:00',0,'mod_articles_categories',1,1,'{\"parent\":\"81\",\"show_description\":\"0\",\"numitems\":\"0\",\"show_children\":\"0\",\"count\":\"0\",\"maxlevel\":\"0\",\"layout\":\"_:default\",\"item_heading\":\"4\",\"moduleclass_sfx\":\"\",\"owncache\":\"1\",\"cache_time\":\"900\",\"module_tag\":\"div\",\"bootstrap_size\":\"0\",\"header_tag\":\"h3\",\"header_class\":\"\",\"style\":\"0\"}',0,'*'),(63,0,'Search','','',1,'head-search',0,'0000-00-00 00:00:00','2021-04-29 07:34:12','0000-00-00 00:00:00',0,'mod_search',1,1,'{\"label\":\"\",\"width\":\"20\",\"text\":\"\",\"button\":\"\",\"button_pos\":\"right\",\"imagebutton\":\"1\",\"button_text\":\"\",\"opensearch\":\"1\",\"opensearch_title\":\"\",\"set_itemid\":\"\",\"layout\":\"_:default\",\"moduleclass_sfx\":\"\",\"cache\":\"1\",\"cache_time\":\"900\",\"cachemode\":\"itemid\",\"module_tag\":\"div\",\"bootstrap_size\":\"0\",\"header_tag\":\"h3\",\"header_class\":\"\",\"style\":\"0\"}',0,'*'),(65,0,'About Fruit Shop','','<p>The Fruit Shop site shows a number of Joomla! features.</p><p>The template uses classes in cascading style sheets to change the layout of items, such as creating the horizontal alphabetical list in the Fruit Encyclopedia.</p><p> </p>',1,'position-4',0,'0000-00-00 00:00:00','0000-00-00 00:00:00','0000-00-00 00:00:00',0,'mod_custom',1,1,'{\"prepare_content\":\"1\",\"layout\":\"\",\"moduleclass_sfx\":\"\",\"cache\":\"1\",\"cache_time\":\"900\",\"cachemode\":\"static\"}',0,'*'),(68,0,'About Parks','','<p>The Parks sample site is designed as a simple site that can be routinely updated from the front end of Joomla!.</p><p>As a site, it is largely focused on a blog which can be updated using the front end article submission.</p><p>New weblinks can also be added through the front end.</p><p>A simple image gallery uses com_content with thumbnails displayed in a blog layout and full size images shown in article layout.</p><p>The Parks site features the language switch module. All of the content and modules are tagged as English (en-GB). If a second language pack is added with sample data this can be filtered using the language switch.</p><p>Parks uses HTML5 which is a major web standard (along with XHTML which is used in other areas of sample data).</p>',2,'position-4',0,'0000-00-00 00:00:00','0000-00-00 00:00:00','0000-00-00 00:00:00',0,'mod_custom',1,1,'{\"prepare_content\":\"1\",\"layout\":\"\",\"moduleclass_sfx\":\"\",\"cache\":\"1\",\"cache_time\":\"900\",\"cachemode\":\"static\"}',0,'*'),(70,0,'Search (Atomic Template)','','',1,'atomic-search',0,'0000-00-00 00:00:00','0000-00-00 00:00:00','0000-00-00 00:00:00',0,'mod_search',1,0,'{\"width\":\"20\",\"text\":\"\",\"button\":\"\",\"button_pos\":\"right\",\"imagebutton\":\"\",\"button_text\":\"\",\"set_itemid\":\"\",\"layout\":\"\",\"moduleclass_sfx\":\"\",\"cache\":\"1\",\"cache_time\":\"900\",\"cachemode\":\"itemid\"}',0,'*'),(72,0,'Top Quote (Atomic Template)','','<hr />\r\n<h2 class=\"alt\">Powerful Content Management and a Simple Extensible Framework.</h2>\r\n<hr />',1,'atomic-topquote',0,'0000-00-00 00:00:00','0000-00-00 00:00:00','0000-00-00 00:00:00',0,'mod_custom',1,0,'{\"prepare_content\":\"1\",\"layout\":\"\",\"moduleclass_sfx\":\"\",\"cache\":\"1\",\"cache_time\":\"900\",\"cachemode\":\"static\"}',0,'*'),(73,0,'Bottom Left Column (Atomic Template)','','<h6>This is a nested column</h6>\r\n<p>Lorem ipsum dolor sit amet, consectetur adipisicing elit, sed do eiusmod tempor incididunt ut labore et dolore magna aliqua. Ut enim ad minim veniam, quis nostrud exercitation ullamco laboris nisi ut aliquip ex ea commodo consequat. Duis aute irure dolor in reprehenderit in voluptate velit esse cillum dolore eu fugiat nulla pariatur.</p>',1,'atomic-bottomleft',0,'0000-00-00 00:00:00','0000-00-00 00:00:00','0000-00-00 00:00:00',0,'mod_custom',1,0,'{\"prepare_content\":\"1\",\"layout\":\"\",\"moduleclass_sfx\":\"\",\"cache\":\"1\",\"cache_time\":\"900\",\"cachemode\":\"static\"}',0,'*'),(74,0,'Bottom Middle Column (Atomic Template)','','<h6>This is another nested column</h6>\r\n<p>Lorem ipsum dolor sit amet, consectetur adipisicing elit, sed do eiusmod tempor incididunt ut labore et dolore magna aliqua. Ut enim ad minim veniam, quis nostrud exercitation ullamco laboris nisi ut aliquip ex ea commodo consequat. Duis aute irure dolor in reprehenderit in voluptate velit esse cillum dolore eu fugiat nulla pariatur.</p>',1,'atomic-bottommiddle',0,'0000-00-00 00:00:00','0000-00-00 00:00:00','0000-00-00 00:00:00',0,'mod_custom',1,0,'{\"prepare_content\":\"1\",\"layout\":\"\",\"moduleclass_sfx\":\"\",\"cache\":\"1\",\"cache_time\":\"900\",\"cachemode\":\"static\"}',0,'*'),(75,0,'Sidebar (Atomic Template)','','<h3>A <span class=\"alt\">Simple</span> Sidebar</h3>\r\n<p>Vestibulum ante ipsum primis in faucibus orci luctus et ultrices posuere cubilia Curae; Cras ornare mattis nunc. Mauris venenatis, pede sed aliquet vehicula, lectus tellus pulvinar neque, non cursus sem nisi vel augue.</p>\r\n<p class=\"quiet\">Vestibulum ante ipsum primis in faucibus orci luctus et ultrices posuere cubilia Curae; Cras ornare mattis nunc. Mauris venenatis, pede sed aliquet vehicula, lectus tellus pulvinar neque, non cursus sem nisi vel augue.</p>\r\n<h5>Incremental leading</h5>\r\n<p class=\"incr\">Vestibulum ante ipsum primis in faucibus orci luctus vestibulum ante ipsum primis in faucibus orci luctus et ultrices posuere cubilia Curae; Cras ornare mattis nunc. Mauris venenatis, pede sed aliquet vehicula, lectus tellus pulvinar neque, non cursus sem nisi vel augue. sed aliquet vehicula, lectus tellus.</p>\r\n<p class=\"incr\">Vestibulum ante ipsum primis in faucibus orci luctus et ultrices posuere cubilia Curae; Cras ornare mattis nunc. Mauris venenatis, pede sed aliquet vehicula, lectus tellus pulvinar neque, non cursus sem nisi vel augue. sed aliquet vehicula, lectus tellus pulvinar neque, non cursus sem nisi vel augue. ipsum primis in faucibus orci luctus et ultrices posuere cubilia Curae; Cras ornare mattis nunc. Mauris venenatis, pede sed aliquet vehicula, lectus tellus pulvinar neque, non cursus sem nisi vel augue. sed aliquet vehicula, lectus tellus pulvinar neque, non cursus sem nisi vel augue.</p>',1,'atomic-sidebar',0,'0000-00-00 00:00:00','0000-00-00 00:00:00','0000-00-00 00:00:00',0,'mod_custom',1,0,'{\"prepare_content\":\"1\",\"layout\":\"\",\"moduleclass_sfx\":\"\",\"cache\":\"1\",\"cache_time\":\"900\",\"cachemode\":\"static\"}',0,'*'),(79,0,'Multilanguage status','','',1,'status',0,'0000-00-00 00:00:00','0000-00-00 00:00:00','0000-00-00 00:00:00',0,'mod_multilangstatus',3,1,'{\"layout\":\"_:default\",\"moduleclass_sfx\":\"\",\"cache\":\"0\"}',1,'*'),(84,0,'Smart Search Module','','',2,'',0,'0000-00-00 00:00:00','0000-00-00 00:00:00','0000-00-00 00:00:00',0,'mod_finder',1,1,'{\"searchfilter\":\"\",\"show_autosuggest\":\"1\",\"show_advanced\":\"0\",\"layout\":\"_:default\",\"moduleclass_sfx\":\"\",\"field_size\":20,\"alt_label\":\"\",\"show_label\":\"0\",\"label_pos\":\"top\",\"show_button\":\"0\",\"button_pos\":\"right\",\"opensearch\":\"1\",\"opensearch_title\":\"\"}',0,'*'),(86,0,'Joomla Version','','',1,'footer',0,'0000-00-00 00:00:00','0000-00-00 00:00:00','0000-00-00 00:00:00',1,'mod_version',3,1,'{\"format\":\"short\",\"product\":\"1\",\"layout\":\"_:default\",\"moduleclass_sfx\":\"\",\"cache\":\"0\"}',1,'*'),(90,391,'About us','','<p><img src=\"images/joomlart/corporate/sam-10.jpg\" alt=\"Sample image\" class=\"img-thumbnail\" /></p>\r\n\r\n<p>JoomlArt - your best provider for Joomla templates and Joomla extensions since 2006. </p>',1,'footer-2',0,'0000-00-00 00:00:00','0000-00-00 00:00:00','0000-00-00 00:00:00',0,'mod_custom',1,1,'{\"prepare_content\":\"0\",\"backgroundimage\":\"\",\"layout\":\"_:default\",\"moduleclass_sfx\":\"\",\"cache\":\"1\",\"cache_time\":\"900\",\"cachemode\":\"static\",\"module_tag\":\"div\",\"bootstrap_size\":\"0\",\"header_tag\":\"h3\",\"header_class\":\"\",\"style\":\"0\"}',0,'*'),(92,393,'Follow us','','<p>Didn\'t we got you connected? If not, blame us on not showing you earlier the following magic buttons:</p>\r\n<ul class=\"social-links\">\r\n<li><i class=\"fa fa-facebook-square\"></i> <a href=\"#\" title=\"Facebook\">Facebook</a></li>\r\n<li><i class=\"fa fa-twitter-square\"></i> <a href=\"#\" title=\"Twitter\">Twitter</a></li>\r\n<li><i class=\"fa  fa-google-plus-square\"></i> <a href=\"#\" title=\"Google plus\">Google plus</a></li>\r\n<li><i class=\"fa  fa-linkedin-square\"></i> <a href=\"#\" title=\"Linked-in\">Linked-in</a></li>\r\n</ul>',1,'footer-3',0,'0000-00-00 00:00:00','0000-00-00 00:00:00','0000-00-00 00:00:00',0,'mod_custom',1,1,'{\"prepare_content\":\"0\",\"backgroundimage\":\"\",\"layout\":\"_:default\",\"moduleclass_sfx\":\"\",\"cache\":\"1\",\"cache_time\":\"900\",\"cachemode\":\"static\",\"module_tag\":\"div\",\"bootstrap_size\":\"0\",\"header_tag\":\"h3\",\"header_class\":\"\",\"style\":\"0\"}',0,'*'),(93,399,'Contact us','','<div class=\"bs-example\">\r\n <address>\r\n  <strong>Company name</strong><br />\r\n        Address: 2411 Any Street, <br />\r\nAny Town, <br />\r\n        United Kingdom. <br />\r\n        <abbr title=\"Phone\">Phone:</abbr> +123 456 7890<br />\r\n        <abbr title=\"Phone\">Fax:</abbr> +123 456 7890<br />\r\n        <abbr title=\"Phone\">Mail to:</abbr><a href=\"mailto:#\"> first.last@example.com</a>\r\n</div>',1,'footer-4',0,'0000-00-00 00:00:00','0000-00-00 00:00:00','0000-00-00 00:00:00',0,'mod_custom',1,1,'{\"prepare_content\":\"0\",\"backgroundimage\":\"\",\"layout\":\"_:default\",\"moduleclass_sfx\":\"\",\"cache\":\"1\",\"cache_time\":\"900\",\"cachemode\":\"static\",\"module_tag\":\"div\",\"bootstrap_size\":\"0\",\"header_tag\":\"h3\",\"header_class\":\"\",\"style\":\"0\"}',0,'*'),(94,429,'T3','','<ul>\r\n<li><a href=\"http://www.joomlart.com/forums/downloads.php\">Download</a></li>\r\n<li><a href=\"#\">Release Announcement</a></li>\r\n<li><a href=\"#\">New Features</a></li>\r\n<li><a href=\"#\">Changelog and Details</a></li>\r\n<li><a href=\"#\">Migration FAQs</a></li>\r\n</ul>',1,'footer-5',0,'0000-00-00 00:00:00','0000-00-00 00:00:00','0000-00-00 00:00:00',0,'mod_custom',1,1,'{\"prepare_content\":\"0\",\"backgroundimage\":\"\",\"layout\":\"_:default\",\"moduleclass_sfx\":\"\",\"cache\":\"1\",\"cache_time\":\"900\",\"cachemode\":\"static\",\"module_tag\":\"div\",\"bootstrap_size\":\"0\",\"header_tag\":\"h3\",\"header_class\":\"\",\"style\":\"0\"}',0,'*'),(95,430,'JoomlArt','','<ul>\r\n<li><a href=\"http://wiki.joomlart.com/wiki/Main_Page\">JA Wiki</a></li>\r\n<li><a href=\"http://www.joomlart.com/joomla/templates-club\">Joomla! Themes</a></li>\r\n<li><a href=\"http://www.joomlart.com/magento/themes-club\">Magento Themes</a></li>\r\n<li><a href=\"http://www.joomlart.com/joomla/extensions-club\">Joomla! Extension</a></li>\r\n<li><a href=\"http://www.joomlart.com/member/contact.php\">Contact Us</a></li>\r\n</ul>',1,'footer-6',0,'0000-00-00 00:00:00','0000-00-00 00:00:00','0000-00-00 00:00:00',0,'mod_custom',1,1,'{\"prepare_content\":\"0\",\"backgroundimage\":\"\",\"layout\":\"_:default\",\"moduleclass_sfx\":\"\",\"cache\":\"1\",\"cache_time\":\"900\",\"cachemode\":\"static\",\"module_tag\":\"div\",\"bootstrap_size\":\"0\",\"header_tag\":\"h3\",\"header_class\":\"\",\"style\":\"0\"}',0,'*'),(96,213,'T3 Masthead 1','','<div class=\"jumbotron masthead\">\r\n    <h1>Welcome to T3</h1>\r\n    <p>The all new, modern and flexible framework from JoomlArt.</p>\r\n    <p><a class=\"btn btn-primary btn-lg\" href=\"http://www.joomlart.com/forums/downloads.php?do=cat&amp;id=460\"> Download <span class=\"hidden-phone\">T3 </span> </a></p>\r\n</div>',1,'home-1',0,'0000-00-00 00:00:00','0000-00-00 00:00:00','0000-00-00 00:00:00',0,'mod_custom',1,1,'{\"prepare_content\":\"0\",\"backgroundimage\":\"\",\"layout\":\"_:default\",\"moduleclass_sfx\":\"\",\"cache\":\"1\",\"cache_time\":\"900\",\"cachemode\":\"static\",\"module_tag\":\"div\",\"bootstrap_size\":\"0\",\"header_tag\":\"h3\",\"header_class\":\"\",\"style\":\"0\"}',0,'*'),(97,214,'T3 Introduction','','<img class=\"img-responsive\" src=\"images/joomlart/banners/t3-banner.png\" alt=\"T3 Framework\" />\r\n\r\n<div class=\"row\">\r\n\r\n<div class=\"col-xs-12 col-sm-4\">\r\n  <h2>The \"All New\" T3</h2>\r\n  <p>Support the latest Joomla 3, T3 hits the beat with the brand-new look, design approach and incredibly powerful customization feature.</p>\r\n </div>\r\n\r\n<div class=\"col-xs-12 col-sm-4\">\r\n  <h2>User Centric Design</h2>\r\n  <p>Sleek look, clean coding and elegant design make T3 a sophisticated and user-friendly theme, guarantee to catch the attention right on spot. </p>\r\n</div>\r\n\r\n<div class=\"col-xs-12 col-sm-4\">\r\n  <h2>Developer\'s Freedom</h2>\r\n  <p>Customize and style your theme in a click with the built-in tool developed for T3 only, cherish the endless flexibility it gives you.</p>\r\n</div>\r\n</div>',1,'home-2',0,'0000-00-00 00:00:00','0000-00-00 00:00:00','0000-00-00 00:00:00',0,'mod_custom',1,1,'{\"prepare_content\":\"0\",\"backgroundimage\":\"\",\"layout\":\"_:default\",\"moduleclass_sfx\":\"\",\"cache\":\"1\",\"cache_time\":\"900\",\"cachemode\":\"static\",\"module_tag\":\"div\",\"bootstrap_size\":\"0\",\"header_tag\":\"h3\",\"header_class\":\"\",\"style\":\"0\"}',0,'*'),(98,554,'T3 Features','','<header class=\"jumbotron\">\r\n<h1>Why Purity III?</h1>\r\n<p>A Free Responsive Joomla 3 Template can\'t go wrong</p>\r\n</header>\r\n\r\n<div class=\"row\">\r\n\r\n<div class=\"col-sm-6 col-md-3\">\r\n  <p><img src=\"images/joomlart/banners/responsive-icon.png\" alt=\"Reponsive\"></p>\r\n  <h2>Responsive</h2>\r\n  <p>Purity III is a fully responsive Joomla template. It looks amazingly beautiful in all screen sizes: from a wide screen desktop to tablet & mobile devices.</p>\r\n</div>\r\n\r\n<div class=\"col-sm-6 col-md-3\">\r\n  <p><img src=\"images/joomlart/banners/html5-icon.png\" alt=\"Compatibilities\"></p>\r\n  <h2>Compatibilities</h2>\r\n  <p>Purity III is compatible with most of the popular 3rd party Joomla extensions, such as: EasySocial, Kunena, JomSocial, Mijoshop, and more.</p>\r\n</div>\r\n\r\n<div class=\"col-sm-6 col-md-3\">\r\n  <p><img src=\"images/joomlart/banners/bootstrap-icon.png\" alt=\"Bootstrap 3\"></p>\r\n  <h2>Bootstrap 3</h2>\r\n  <p>Purity III embraces Bootstrap 3 at core, meaning it also supports Font Awesome 4, as well as all the cool features Bootstrap 3 Framework has.</p>\r\n</div>\r\n\r\n<div class=\"col-sm-6 col-md-3\">\r\n  <p><img src=\"images/joomlart/banners/seo-icon.png\" alt=\"SEO friendly\"></p>\r\n  <h2>SEO</h2>\r\n  <p>Great design impresses your visitors, but SEO friendly codes bring visitors, drive more <a href=\"http://www.google.com\" target=\"_blank\">Googlers</a> to yours while you\'re sleeping.</p>\r\n</div>\r\n\r\n</div>',1,'home-3',0,'0000-00-00 00:00:00','0000-00-00 00:00:00','0000-00-00 00:00:00',0,'mod_custom',1,1,'{\"prepare_content\":\"0\",\"backgroundimage\":\"\",\"layout\":\"_:default\",\"moduleclass_sfx\":\"\",\"cache\":\"1\",\"cache_time\":\"900\",\"cachemode\":\"static\",\"module_tag\":\"div\",\"bootstrap_size\":\"0\",\"header_tag\":\"h3\",\"header_class\":\"\",\"style\":\"0\"}',0,'*'),(99,0,'T3 Gallery','','<header class=\"jumbotron\">\r\n  <h1>T3 Gallery</h1>\r\n  <p>More to come. Stay tune :) !</p>\r\n</header>\r\n\r\n<div class=\"row\">\r\n  <div class=\"col-xs-6 col-sm-3\">\r\n    <a class=\"thumbnail\" href=\"http://www.joomlart.com/demo/#ja_obelisk\" title=\"JA Obelisk template\" target=\"_blank\">\r\n      <img class=\"img-responsive\" src=\"images/joomlart/thumbnails/thumb-1.png\" alt=\"JA Obelisk template\">\r\n    </a>\r\n  </div>\r\n  <div class=\"col-xs-6 col-sm-3\">\r\n    <a class=\"thumbnail\" href=\"http://www.joomlart.com/demo/#ja_magz\" title=\"JA Magz template\" target=\"_blank\">\r\n      <img class=\"img-responsive\" src=\"images/joomlart/thumbnails/thumb-2.png\" alt=\"JA Magz Template\">\r\n    </a>\r\n  </div>\r\n  <div class=\"col-xs-6 col-sm-3\">\r\n    <a class=\"thumbnail\" href=\"http://www.joomlart.com/demo/#ja_muzic\" title=\"JA Muzic Template\" target=\"_blank\">\r\n      <img class=\"img-responsive\" src=\"images/joomlart/thumbnails/thumb-3.png\" alt=\"JA Muzic Template\" target=\"_blank\">\r\n    </a>\r\n  </div>\r\n <div class=\"col-xs-6 col-sm-3\">\r\n    <a class=\"thumbnail\" href=\"http://www.joomlart.com/demo/#ja_fixel\" title=\"JA Fixel template\" target=\"_blank\">\r\n      <img class=\"img-responsive\" src=\"images/joomlart/thumbnails/thumb-4.png\" alt=\"JA Fixel Template\">\r\n    </a>\r\n  </div>\r\n</div>\r\n\r\n<div class=\"row\">\r\n  <div class=\"col-xs-6 col-sm-3\">\r\n    <a class=\"thumbnail\" href=\"http://www.joomlart.com/demo/#ja_beranis\" title=\"JA beranis template\" target=\"_blank\">\r\n      <img class=\"img-responsive\" src=\"images/joomlart/thumbnails/thumb-5.png\" alt=\"JA Beranis template\">\r\n    </a>\r\n  </div>\r\n  <div class=\"col-xs-6 col-sm-3\">\r\n    <a class=\"thumbnail\" href=\"http://www.joomlart.com/demo/#ja_smashboard\" title=\"JA Smashboard Template\" target=\"_blank\">\r\n      <img class=\"img-responsive\" src=\"images/joomlart/thumbnails/thumb-6.png\" alt=\"JA Smashboard Template\">\r\n    </a>\r\n  </div>\r\n  <div class=\"col-xs-6 col-sm-3\">\r\n    <a class=\"thumbnail\" href=\"http://www.joomlart.com/demo/#ja_hawkstore\" title=\"JA Hawstore template\"  target=\"_blank\">\r\n      <img class=\"img-responsive\" src=\"images/joomlart/thumbnails/thumb-7.png\" alt=\"JA Hawstore template\">\r\n    </a>\r\n  </div>\r\n  <div class=\"col-xs-6 col-sm-3\">\r\n    <a class=\"thumbnail\" href=\"http://www.joomlart.com/demo/#ja_fubix\" title=\"JA Fubix Template\"  target=\"_blank\">\r\n      <img class=\"img-responsive\" src=\"images/joomlart/thumbnails/thumb-8.png\" alt=\"JA Fubix Template\">\r\n    </a>\r\n  </div>\r\n</div>',1,'home-4',0,'0000-00-00 00:00:00','0000-00-00 00:00:00','0000-00-00 00:00:00',0,'mod_custom',1,1,'{\"prepare_content\":\"0\",\"backgroundimage\":\"\",\"layout\":\"_:default\",\"moduleclass_sfx\":\"\",\"cache\":\"1\",\"cache_time\":\"900\",\"cachemode\":\"static\",\"module_tag\":\"div\",\"bootstrap_size\":\"0\",\"header_tag\":\"h3\",\"header_class\":\"\",\"style\":\"0\"}',0,'*'),(100,0,'T3 Masthead 2','','<div class=\"jumbotron masthead\">\r\n  <span class=\"section-arrow-alt\"></span>\r\n  <h2>Want to be the first to try our new framework...</h2>\r\n  <p>\r\n    <a class=\"btn btn-primary btn-lg\" href=\"http://www.joomlart.com/forums/downloads.php?do=cat&amp;id=460\"> Download <span class=\"hidden-phone\">T3 </span> </a>\r\n  </p>\r\n</div>\r\n',1,'home-5',0,'0000-00-00 00:00:00','0000-00-00 00:00:00','0000-00-00 00:00:00',0,'mod_custom',1,1,'{\"prepare_content\":\"0\",\"backgroundimage\":\"\",\"layout\":\"_:default\",\"moduleclass_sfx\":\"\",\"cache\":\"1\",\"cache_time\":\"900\",\"cachemode\":\"static\",\"module_tag\":\"div\",\"bootstrap_size\":\"0\",\"header_tag\":\"h3\",\"header_class\":\"\",\"style\":\"0\"}',0,'*'),(101,406,'Built on T3 Framework','','<p>The powerful T3 Framework makes Purity III an extreme flexible for customization especially when it comes to layout configuration, and compatible with all the popular 3rd party extensions out there in the community.</p>',1,'position-1',0,'0000-00-00 00:00:00','0000-00-00 00:00:00','0000-00-00 00:00:00',0,'mod_custom',1,1,'{\"prepare_content\":\"0\",\"backgroundimage\":\"\",\"layout\":\"_:default\",\"moduleclass_sfx\":\"\",\"cache\":\"1\",\"cache_time\":\"900\",\"cachemode\":\"static\",\"module_tag\":\"div\",\"bootstrap_size\":\"0\",\"header_tag\":\"h3\",\"header_class\":\"\",\"style\":\"0\"}',0,'*'),(102,407,'Joomla 3 & Bootstrap 3','','<p>Purity III is compatible with Joomla 3.x and embraces Bootstrap 3 at core. Comes with all the outstanding cool features in Joomla 3.x core, as well as the changes and improvements Bootstrap 3 Framework has.</p>',1,'position-2',0,'0000-00-00 00:00:00','0000-00-00 00:00:00','0000-00-00 00:00:00',0,'mod_custom',1,1,'{\"prepare_content\":\"0\",\"backgroundimage\":\"\",\"layout\":\"_:default\",\"moduleclass_sfx\":\"\",\"cache\":\"1\",\"cache_time\":\"900\",\"cachemode\":\"static\",\"module_tag\":\"div\",\"bootstrap_size\":\"0\",\"header_tag\":\"h3\",\"header_class\":\"\",\"style\":\"0\"}',0,'*'),(103,408,'A Free Joomla template','','<p>Purity III is a fully responsive FREE Joomla template. It looks stunning on all screen sizes: from a wide screen to mobile devices. Definitely a responsive Joomla template you would never want to miss out for 2014, We promise.</p>\r\n',1,'position-3',0,'0000-00-00 00:00:00','0000-00-00 00:00:00','0000-00-00 00:00:00',0,'mod_custom',1,1,'{\"prepare_content\":\"0\",\"backgroundimage\":\"\",\"layout\":\"_:default\",\"moduleclass_sfx\":\"\",\"cache\":\"1\",\"cache_time\":\"900\",\"cachemode\":\"static\",\"module_tag\":\"div\",\"bootstrap_size\":\"0\",\"header_tag\":\"h3\",\"header_class\":\"\",\"style\":\"0\"}',0,'*'),(104,409,'Flat Design & Stunning Typo','','<p>Sleek look, clean coding and minimalism design, Purity is real flat both front-end and back-end. It is also packed with beautiful typography pages including: Support Policy and Pricing Table that indeed, will come in handy for anyone.</p>',1,'position-4',0,'0000-00-00 00:00:00','0000-00-00 00:00:00','0000-00-00 00:00:00',0,'mod_custom',1,1,'{\"prepare_content\":\"0\",\"backgroundimage\":\"\",\"layout\":\"_:default\",\"moduleclass_sfx\":\"\",\"cache\":\"1\",\"cache_time\":\"900\",\"cachemode\":\"static\",\"module_tag\":\"div\",\"bootstrap_size\":\"0\",\"header_tag\":\"h3\",\"header_class\":\"\",\"style\":\"0\"}',0,'*'),(105,0,'Position 5','','Curabitur orci hendrerit In rhoncus iaculis ut Quisque convallis sem egestas. Curabitur quis wisi id Fusce neque sem Cras id Curabitur eros. Velit nec tempus ligula sed penatibus dui habitasse tellus Lorem Sed. Elit condimentum dapibus Phasellus Nunc turpis tristique tincidunt ac orci at. Dapibus scelerisque.',1,'position-5',0,'0000-00-00 00:00:00','0000-00-00 00:00:00','0000-00-00 00:00:00',0,'mod_custom',1,1,'{\"prepare_content\":\"0\",\"backgroundimage\":\"\",\"layout\":\"_:default\",\"moduleclass_sfx\":\"\",\"cache\":\"1\",\"cache_time\":\"900\",\"cachemode\":\"static\",\"module_tag\":\"div\",\"bootstrap_size\":\"0\",\"header_tag\":\"h3\",\"header_class\":\"\",\"style\":\"0\"}',0,'*'),(106,0,'Position 6','','Curabitur orci hendrerit In rhoncus iaculis ut Quisque convallis sem egestas. Curabitur quis wisi id Fusce neque sem Cras id Curabitur eros. Velit nec tempus ligula sed penatibus dui habitasse tellus Lorem Sed. Elit condimentum dapibus Phasellus Nunc turpis tristique tincidunt ac orci at. Dapibus scelerisque.',1,'position-6',0,'0000-00-00 00:00:00','0000-00-00 00:00:00','0000-00-00 00:00:00',0,'mod_custom',1,1,'{\"prepare_content\":\"0\",\"backgroundimage\":\"\",\"layout\":\"_:default\",\"moduleclass_sfx\":\"\",\"cache\":\"1\",\"cache_time\":\"900\",\"cachemode\":\"static\",\"module_tag\":\"div\",\"bootstrap_size\":\"0\",\"header_tag\":\"h3\",\"header_class\":\"\",\"style\":\"0\"}',0,'*'),(107,0,'Position 7','','Curabitur orci hendrerit In rhoncus iaculis ut Quisque convallis sem egestas. Curabitur quis wisi id Fusce neque sem Cras id Curabitur eros. Velit nec tempus ligula sed penatibus dui habitasse tellus Lorem Sed. Elit condimentum dapibus Phasellus Nunc turpis tristique tincidunt ac orci at. Dapibus scelerisque.',1,'position-7',0,'0000-00-00 00:00:00','0000-00-00 00:00:00','0000-00-00 00:00:00',0,'mod_custom',1,1,'{\"prepare_content\":\"0\",\"backgroundimage\":\"\",\"layout\":\"_:default\",\"moduleclass_sfx\":\"\",\"cache\":\"1\",\"cache_time\":\"900\",\"cachemode\":\"static\",\"module_tag\":\"div\",\"bootstrap_size\":\"0\",\"header_tag\":\"h3\",\"header_class\":\"\",\"style\":\"0\"}',0,'*'),(108,0,'Position 8','','Curabitur orci hendrerit In rhoncus iaculis ut Quisque convallis sem egestas. Curabitur quis wisi id Fusce neque sem Cras id Curabitur eros. Velit nec tempus ligula sed penatibus dui habitasse tellus Lorem Sed. Elit condimentum dapibus Phasellus Nunc turpis tristique tincidunt ac orci at. Dapibus scelerisque.',1,'position-8',0,'0000-00-00 00:00:00','0000-00-00 00:00:00','0000-00-00 00:00:00',0,'mod_custom',1,1,'{\"prepare_content\":\"0\",\"backgroundimage\":\"\",\"layout\":\"_:default\",\"moduleclass_sfx\":\"\",\"cache\":\"1\",\"cache_time\":\"900\",\"cachemode\":\"static\",\"module_tag\":\"div\",\"bootstrap_size\":\"0\",\"header_tag\":\"h3\",\"header_class\":\"\",\"style\":\"0\"}',0,'*'),(112,578,'Purity III - The best free Joomla Template','','<p> </p>\r\n<a href=\"index.php/layout/new-layouts/features-intro\" title=\"Video\"><img src=\"images/joomlart/demo/video.png\" alt=\"Sample video\" /></a>\r\n<p> </p>\r\n<p>Sneakpeak on Purity III - the best free responsive Joomla template of all time!</p>\r\n',1,'',0,'0000-00-00 00:00:00','0000-00-00 00:00:00','0000-00-00 00:00:00',0,'mod_custom',1,1,'{\"prepare_content\":\"0\",\"backgroundimage\":\"\",\"layout\":\"_:default\",\"moduleclass_sfx\":\"\",\"cache\":\"1\",\"cache_time\":\"900\",\"cachemode\":\"static\",\"module_tag\":\"div\",\"bootstrap_size\":\"0\",\"header_tag\":\"h3\",\"header_class\":\"\",\"style\":\"0\"}',0,'*'),(113,319,'Demo Content','','',2,'sidebar-1',0,'0000-00-00 00:00:00','0000-00-00 00:00:00','0000-00-00 00:00:00',0,'mod_articles_category',1,1,'{\"mode\":\"dynamic\",\"show_on_article_page\":\"1\",\"show_front\":\"show\",\"count\":\"5\",\"category_filtering_type\":\"1\",\"catid\":[\"\",\"80\"],\"show_child_category_articles\":\"0\",\"levels\":\"1\",\"author_filtering_type\":\"1\",\"created_by\":[\"\"],\"author_alias_filtering_type\":\"1\",\"created_by_alias\":[\"\"],\"excluded_articles\":\"\",\"date_filtering\":\"off\",\"date_field\":\"a.created\",\"start_date_range\":\"\",\"end_date_range\":\"\",\"relative_date\":\"30\",\"article_ordering\":\"a.title\",\"article_ordering_direction\":\"ASC\",\"article_grouping\":\"none\",\"article_grouping_direction\":\"ksort\",\"month_year_format\":\"F Y\",\"link_titles\":\"1\",\"show_date\":\"0\",\"show_date_field\":\"created\",\"show_date_format\":\"Y-m-d H:i:s\",\"show_category\":\"0\",\"show_hits\":\"0\",\"show_author\":\"0\",\"show_introtext\":\"1\",\"introtext_limit\":\"100\",\"show_readmore\":\"0\",\"show_readmore_title\":\"1\",\"readmore_limit\":\"15\",\"layout\":\"_:default\",\"moduleclass_sfx\":\"\",\"owncache\":\"1\",\"cache_time\":\"900\",\"module_tag\":\"div\",\"bootstrap_size\":\"0\",\"header_tag\":\"h3\",\"header_class\":\"\",\"style\":\"0\"}',0,'*'),(114,207,'Main Menu','','',3,'off-canvas',0,'0000-00-00 00:00:00','2017-11-06 11:26:33','0000-00-00 00:00:00',0,'mod_menu',2,0,'{\"menutype\":\"mainmenu\",\"base\":\"\",\"startLevel\":\"1\",\"endLevel\":\"1\",\"showAllChildren\":\"0\",\"tag_id\":\"\",\"class_sfx\":\"\",\"window_open\":\"\",\"layout\":\"_:default\",\"moduleclass_sfx\":\"_menu\",\"cache\":\"1\",\"cache_time\":\"900\",\"cachemode\":\"itemid\",\"module_tag\":\"div\",\"bootstrap_size\":\"0\",\"header_tag\":\"h3\",\"header_class\":\"\",\"style\":\"0\"}',0,'*'),(119,220,'Product intro','','<p>Dui eu dolor Curabitur pellentesque pellentesque ligula quis et leo neque. Nibh vitae Nam sit eu felis mauris porttitor odio a est. Felis lacinia risus tempus Aenean sagittis tortor Nulla non mattis pharetra. Et vel semper eu tellus lacinia sed semper ac tristique Nulla. Enim vel mattis Nulla sit In Ut Curabitur nonummy suscipit ut. Et feugiat morbi metus tincidunt ante consectetuer nec rutrum nunc at. Tellus Lorem Lorem.</p>',1,'features-intro-1',0,'0000-00-00 00:00:00','0000-00-00 00:00:00','0000-00-00 00:00:00',0,'mod_custom',1,1,'{\"prepare_content\":\"0\",\"backgroundimage\":\"\",\"layout\":\"_:default\",\"moduleclass_sfx\":\" row-feature-primary\",\"cache\":\"1\",\"cache_time\":\"900\",\"cachemode\":\"static\",\"module_tag\":\"div\",\"bootstrap_size\":\"0\",\"header_tag\":\"h3\",\"header_class\":\"\",\"style\":\"0\"}',0,'*'),(120,221,'Fully Reponsive','','<div class=\"col-md-6 feature-ct pd-feature-ct\">\r\n  <h2>Fully Responsive</h2>\r\n  <p>T3 Framework is one of the first responsive Joomla frameworks template. It supports numbers of responsive layouts including: Wide, Normal, XTablet, Tablet and Mobile. </p>\r\n</div>\r\n<div class=\"col-md-6 feature-img pd-feature-img\">\r\n  <img src=\"http://joomlart.s3.amazonaws.com/images/jat3v3-documents/landing-page/responsive.png\" title=\"Fully responsive joomla framework\">\r\n</div>',2,'features-intro-1',0,'0000-00-00 00:00:00','0000-00-00 00:00:00','0000-00-00 00:00:00',0,'mod_custom',1,0,'{\"prepare_content\":\"0\",\"backgroundimage\":\"\",\"layout\":\"_:default\",\"moduleclass_sfx\":\" row-feature-alt\",\"cache\":\"1\",\"cache_time\":\"900\",\"cachemode\":\"static\",\"module_tag\":\"div\",\"bootstrap_size\":\"0\",\"header_tag\":\"h3\",\"header_class\":\"\",\"style\":\"0\"}',0,'*'),(121,222,'HTML5, Bootstrap and LESS','','<div class=\"col-md-6 feature-img pd-feature-img\">\r\n  <img src=\"http://joomlart.s3.amazonaws.com/images/jat3v3-documents/landing-page/html5_bootstrap.jpg\" title=\"HTML5 and Bootstrap\">\r\n</div>\r\n\r\n<div class=\"col-md-6 feature-ct pd-feature-ct\">    \r\n  <h2>HTML5, Bootstrap and LESS</h2>\r\n  <p>HTML 5 ensures web experience and visualization quality that benefits from rich markup and compatibility. With Bootstrap and LESS- the Dynamic Stylesheet language, you can standardize your grid, typography, and modules with less efforts. All are built in T3 Framework at core.</p>\r\n</div>\r\n',6,'features-intro-1',0,'0000-00-00 00:00:00','0000-00-00 00:00:00','0000-00-00 00:00:00',0,'mod_custom',1,0,'{\"prepare_content\":\"0\",\"backgroundimage\":\"\",\"layout\":\"_:default\",\"moduleclass_sfx\":\"\",\"cache\":\"1\",\"cache_time\":\"900\",\"cachemode\":\"static\",\"module_tag\":\"div\",\"bootstrap_size\":\"0\",\"header_tag\":\"h3\",\"header_class\":\"\",\"style\":\"0\"}',0,'*'),(141,250,'2 starter themes','',' <div class=\"col-md-6 feature-ct pd-feature-ct\">\r\n  <h2>2 starter themes</h2>\r\n  <p>T3 Framework comes with 2 starter themes: the usual T3 Blank template (Bootstrap 2 T3 Blank template) and the new T3 B3 Blank (Bootstrap 3 T3 Blank template). Both looks amazingly stunning on any devices. </p>\r\n </div>\r\n\r\n<div class=\"col-md-6 feature-img\">\r\n  <img src=\"http://joomlart.s3.amazonaws.com/images/jat3v3-documents/landing-page/2-starter-theme.jpg\" title=\"2 starter themes\">\r\n</div>\r\n',3,'features-intro-1',0,'0000-00-00 00:00:00','0000-00-00 00:00:00','0000-00-00 00:00:00',0,'mod_custom',1,0,'{\"prepare_content\":\"0\",\"backgroundimage\":\"\",\"layout\":\"_:default\",\"moduleclass_sfx\":\"\",\"cache\":\"1\",\"cache_time\":\"900\",\"cachemode\":\"static\",\"module_tag\":\"div\",\"bootstrap_size\":\"0\",\"header_tag\":\"h3\",\"header_class\":\"\",\"style\":\"0\"}',0,'*'),(142,251,'Flat design','','<div class=\"col-md-6 feature-img\">\r\n<img src=\"http://joomlart.s3.amazonaws.com/images/jat3v3-documents/landing-page/flat_design.jpg\" title=\"Flat design\">\r\n</div>\r\n\r\n<div class=\"col-md-6 feature-ct pd-feature-ct\">\r\n<h2>Flat design</h2>\r\n<p>The T3 Framework 2.0.0 is real Flat, both Front-page and back-end setting panel. It deverses a clean layout and typography.</p>\r\n</div>',4,'features-intro-1',0,'0000-00-00 00:00:00','0000-00-00 00:00:00','0000-00-00 00:00:00',0,'mod_custom',1,0,'{\"prepare_content\":\"0\",\"backgroundimage\":\"\",\"layout\":\"_:default\",\"moduleclass_sfx\":\" row-feature-alt\",\"cache\":\"1\",\"cache_time\":\"900\",\"cachemode\":\"static\",\"module_tag\":\"div\",\"bootstrap_size\":\"0\",\"header_tag\":\"h3\",\"header_class\":\"\",\"style\":\"0\"}',0,'*'),(143,252,'Megamenu and Off-canvas','','<div class=\"col-md-6 feature-ct pd-feature-ct\">\r\n<h2>Megamenu and Off-canvas</h2>\r\n<p>Megamenu and Off-canvas are highlight features in T3 Framework. It allows you to build up a powerful menu system and you are full control.</p>\r\n</div>\r\n\r\n<div class=\"col-md-6 feature-img\">\r\n<img src=\"http://joomlart.s3.amazonaws.com/images/jat3v3-documents/landing-page/megamenu_offcanvas.png\" title=\"megamenu and off-canvas\">\r\n</div>\r\n',5,'features-intro-1',0,'0000-00-00 00:00:00','0000-00-00 00:00:00','0000-00-00 00:00:00',0,'mod_custom',1,0,'{\"prepare_content\":\"0\",\"backgroundimage\":\"\",\"layout\":\"_:default\",\"moduleclass_sfx\":\"\",\"cache\":\"1\",\"cache_time\":\"900\",\"cachemode\":\"static\",\"module_tag\":\"div\",\"bootstrap_size\":\"0\",\"header_tag\":\"h3\",\"header_class\":\"\",\"style\":\"0\"}',0,'*'),(163,345,'Blog Categories','','',11,'sidebar-2',0,'0000-00-00 00:00:00','0000-00-00 00:00:00','0000-00-00 00:00:00',0,'mod_articles_categories',1,1,'{\"parent\":\"87\",\"show_description\":\"0\",\"numitems\":\"0\",\"show_children\":\"0\",\"count\":\"0\",\"maxlevel\":\"0\",\"layout\":\"_:default\",\"item_heading\":\"4\",\"moduleclass_sfx\":\"\",\"owncache\":\"1\",\"cache_time\":\"900\",\"module_tag\":\"div\",\"bootstrap_size\":\"0\",\"header_tag\":\"h3\",\"header_class\":\"\",\"style\":\"0\"}',0,'*'),(165,348,'Blog Tags','','',20,'sidebar-2',0,'0000-00-00 00:00:00','0000-00-00 00:00:00','0000-00-00 00:00:00',0,'mod_tags_popular',1,1,'{\"maximum\":\"10\",\"timeframe\":\"alltime\",\"order_value\":\"count\",\"order_direction\":\"1\",\"display_count\":1,\"no_results_text\":\"0\",\"minsize\":1,\"maxsize\":2,\"layout\":\"_:cloud\",\"moduleclass_sfx\":\"\",\"owncache\":\"1\",\"module_tag\":\"div\",\"bootstrap_size\":\"0\",\"header_tag\":\"h3\",\"header_class\":\"\",\"style\":\"0\"}',0,'*'),(166,349,'Important Articles ','','',10,'sidebar-2',0,'0000-00-00 00:00:00','0000-00-00 00:00:00','0000-00-00 00:00:00',0,'mod_articles_category',1,1,'{\"mode\":\"normal\",\"show_on_article_page\":\"1\",\"show_front\":\"show\",\"count\":\"5\",\"category_filtering_type\":\"1\",\"catid\":[\"94\",\"95\",\"96\",\"97\"],\"show_child_category_articles\":\"0\",\"levels\":\"2\",\"author_filtering_type\":\"1\",\"author_alias_filtering_type\":\"1\",\"created_by_alias\":[\"Joomla\"],\"excluded_articles\":\"\",\"date_filtering\":\"off\",\"date_field\":\"a.created\",\"start_date_range\":\"\",\"end_date_range\":\"\",\"relative_date\":\"30\",\"article_ordering\":\"a.title\",\"article_ordering_direction\":\"ASC\",\"article_grouping\":\"none\",\"article_grouping_direction\":\"ksort\",\"month_year_format\":\"F Y\",\"link_titles\":\"1\",\"show_date\":\"0\",\"show_date_field\":\"created\",\"show_date_format\":\"Y-m-d H:i:s\",\"show_category\":\"0\",\"show_hits\":\"0\",\"show_author\":\"0\",\"show_introtext\":\"0\",\"introtext_limit\":\"100\",\"show_readmore\":\"0\",\"show_readmore_title\":\"1\",\"readmore_limit\":\"15\",\"layout\":\"_:default\",\"moduleclass_sfx\":\"\",\"owncache\":\"1\",\"cache_time\":\"900\",\"module_tag\":\"div\",\"bootstrap_size\":\"0\",\"header_tag\":\"h3\",\"header_class\":\"\",\"style\":\"0\"}',0,'*'),(167,354,'Magazine - Articles','','',1,'magazine-articles',0,'0000-00-00 00:00:00','0000-00-00 00:00:00','0000-00-00 00:00:00',0,'mod_articles_categories',1,1,'{\"parent\":\"85\",\"show_description\":\"0\",\"numitems\":\"0\",\"show_children\":\"0\",\"count\":\"0\",\"maxlevel\":\"0\",\"layout\":\"purity_iii:magazine\",\"item_heading\":\"4\",\"moduleclass_sfx\":\"\",\"owncache\":\"1\",\"cache_time\":\"900\",\"module_tag\":\"div\",\"bootstrap_size\":\"0\",\"header_tag\":\"h3\",\"header_class\":\"\",\"style\":\"0\",\"extra-count\":\"4\",\"extra-show-subcat\":\"0\"}',0,'*'),(168,362,'Magazine - Other articles','','',1,'after-content',0,'0000-00-00 00:00:00','0000-00-00 00:00:00','0000-00-00 00:00:00',0,'mod_articles_category',1,1,'{\"mode\":\"dynamic\",\"show_on_article_page\":\"1\",\"show_front\":\"show\",\"count\":\"8\",\"category_filtering_type\":\"1\",\"catid\":[\"85\"],\"show_child_category_articles\":\"1\",\"levels\":\"2\",\"author_filtering_type\":\"1\",\"created_by\":[\"\"],\"author_alias_filtering_type\":\"1\",\"created_by_alias\":[\"\"],\"excluded_articles\":\"\",\"date_filtering\":\"off\",\"date_field\":\"a.created\",\"start_date_range\":\"\",\"end_date_range\":\"\",\"relative_date\":\"30\",\"article_ordering\":\"a.title\",\"article_ordering_direction\":\"ASC\",\"article_grouping\":\"none\",\"article_grouping_direction\":\"ksort\",\"month_year_format\":\"F Y\",\"link_titles\":\"1\",\"show_date\":\"1\",\"show_date_field\":\"created\",\"show_date_format\":\"Y-m-d H:i:s\",\"show_category\":\"0\",\"show_hits\":\"1\",\"show_author\":\"1\",\"show_introtext\":\"0\",\"introtext_limit\":\"100\",\"show_readmore\":\"0\",\"show_readmore_title\":\"1\",\"readmore_limit\":\"15\",\"layout\":\"_:default\",\"moduleclass_sfx\":\"\",\"owncache\":\"1\",\"cache_time\":\"900\",\"module_tag\":\"div\",\"bootstrap_size\":\"0\",\"header_tag\":\"h3\",\"header_class\":\"\",\"style\":\"0\"}',0,'*'),(177,373,'How we work','','<p><img src=\"images/joomlart/corporate/sam-1.jpg\" alt=\"Sample image\" class=\"img-responsive\" /></p>\r\n<h3>At the first glance</h3>\r\n<p>T3 Framework. Joomla 3. Bootstrap 3.  Responsive. Customizable. Multi-style. Flat and typographic design.</p>',1,'position-1',0,'0000-00-00 00:00:00','0000-00-00 00:00:00','0000-00-00 00:00:00',0,'mod_custom',1,0,'{\"prepare_content\":\"0\",\"backgroundimage\":\"\",\"layout\":\"_:default\",\"moduleclass_sfx\":\"\",\"cache\":\"1\",\"cache_time\":\"900\",\"cachemode\":\"static\",\"module_tag\":\"div\",\"bootstrap_size\":\"0\",\"header_tag\":\"h3\",\"header_class\":\"\",\"style\":\"0\"}',0,'*'),(178,374,'Success Stories','','<p><img src=\"images/joomlart/corporate/sam-2.jpg\" alt=\"Sample image 2\" class=\"img-responsive\" /></p>\r\n<h3>Purity Series Stories </h3>\r\n<p>2007: Purity, default Joomla template.\r\n<br>2009: free Joomla template JA Purity II.\r\n<br>2014: it\'s Purity III\'s time to rock.</p>',1,'position-2',0,'0000-00-00 00:00:00','0000-00-00 00:00:00','0000-00-00 00:00:00',0,'mod_custom',1,0,'{\"prepare_content\":\"0\",\"backgroundimage\":\"\",\"layout\":\"_:default\",\"moduleclass_sfx\":\"\",\"cache\":\"1\",\"cache_time\":\"900\",\"cachemode\":\"static\",\"module_tag\":\"div\",\"bootstrap_size\":\"0\",\"header_tag\":\"h3\",\"header_class\":\"\",\"style\":\"0\"}',0,'*'),(179,375,'Let\'s connect','','<p><img src=\"images/joomlart/corporate/sam-3.jpg\" alt=\"Sample image\" class=\"img-responsive\" /></p>\r\n<h3>What\'s more?</h3>\r\n<p><strong>Purity III</strong> is ready for numerous of the most pupular 3rd party extensions in the market! And the list is yet to complete.</p>',1,'position-4',0,'0000-00-00 00:00:00','0000-00-00 00:00:00','0000-00-00 00:00:00',0,'mod_custom',1,0,'{\"prepare_content\":\"0\",\"backgroundimage\":\"\",\"layout\":\"_:default\",\"moduleclass_sfx\":\"\",\"cache\":\"1\",\"cache_time\":\"900\",\"cachemode\":\"static\",\"module_tag\":\"div\",\"bootstrap_size\":\"0\",\"header_tag\":\"h3\",\"header_class\":\"\",\"style\":\"0\"}',0,'*'),(181,377,'Slideshow','','<div class=\"container\">\r\n\r\n<div id=\"carousel-example-generic\" class=\"carousel slide\" data-ride=\"carousel\">\r\n  <!-- Indicators -->\r\n  <ol class=\"carousel-indicators\">\r\n    <li data-target=\"#carousel-example-generic\" data-slide-to=\"0\" class=\"active\"></li>\r\n    <li data-target=\"#carousel-example-generic\" data-slide-to=\"1\"></li>\r\n    <li data-target=\"#carousel-example-generic\" data-slide-to=\"2\"></li>\r\n  </ol>\r\n\r\n  <!-- Wrapper for slides -->\r\n  <div class=\"carousel-inner\">\r\n\r\n    <div class=\"item active\">\r\n     <img src=\"images/joomlart/slideshow/sl-1.jpg\" alt=\"Sample image\" />\r\n      <div class=\"carousel-caption\">\r\n      <h2>Your perfect starting template, Purity III</h2>\r\n      <p>Either it\'s your first time with Joomla or you are a developer already, Purity III won\'t let you down.</p>\r\n     </div>\r\n    </div>\r\n\r\n    <div class=\"item\">\r\n      <img src=\"images/joomlart/slideshow/sl-2.jpg\" alt=\"Sample image\" />\r\n      <div class=\"carousel-caption\">\r\n      <h2>This is the best FREE Joomla 3 template!</h2>\r\n      <p>We have drunken too much of the best… but this repsonsive Joomla template truly is, and IT\'S FREE!</p>\r\n     </div>\r\n    </div>\r\n    <div class=\"item\">\r\n      <img src=\"images/joomlart/slideshow/sl-3.jpg\" alt=\"Sample image\" />\r\n      <div class=\"carousel-caption\">\r\n      <h2>The next generation of Purity series</h2>\r\n      <p>Sophisticated in Design, Brilliant in Features. That\'s how we define Purity Series.</p>\r\n     </div>\r\n    </div>\r\n  </div>\r\n\r\n  <!-- Controls -->\r\n  <a class=\"left carousel-control\" href=\"#carousel-example-generic\" data-slide=\"prev\">\r\n    <span class=\"glyphicon glyphicon-chevron-left\"></span>\r\n  </a>\r\n  <a class=\"right carousel-control\" href=\"#carousel-example-generic\" data-slide=\"next\">\r\n    <span class=\"glyphicon glyphicon-chevron-right\"></span>\r\n  </a>\r\n</div>\r\n\r\n</div>',1,'slideshow',0,'0000-00-00 00:00:00','0000-00-00 00:00:00','0000-00-00 00:00:00',0,'mod_custom',1,1,'{\"prepare_content\":\"0\",\"backgroundimage\":\"\",\"layout\":\"_:default\",\"moduleclass_sfx\":\"\",\"cache\":\"1\",\"cache_time\":\"900\",\"cachemode\":\"static\",\"module_tag\":\"div\",\"bootstrap_size\":\"0\",\"header_tag\":\"h3\",\"header_class\":\"\",\"style\":\"0\"}',0,'*'),(182,387,'Testimonials','','<div class=\"well\" style=\"margin-bottom: 0;\">\r\n<blockquote style=\"margin-bottom: 0;\">\r\n  <p>I\'m in need of a FREE responsive Joomla template, which definitely has to be on T3 Framework. Something easy to customize, powerful in functions, quick to set it up, something to write blog and post news at the same time. Now I\'ve got Purity III. Totally satisfied.</p>\r\n  <small>Melisa Monroe in <cite title=\"Source Title\">Somewhere over Joomla world</cite></small>\r\n</blockquote>\r\n</div>\r\n',1,'position-5',0,'0000-00-00 00:00:00','0000-00-00 00:00:00','0000-00-00 00:00:00',0,'mod_custom',1,0,'{\"prepare_content\":\"0\",\"backgroundimage\":\"\",\"layout\":\"_:default\",\"moduleclass_sfx\":\"\",\"cache\":\"1\",\"cache_time\":\"900\",\"cachemode\":\"static\",\"module_tag\":\"div\",\"bootstrap_size\":\"0\",\"header_tag\":\"h3\",\"header_class\":\"\",\"style\":\"0\"}',0,'*'),(183,388,'Business Joomla template','','<p><img src=\"images/joomlart/corporate/sam-6.jpg\" alt=\"Sample image\" class=\"img-thumbnail\" /></p>\r\n<p>This is how your eCommerce Joomla template looks with Purity III. </p>',1,'position-9',0,'0000-00-00 00:00:00','0000-00-00 00:00:00','0000-00-00 00:00:00',0,'mod_custom',1,1,'{\"prepare_content\":\"0\",\"backgroundimage\":\"\",\"layout\":\"_:default\",\"moduleclass_sfx\":\"\",\"cache\":\"1\",\"cache_time\":\"900\",\"cachemode\":\"static\",\"module_tag\":\"div\",\"bootstrap_size\":\"0\",\"header_tag\":\"h3\",\"header_class\":\"\",\"style\":\"0\"}',0,'*'),(184,389,'Blog Joomla template','','<p><img src=\"images/joomlart/corporate/sam-7.jpg\" alt=\"Sample image\" class=\"img-thumbnail\" /></p>\r\n<p> This is how your Joomla template for personal blog looks with Purity III.</p>',1,'position-10',0,'0000-00-00 00:00:00','0000-00-00 00:00:00','0000-00-00 00:00:00',0,'mod_custom',1,1,'{\"prepare_content\":\"0\",\"backgroundimage\":\"\",\"layout\":\"_:default\",\"moduleclass_sfx\":\"\",\"cache\":\"1\",\"cache_time\":\"900\",\"cachemode\":\"static\",\"module_tag\":\"div\",\"bootstrap_size\":\"0\",\"header_tag\":\"h3\",\"header_class\":\"\",\"style\":\"0\"}',0,'*'),(185,390,'News Joomla template','','<p><img src=\"images/joomlart/corporate/sam-8.jpg\" alt=\"Sample image\" class=\"img-thumbnail\" /></p>\r\n\r\n<p> This is how your Joomla template for news looks with Purity III. </p>',1,'position-11',0,'0000-00-00 00:00:00','0000-00-00 00:00:00','0000-00-00 00:00:00',0,'mod_custom',1,1,'{\"prepare_content\":\"0\",\"backgroundimage\":\"\",\"layout\":\"_:default\",\"moduleclass_sfx\":\"\",\"cache\":\"1\",\"cache_time\":\"900\",\"cachemode\":\"static\",\"module_tag\":\"div\",\"bootstrap_size\":\"0\",\"header_tag\":\"h3\",\"header_class\":\"\",\"style\":\"0\"}',0,'*'),(189,397,'Why we do it','','<p><img src=\"images/joomlart/corporate/sam-4.jpg\" alt=\"Sample image\" class=\"img-responsive\" /></p>\r\n<h3>How this rocks</h3>\r\n<p>With this free Joomla template, you can create a whole fresh site in 5 minutes. Woo hoo!</p>',1,'position-3',0,'0000-00-00 00:00:00','0000-00-00 00:00:00','0000-00-00 00:00:00',0,'mod_custom',1,0,'{\"prepare_content\":\"0\",\"backgroundimage\":\"\",\"layout\":\"_:default\",\"moduleclass_sfx\":\"\",\"cache\":\"1\",\"cache_time\":\"900\",\"cachemode\":\"static\",\"module_tag\":\"div\",\"bootstrap_size\":\"0\",\"header_tag\":\"h3\",\"header_class\":\"\",\"style\":\"0\"}',0,'*'),(190,398,'Portfolio Joomla template','','<p><img src=\"images/joomlart/corporate/sam-9.jpg\" alt=\"Sample image\" class=\"img-thumbnail\" /></p>\r\n\r\n<p>This is how your Joomla template for portfolio looks with Purity III.</p>',1,'position-12',0,'0000-00-00 00:00:00','0000-00-00 00:00:00','0000-00-00 00:00:00',0,'mod_custom',1,1,'{\"prepare_content\":\"0\",\"backgroundimage\":\"\",\"layout\":\"_:default\",\"moduleclass_sfx\":\"\",\"cache\":\"1\",\"cache_time\":\"900\",\"cachemode\":\"static\",\"module_tag\":\"div\",\"bootstrap_size\":\"0\",\"header_tag\":\"h3\",\"header_class\":\"\",\"style\":\"0\"}',0,'*'),(191,400,'Blog post','','',1,'footer-1',0,'0000-00-00 00:00:00','0000-00-00 00:00:00','0000-00-00 00:00:00',0,'mod_articles_category',1,1,'{\"mode\":\"normal\",\"show_on_article_page\":\"1\",\"show_front\":\"show\",\"count\":\"3\",\"category_filtering_type\":\"1\",\"catid\":[\"94\",\"95\",\"96\",\"97\"],\"show_child_category_articles\":\"0\",\"levels\":\"3\",\"author_filtering_type\":\"1\",\"created_by\":[\"\"],\"author_alias_filtering_type\":\"1\",\"created_by_alias\":[\"\"],\"excluded_articles\":\"\",\"date_filtering\":\"off\",\"date_field\":\"a.created\",\"start_date_range\":\"\",\"end_date_range\":\"\",\"relative_date\":\"30\",\"article_ordering\":\"a.title\",\"article_ordering_direction\":\"ASC\",\"article_grouping\":\"none\",\"article_grouping_direction\":\"ksort\",\"month_year_format\":\"F Y\",\"link_titles\":\"1\",\"show_date\":\"0\",\"show_date_field\":\"created\",\"show_date_format\":\"Y-m-d H:i:s\",\"show_category\":\"0\",\"show_hits\":\"0\",\"show_author\":\"0\",\"show_introtext\":\"0\",\"introtext_limit\":\"100\",\"show_readmore\":\"0\",\"show_readmore_title\":\"1\",\"readmore_limit\":\"15\",\"layout\":\"_:default\",\"moduleclass_sfx\":\"\",\"owncache\":\"1\",\"cache_time\":\"900\",\"module_tag\":\"div\",\"bootstrap_size\":\"0\",\"header_tag\":\"h3\",\"header_class\":\"\",\"style\":\"0\"}',0,'*'),(192,403,'Popular post','','',1,'tab-2',0,'0000-00-00 00:00:00','0000-00-00 00:00:00','0000-00-00 00:00:00',0,'mod_articles_category',1,0,'{\"mode\":\"normal\",\"show_on_article_page\":\"1\",\"show_front\":\"show\",\"count\":\"5\",\"category_filtering_type\":\"1\",\"catid\":[\"90\",\"89\",\"91\",\"92\",\"93\"],\"show_child_category_articles\":\"0\",\"levels\":\"1\",\"author_filtering_type\":\"1\",\"created_by\":[\"\"],\"author_alias_filtering_type\":\"1\",\"created_by_alias\":[\"\"],\"excluded_articles\":\"\",\"date_filtering\":\"off\",\"date_field\":\"a.created\",\"start_date_range\":\"\",\"end_date_range\":\"\",\"relative_date\":\"30\",\"article_ordering\":\"a.hits\",\"article_ordering_direction\":\"ASC\",\"article_grouping\":\"none\",\"article_grouping_direction\":\"ksort\",\"month_year_format\":\"F Y\",\"link_titles\":\"1\",\"show_date\":\"1\",\"show_date_field\":\"created\",\"show_date_format\":\"Y-m-d H:i:s\",\"show_category\":\"1\",\"show_hits\":\"0\",\"show_author\":\"0\",\"show_introtext\":\"0\",\"introtext_limit\":\"100\",\"show_readmore\":\"0\",\"show_readmore_title\":\"1\",\"readmore_limit\":\"15\",\"layout\":\"_:default\",\"moduleclass_sfx\":\"\",\"owncache\":\"1\",\"cache_time\":\"900\",\"module_tag\":\"div\",\"bootstrap_size\":\"0\",\"header_tag\":\"h3\",\"header_class\":\"\",\"style\":\"0\"}',0,'*'),(193,404,'Sample Banner 1','','<a href=\"#\" title=\"Sample banner\"><img class=\"img-responsive\" src=\"images/joomlart/banners/sb-1.jpg\" alt=\"Sample banner\" /></a>',13,'sidebar-2',42,'2015-03-24 08:53:26','0000-00-00 00:00:00','0000-00-00 00:00:00',0,'mod_custom',1,0,'{\"prepare_content\":\"0\",\"backgroundimage\":\"\",\"layout\":\"_:default\",\"moduleclass_sfx\":\"\",\"cache\":\"1\",\"cache_time\":\"900\",\"cachemode\":\"static\",\"module_tag\":\"div\",\"bootstrap_size\":\"0\",\"header_tag\":\"h3\",\"header_class\":\"\",\"style\":\"0\"}',0,'*'),(194,405,'Custom tabs','','<!-- Nav tabs -->\r\n<ul class=\"nav nav-tabs\">\r\n  <li class=\"active\"><a href=\"#popular\" data-toggle=\"tab\">Latest post</a></li>\r\n  <li><a href=\"#latest\" data-toggle=\"tab\">Most read</a></li>\r\n</ul>\r\n\r\n<!-- Tab panes -->\r\n<div class=\"tab-content\">\r\n  <div class=\"tab-pane active\" id=\"popular\">{loadposition tab-1}</div>\r\n  <div class=\"tab-pane\" id=\"latest\">{loadposition tab-2}</div>\r\n</div>\r\n',14,'sidebar-2',0,'0000-00-00 00:00:00','0000-00-00 00:00:00','0000-00-00 00:00:00',0,'mod_custom',1,0,'{\"prepare_content\":\"1\",\"backgroundimage\":\"\",\"layout\":\"_:default\",\"moduleclass_sfx\":\"\",\"cache\":\"1\",\"cache_time\":\"900\",\"cachemode\":\"static\",\"module_tag\":\"div\",\"bootstrap_size\":\"0\",\"header_tag\":\"h3\",\"header_class\":\"\",\"style\":\"0\"}',0,'*'),(195,411,'Most read','','',1,'tab-1',0,'0000-00-00 00:00:00','0000-00-00 00:00:00','0000-00-00 00:00:00',0,'mod_articles_category',1,0,'{\"mode\":\"normal\",\"show_on_article_page\":\"1\",\"show_front\":\"show\",\"count\":\"5\",\"category_filtering_type\":\"1\",\"catid\":[\"90\",\"89\",\"91\",\"92\",\"93\"],\"show_child_category_articles\":\"0\",\"levels\":\"1\",\"author_filtering_type\":\"1\",\"created_by\":[\"\"],\"author_alias_filtering_type\":\"1\",\"created_by_alias\":[\"\"],\"excluded_articles\":\"\",\"date_filtering\":\"off\",\"date_field\":\"a.created\",\"start_date_range\":\"\",\"end_date_range\":\"\",\"relative_date\":\"30\",\"article_ordering\":\"a.created\",\"article_ordering_direction\":\"ASC\",\"article_grouping\":\"none\",\"article_grouping_direction\":\"ksort\",\"month_year_format\":\"F Y\",\"link_titles\":\"1\",\"show_date\":\"1\",\"show_date_field\":\"created\",\"show_date_format\":\"Y-m-d H:i:s\",\"show_category\":\"1\",\"show_hits\":\"0\",\"show_author\":\"0\",\"show_introtext\":\"0\",\"introtext_limit\":\"100\",\"show_readmore\":\"0\",\"show_readmore_title\":\"1\",\"readmore_limit\":\"15\",\"layout\":\"_:default\",\"moduleclass_sfx\":\"\",\"owncache\":\"1\",\"cache_time\":\"900\",\"module_tag\":\"div\",\"bootstrap_size\":\"0\",\"header_tag\":\"h3\",\"header_class\":\"\",\"style\":\"0\"}',0,'*'),(196,414,'Joomla','','<ul>\r\n<li><a href=\"#\" title=\"Joomla template\">Joomla template</a></li>\r\n<li><a href=\"#\" title=\"Joomla extension\">Joomla extension</a></li>\r\n<li><a href=\"#\" title=\"Joomla module\">Joomla module</a></li>\r\n<li><a href=\"#\" title=\"Joomla plugin\">Joomla plugin</a></li>\r\n<li><a href=\"#\" title=\"Joomla 3 template\">Joomla 3 template</a></li>\r\n</ul>',1,'footer-1',0,'0000-00-00 00:00:00','0000-00-00 00:00:00','0000-00-00 00:00:00',0,'mod_custom',1,1,'{\"prepare_content\":\"0\",\"backgroundimage\":\"\",\"layout\":\"_:default\",\"moduleclass_sfx\":\"\",\"cache\":\"1\",\"cache_time\":\"900\",\"cachemode\":\"static\",\"module_tag\":\"div\",\"bootstrap_size\":\"0\",\"header_tag\":\"h3\",\"header_class\":\"\",\"style\":\"0\"}',0,'*'),(197,415,'Bootstrap 3','','<ul>\r\n<li><a href=\"#\" title=\"Joomla\">Joomla</a></li>\r\n<li><a href=\"#\" title=\"Bootstrap\">Bootstrap</a></li>\r\n<li><a href=\"#\" title=\"Joomla 2.5\">Joomla 2.5</a></li>\r\n<li><a href=\"#\" title=\"Joomla 3.2\">Joomla 3.2</a></li>\r\n<li><a href=\"#\" title=\"T3 framework template\">T3 framework template</a></li>\r\n</ul>',1,'footer-3',0,'0000-00-00 00:00:00','0000-00-00 00:00:00','0000-00-00 00:00:00',0,'mod_custom',1,1,'{\"prepare_content\":\"0\",\"backgroundimage\":\"\",\"layout\":\"_:default\",\"moduleclass_sfx\":\"\",\"cache\":\"1\",\"cache_time\":\"900\",\"cachemode\":\"static\",\"module_tag\":\"div\",\"bootstrap_size\":\"0\",\"header_tag\":\"h3\",\"header_class\":\"\",\"style\":\"0\"}',0,'*'),(198,416,'Framework','','<ul>\r\n<li><a href=\"#\" title=\"T3 template\">T3 template</a></li>\r\n<li><a href=\"#\" title=\"T3 Framework\">T3 Framework</a></li>\r\n<li><a href=\"#\" title=\"Joomla framework\">Joomla framework</a></li>\r\n<li><a href=\"#\" title=\"Template framework\">Template framework</a></li>\r\n\r\n<li><a href=\"#\" title=\"Responsive template\">Responsive template</a></li>\r\n</ul>',1,'footer-2',0,'0000-00-00 00:00:00','0000-00-00 00:00:00','0000-00-00 00:00:00',0,'mod_custom',1,1,'{\"prepare_content\":\"0\",\"backgroundimage\":\"\",\"layout\":\"_:default\",\"moduleclass_sfx\":\"\",\"cache\":\"1\",\"cache_time\":\"900\",\"cachemode\":\"static\",\"module_tag\":\"div\",\"bootstrap_size\":\"0\",\"header_tag\":\"h3\",\"header_class\":\"\",\"style\":\"0\"}',0,'*'),(199,417,'Typography','','<ul>\r\n<li><a href=\"#\" title=\"Responsive\">Responsive</a></li>\r\n<li><a href=\"#\" title=\"Font Awesome 4\">Font Awesome 4</a></li>\r\n<li><a href=\"#\" title=\"Multiple layouts\">Multiple layouts</a></li>\r\n<li><a href=\"#\" title=\"Multiple layouts\">Multiple layouts</a></li>\r\n<li><a href=\"#\" title=\"Compatible Extensions\">Compatible Extensions</a></li>\r\n</ul>',1,'footer-4',0,'0000-00-00 00:00:00','0000-00-00 00:00:00','0000-00-00 00:00:00',0,'mod_custom',1,1,'{\"prepare_content\":\"0\",\"backgroundimage\":\"\",\"layout\":\"_:default\",\"moduleclass_sfx\":\"\",\"cache\":\"1\",\"cache_time\":\"900\",\"cachemode\":\"static\",\"module_tag\":\"div\",\"bootstrap_size\":\"0\",\"header_tag\":\"h3\",\"header_class\":\"\",\"style\":\"0\"}',0,'*'),(200,422,'Masthead','','<div class=\"jumbotron jumbotron-primary masthead\">\r\n  <h1>Hello, I\'m Purity III</h1>\r\n  <p>Now back and way cooler.</p>\r\n  <p class=\"btn-actions\"><a href=\"http://bit.ly/purity_iii\" class=\"btn btn-primary btn-lg\">Check me out</a></p>\r\n</div>',1,'masthead',0,'0000-00-00 00:00:00','0000-00-00 00:00:00','0000-00-00 00:00:00',0,'mod_custom',1,0,'{\"prepare_content\":\"0\",\"backgroundimage\":\"\",\"layout\":\"_:default\",\"moduleclass_sfx\":\" row-feature-primary\",\"cache\":\"1\",\"cache_time\":\"900\",\"cachemode\":\"static\",\"module_tag\":\"div\",\"bootstrap_size\":\"0\",\"header_tag\":\"h3\",\"header_class\":\"\",\"style\":\"0\"}',0,'*'),(202,443,'Feature 1','','<div class=\"text-center\">\r\n<div class=\"item-image\"><img class=\"img-responsive\" pagespeed_url_hash=\"557298203\" alt=\"T3 Framework\" src=\"images/joomlart/intro-page/fullresponsive.png\"></div>\r\n\r\n<div class=\"col-md-4\">\r\n  <h3>The Perfect Starting Point</h3>\r\n  <p>Purity III is a GREAT starter theme for any Joomla lovers. It allows YOU to get started in minutes, and highly versatile to fit in any type of projects</p>\r\n </div>\r\n\r\n<div class=\"col-md-4\">\r\n  <h3>Joomla 3 Native</h3>\r\n  <p>Purity III supports Joomla 3 at core. The sleek look, clean code and flat design sets it stand out and guarantee to capture anyone\'s attention</p>\r\n</div>\r\n\r\n<div class=\"col-md-4\">\r\n  <h3>Easy to Customize</h3>\r\n  <p>Purity III is extremely flexible to customize. Thanks to the powerful T3 Framework, which makes all the impossibilities possible</p>\r\n</div>\r\n\r\n</div>',1,'features-intro-2',0,'0000-00-00 00:00:00','0000-00-00 00:00:00','0000-00-00 00:00:00',0,'mod_custom',1,0,'{\"prepare_content\":\"0\",\"backgroundimage\":\"\",\"layout\":\"_:default\",\"moduleclass_sfx\":\"\",\"cache\":\"1\",\"cache_time\":\"900\",\"cachemode\":\"static\",\"module_tag\":\"div\",\"bootstrap_size\":\"0\",\"header_tag\":\"h3\",\"header_class\":\"\",\"style\":\"0\"}',0,'*'),(203,444,'Supports multiple layouts','','<header class=\"jumbotron\">\r\n<h2>Supports Multiple Layouts</h2>\r\n<p>8 layouts with dynamic and flexible grids</p>\r\n</header>\r\n\r\n<div class=\"gallery\">\r\n\r\n  <div class=\"col-xs-6 col-md-3\">\r\n    <div class=\"thumbnail\">\r\n      <a target=\"_blank\" title=\"magazine layout\" href=\"index.php/layout/new-layouts/magazine\">\r\n        <img pagespeed_url_hash=\"2579736203\" alt=\"\" src=\"images/joomlart/supported-layout/magazine.png\" class=\"img-responsive\">\r\n      </a>\r\n      <h4 class=\"text-center\">Magazine Layout</h4>\r\n    </div>\r\n  </div>\r\n\r\n  <div class=\"col-xs-6 col-md-3\">\r\n    <div class=\"thumbnail\">\r\n      <a target=\"_blank\" title=\"Coperate layout\" href=\"index.php/layout/new-layouts//corporate\">\r\n          <img pagespeed_url_hash=\"2874236124\" alt=\"\" src=\"images/joomlart/supported-layout/corporate.png\" class=\"img-responsive\">\r\n      </a>\r\n      <h4 class=\"text-center\">Corporate Layout</h4>\r\n    </div>\r\n  </div>\r\n\r\n  <div class=\"col-xs-6 col-md-3\">\r\n    <div class=\"thumbnail\">\r\n      <a target=\"_blank\" title=\"blog layout\" href=\"index.php/layout/new-layouts/blog\">\r\n        <img pagespeed_url_hash=\"3168736045\" target=\"_blank\" alt=\"\" src=\"images/joomlart/supported-layout/blog.png\" class=\"img-responsive\">\r\n      </a>\r\n      <h4 class=\"text-center\">Blog Layout</h4>\r\n    </div>\r\n  </div>\r\n\r\n  <div class=\"col-xs-6 col-md-3\">\r\n    <div class=\"thumbnail\">\r\n      <a target=\"_blank\" title=\"features intro 1\" href=\"index.php/layout/new-layouts/features-intro\">\r\n        <img pagespeed_url_hash=\"3757735887\" alt=\"\" src=\"images/joomlart/supported-layout/features_1.png\" class=\"img-responsive\">\r\n      </a>\r\n      <h4 class=\"text-center\">Features Intro 1 Layout</h4>\r\n    </div>\r\n  </div>\r\n\r\n  <div class=\"col-xs-6 col-md-3\">\r\n    <div class=\"thumbnail\">\r\n      <a target=\"_blank\" title=\"features intro 2\" href=\"http://joomla-templates.joomlart.com/purity_iii/\">\r\n        <img pagespeed_url_hash=\"4052235808\" alt=\"\" src=\"images/joomlart/supported-layout/features_2.png\" class=\"img-responsive\">\r\n      </a>\r\n      <h4 class=\"text-center\">Features Intro 2 Layout</h4>\r\n    </div>\r\n  </div>\r\n\r\n  <div class=\"col-xs-6 col-md-3\">\r\n    <div class=\"thumbnail\">\r\n      <a target=\"_blank\" title=\"portfolio layout\" href=\"index.php/layout/new-layouts/portfolio\">\r\n        <img pagespeed_url_hash=\"3463235966\" alt=\"\" src=\"images/joomlart/supported-layout/portfolio.png\" class=\"img-responsive\">\r\n      </a>\r\n      <h4 class=\"text-center\">Portfolio Layout</h4>\r\n    </div>\r\n  </div>\r\n\r\n  <div class=\"col-xs-6 col-md-3\">\r\n    <div class=\"thumbnail\">\r\n      <a target=\"_blank\" title=\"\" href=\"index.php/layout/new-layouts/glossary\">\r\n        <img alt=\"\" src=\"images/joomlart/supported-layout/glossary.png\" class=\"img-responsive\">\r\n      </a>\r\n      <h4 class=\"text-center\">Glossary Layout</h4>\r\n    </div>\r\n  </div>\r\n\r\n  <div class=\"col-xs-6 col-md-3\">\r\n    <div class=\"thumbnail\">\r\n      <a target=\"_blank\" title=\"\" href=\"index.php/layout/class-layout/default-layout\">\r\n        <img alt=\"\" src=\"images/joomlart/supported-layout/classic_layout.png\" class=\"img-responsive\">\r\n      </a>\r\n      <h4 class=\"text-center\">Classic Layout</h4>\r\n    </div>\r\n  </div>\r\n\r\n</div>',3,'features-intro-2',0,'0000-00-00 00:00:00','0000-00-00 00:00:00','0000-00-00 00:00:00',0,'mod_custom',1,0,'{\"prepare_content\":\"0\",\"backgroundimage\":\"\",\"layout\":\"_:default\",\"moduleclass_sfx\":\"\",\"cache\":\"1\",\"cache_time\":\"900\",\"cachemode\":\"static\",\"module_tag\":\"div\",\"bootstrap_size\":\"0\",\"header_tag\":\"h3\",\"header_class\":\"\",\"style\":\"0\"}',0,'*'),(204,445,'Why Purity III?','','<header class=\"jumbotron\">\r\n<h2>Why Purity III?</h2>\r\n<p>A Free Responsive Joomla 3 Template that no one can resist</p>\r\n</header>\r\n\r\n<div class=\"text-center\">\r\n\r\n<div class=\"col-md-3\">\r\n  <p><img pagespeed_url_hash=\"932791188\" alt=\"Responsive\" src=\"images/joomlart/banners/responsive-icon.png\" /></p>\r\n  <h3>Responsive</h3>\r\n  <p>Purity III is a fully responsive Joomla template. It looks amazingly beautiful in all screen sizes: from a wide screen desktop to tablet & mobile devices</p>\r\n</div>\r\n\r\n<div class=\"col-md-3\">\r\n  <p><img pagespeed_url_hash=\"2048194936\" alt=\"Compatibilities\" src=\"images/joomlart/banners/html5-icon.png\"></p>\r\n  <h3>Compatibilities</h3>\r\n  <p>Purity III is compatible with most of the popular 3rd party Joomla extensions, such as: EasySocial, Kunena, JomSocial, Mijoshop, etc</p>\r\n</div>\r\n\r\n<div class=\"col-md-3\">\r\n  <p><img pagespeed_url_hash=\"1985577692\" alt=\"Bootstrap 3\" src=\"images/joomlart/banners/bootstrap-icon.png\"></p>\r\n  <h3>Bootstrap 3</h3>\r\n  <p>Purity III embraces Bootstrap 3 at core, meaning it also supports Font Awesome 4, as well as all the cool features in Bootstrap 3 Framework</p>\r\n</div>\r\n\r\n<div class=\"col-md-3\">\r\n  <p><img pagespeed_url_hash=\"1616445301\" alt=\"SEO\" src=\"images/joomlart/banners/seo-icon.png\"></p>\r\n  <h3>SEO</h3>\r\n  <p>Great design impresses your visitors, but SEO friendly codes bring visitors, drive more <a target=\"_blank\" href=\"http://www.google.com\">Googlers</a> to yours while you\'re sleeping</p>\r\n</div>\r\n\r\n</div>',4,'features-intro-2',0,'0000-00-00 00:00:00','0000-00-00 00:00:00','0000-00-00 00:00:00',0,'mod_custom',1,0,'{\"prepare_content\":\"0\",\"backgroundimage\":\"\",\"layout\":\"_:default\",\"moduleclass_sfx\":\"\",\"cache\":\"1\",\"cache_time\":\"900\",\"cachemode\":\"static\",\"module_tag\":\"div\",\"bootstrap_size\":\"0\",\"header_tag\":\"h3\",\"header_class\":\"\",\"style\":\"0\"}',0,'*'),(205,446,'Want to be the first to try our Purity III','','<div class=\"container jumbotron masthead\" style=\"margin:0;\">\r\n  <span class=\"section-arrow-alt\"></span>\r\n  <p>Want to be the first to try our Purity III...</p>\r\n<div class=\"btn-actions\">\r\n    <a class=\"btn btn-success btn-lg\" role=\"button\" href=\"http://bit.ly/purity_iii\">Download <span class=\"hidden-phone\">Purity III</span></a>\r\n  </div>\r\n</div>',5,'features-intro-2',0,'0000-00-00 00:00:00','0000-00-00 00:00:00','0000-00-00 00:00:00',0,'mod_custom',1,0,'{\"prepare_content\":\"0\",\"backgroundimage\":\"\",\"layout\":\"_:default\",\"moduleclass_sfx\":\" row-feature-primary\",\"cache\":\"1\",\"cache_time\":\"900\",\"cachemode\":\"static\",\"module_tag\":\"div\",\"bootstrap_size\":\"0\",\"header_tag\":\"h3\",\"header_class\":\"\",\"style\":\"0\"}',0,'*'),(206,449,'Team members','','<div class=\"media\">\r\n  <a href=\"#\" class=\"pull-left\"><img src=\"images/joomlart/corporate/staff-1.jpg\" alt=\"Sample image\" style=\"width: 60px;\" class=\"img-thumbnail\" /></a>\r\n  <div class=\"media-body\">\r\n  <h4 class=\"media-heading\">Scott Singleton</h4>\r\n    <strong><small>CEO Director</small></strong><br />\r\n    <small><a href=\"mailto:ceo@your-domain.com\">ceo@your-domain.com</a></small>\r\n  </div>\r\n</div>\r\n\r\n<div class=\"media\">\r\n  <a href=\"#\" class=\"pull-left\"><img src=\"images/joomlart/corporate/staff-2.jpg\" alt=\"Sample image\" style=\"width: 60px;\" class=\"img-thumbnail\" /></a>\r\n  <div class=\"media-body\">\r\n  <h4 class=\"media-heading\">Marie Hall</h4>\r\n    <strong><small>Managing Director</small></strong><br />\r\n    <small><a href=\"mailto:sale@your-domain.com\">sale@your-domain.com</a></small>\r\n  </div>\r\n</div>\r\n\r\n<div class=\"media\">\r\n  <a href=\"#\" class=\"pull-left\"><img src=\"images/joomlart/corporate/staff-3.jpg\" alt=\"Sample image\" style=\"width: 60px;\" class=\"img-thumbnail\" /></a>\r\n  <div class=\"media-body\">\r\n  <h4 class=\"media-heading\">Mamie Ray</h4>\r\n    <strong><small>Sales manager</small></strong><br />\r\n    <small><a href=\"mailto:ceo@your-domain.com\">sales@your-domain.com</a></small>\r\n  </div>\r\n</div>\r\n\r\n<div class=\"media\">\r\n  <a href=\"#\" class=\"pull-left\"><img src=\"images/joomlart/corporate/staff-4.jpg\" alt=\"Sample image\" style=\"width: 60px;\" class=\"img-thumbnail\" /></a>\r\n  <div class=\"media-body\">\r\n  <h4 class=\"media-heading\">Johnny Payne</h4>\r\n    <strong><small>Creative director</small></strong><br />\r\n    <small><a href=\"mailto:ceo@your-domain.com\">design@your-domain.com</a></small>\r\n  </div>\r\n</div>',8,'sidebar-2',0,'0000-00-00 00:00:00','0000-00-00 00:00:00','0000-00-00 00:00:00',0,'mod_custom',1,1,'{\"prepare_content\":\"0\",\"backgroundimage\":\"\",\"layout\":\"_:default\",\"moduleclass_sfx\":\"\",\"cache\":\"1\",\"cache_time\":\"900\",\"cachemode\":\"static\",\"module_tag\":\"div\",\"bootstrap_size\":\"0\",\"header_tag\":\"h3\",\"header_class\":\"\",\"style\":\"0\"}',0,'*'),(207,450,'Our partners','','<img src=\"images/joomlart/corporate/partners.gif\" alt=\"Sample image\" class=\"image-reponsive\" />',26,'sidebar-2',0,'0000-00-00 00:00:00','0000-00-00 00:00:00','0000-00-00 00:00:00',0,'mod_custom',1,1,'{\"prepare_content\":\"0\",\"backgroundimage\":\"\",\"layout\":\"_:default\",\"moduleclass_sfx\":\"\",\"cache\":\"1\",\"cache_time\":\"900\",\"cachemode\":\"static\",\"module_tag\":\"div\",\"bootstrap_size\":\"0\",\"header_tag\":\"h3\",\"header_class\":\"\",\"style\":\"0\"}',0,'*'),(210,555,'Compatible Extensions','','<header class=\"jumbotron\">\r\n  <h2>Highly Compatible</h2>\r\n  <p>Purity III is highly compatible with most of the 3rd party Joomla extensions</p>\r\n</header>\r\n\r\n\r\n  <div class=\"col-xs-6 col-md-4\">\r\n    <a class=\"thumbnail\" href=\"index.php/compatible/easyblog\">\r\n      <img src=\"images/joomlart/compatible-extension/easyblog.png\" alt=\"Easy Blog\" />\r\n    </a>\r\n  </div>\r\n\r\n  <div class=\"col-xs-6 col-md-4\">\r\n    <a class=\"thumbnail\" href=\"index.php/compatible/easysocial\">\r\n      <img src=\"images/joomlart/compatible-extension/easysocial.png\" alt=\"easysocial\" />\r\n    </a>\r\n  </div>\r\n\r\n  <div class=\"col-xs-6 col-md-4\">\r\n    <a class=\"thumbnail\" href=\"index.php/compatible/discussions\">\r\n      <img src=\"images/joomlart/compatible-extension/easydiscuss.png\" border=\"0\" alt=\"easydiscuss\" />\r\n    </a>\r\n  </div>\r\n\r\n\r\n  <div class=\"col-xs-6 col-md-4\">\r\n    <a class=\"thumbnail\" href=\"index.php/forum/index\">\r\n      <img src=\"images/joomlart/compatible-extension/kunena.png\" border=\"0\" alt=\"Kunena\" />\r\n    </a>\r\n  </div>\r\n\r\n  <div class=\"col-xs-6 col-md-4\">\r\n    <a class=\"thumbnail\" href=\"index.php/compatible/jomsocial\">\r\n      <img src=\"images/joomlart/compatible-extension/jomsocial.png\" border=\"0\" alt=\"JomSocial\" />\r\n    </a>\r\n  </div>\r\n\r\n  <div class=\"col-xs-6 col-md-4\">\r\n    <a class=\"thumbnail\" href=\"index.php/compatible/mijoshop\">\r\n      <img src=\"images/joomlart/compatible-extension/mijoshop-logo.png\" border=\"0\" alt=\"mijoshop\" />\r\n    </a>\r\n  </div>\r\n\r\n<div class=\"wrap btn-actions text-center\">\r\n    <a class=\"btn btn-primary btn-lg\" role=\"button\" href=\"http://bit.ly/purity_iii\">More detail?</a>\r\n  </div>',2,'features-intro-2',0,'0000-00-00 00:00:00','0000-00-00 00:00:00','0000-00-00 00:00:00',0,'mod_custom',1,0,'{\"prepare_content\":\"0\",\"backgroundimage\":\"\",\"layout\":\"_:default\",\"moduleclass_sfx\":\"\",\"cache\":\"1\",\"cache_time\":\"900\",\"cachemode\":\"static\",\"module_tag\":\"div\",\"bootstrap_size\":\"0\",\"header_tag\":\"h3\",\"header_class\":\"\",\"style\":\"0\"}',0,'*'),(211,564,'Sidebar 1','','<p>Leo Sed nibh ut ac magnis Nam hendrerit lacus convallis massa. Laoreet sed hendrerit et et penatibus tellus et Curabitur lacinia Curabitur. Dis quis semper fringilla Nam pellentesque ipsum id odio scelerisque congue. Et nunc risus Pellentesque sapien malesuada ligula orci tristique adipiscing malesuada. Pede molestie Aenean risus orci id lorem Nullam felis orci velit. </p>\r\n\r\n<p>Hendrerit eu ut id dolor nibh nisl vel augue adipiscing leo. At faucibus Lorem mauris elit Sed vel neque nibh tellus adipiscing. Sagittis dui lacus vitae convallis pretium montes pretium.</p>',1,'sidebar-1',0,'0000-00-00 00:00:00','0000-00-00 00:00:00','0000-00-00 00:00:00',0,'mod_custom',1,1,'{\"prepare_content\":\"0\",\"backgroundimage\":\"\",\"layout\":\"_:default\",\"moduleclass_sfx\":\"\",\"cache\":\"1\",\"cache_time\":\"900\",\"cachemode\":\"static\",\"module_tag\":\"div\",\"bootstrap_size\":\"0\",\"header_tag\":\"h3\",\"header_class\":\"\",\"style\":\"0\"}',0,'*'),(212,565,'Sidebar 2','','<p>Leo Sed nibh ut ac magnis Nam hendrerit lacus convallis massa. Laoreet sed hendrerit et et penatibus tellus et Curabitur lacinia Curabitur. Dis quis semper fringilla Nam pellentesque ipsum id odio scelerisque congue. Et nunc risus Pellentesque sapien malesuada ligula orci tristique adipiscing malesuada. Pede molestie Aenean risus orci id lorem Nullam felis orci velit.</p>\r\n\r\n<p>Porta dapibus laoreet id ut Vestibulum Phasellus magna eros quis gravida. Faucibus Nunc tortor ac enim non ut Nam vitae Nunc ornare. Convallis id nibh id orci ligula Cum nulla Curabitur et aliquam. Auctor augue aliquam magna mi massa parturient Sed Nullam at orci. <a href=\"#\" title=\"Sample link\">Pede nunc condimentum.</a></p>',7,'sidebar-2',0,'0000-00-00 00:00:00','0000-00-00 00:00:00','0000-00-00 00:00:00',0,'mod_custom',1,1,'{\"prepare_content\":\"0\",\"backgroundimage\":\"\",\"layout\":\"_:default\",\"moduleclass_sfx\":\"\",\"cache\":\"1\",\"cache_time\":\"900\",\"cachemode\":\"static\",\"module_tag\":\"div\",\"bootstrap_size\":\"0\",\"header_tag\":\"h3\",\"header_class\":\"\",\"style\":\"0\"}',0,'*'),(213,566,'After content','','<p>Nam pellentesque ipsum id odio scelerisque congue. Et nunc risus Pellentesque sapien malesuada ligula orci tristique adipiscing malesuada. Pede molestie Aenean risus orci id lorem Nullam felis orci velit.</p>',1,'after-content',0,'0000-00-00 00:00:00','0000-00-00 00:00:00','0000-00-00 00:00:00',0,'mod_custom',1,1,'{\"prepare_content\":\"0\",\"backgroundimage\":\"\",\"layout\":\"_:default\",\"moduleclass_sfx\":\"\",\"cache\":\"1\",\"cache_time\":\"900\",\"cachemode\":\"static\",\"module_tag\":\"div\",\"bootstrap_size\":\"0\",\"header_tag\":\"h3\",\"header_class\":\"\",\"style\":\"0\"}',0,'*'),(214,567,'Footer 1','','<ul>\r\n<li><a href=\"#\" title=\"Sample link\">Sample link</a></li>\r\n<li><a href=\"#\" title=\"Sample link\">Sample link</a></li>\r\n<li><a href=\"#\" title=\"Sample link\">Sample link</a></li>\r\n<li><a href=\"#\" title=\"Sample link\">Sample link</a></li>\r\n</ul>',1,'footer-1',0,'0000-00-00 00:00:00','0000-00-00 00:00:00','0000-00-00 00:00:00',0,'mod_custom',1,1,'{\"prepare_content\":\"0\",\"backgroundimage\":\"\",\"layout\":\"_:default\",\"moduleclass_sfx\":\"\",\"cache\":\"1\",\"cache_time\":\"900\",\"cachemode\":\"static\",\"module_tag\":\"div\",\"bootstrap_size\":\"0\",\"header_tag\":\"h3\",\"header_class\":\"\",\"style\":\"0\"}',0,'*'),(215,568,'Footer 2','','<ul>\r\n<li><a href=\"#\" title=\"Sample link\">Sample link</a></li>\r\n<li><a href=\"#\" title=\"Sample link\">Sample link</a></li>\r\n<li><a href=\"#\" title=\"Sample link\">Sample link</a></li>\r\n<li><a href=\"#\" title=\"Sample link\">Sample link</a></li>\r\n</ul>',1,'footer-2',0,'0000-00-00 00:00:00','0000-00-00 00:00:00','0000-00-00 00:00:00',0,'mod_custom',1,1,'{\"prepare_content\":\"0\",\"backgroundimage\":\"\",\"layout\":\"_:default\",\"moduleclass_sfx\":\"\",\"cache\":\"1\",\"cache_time\":\"900\",\"cachemode\":\"static\",\"module_tag\":\"div\",\"bootstrap_size\":\"0\",\"header_tag\":\"h3\",\"header_class\":\"\",\"style\":\"0\"}',0,'*'),(216,569,'Footer 5','','<ul>\r\n<li><a href=\"#\" title=\"Sample link\">Sample link</a></li>\r\n<li><a href=\"#\" title=\"Sample link\">Sample link</a></li>\r\n<li><a href=\"#\" title=\"Sample link\">Sample link</a></li>\r\n<li><a href=\"#\" title=\"Sample link\">Sample link</a></li>\r\n</ul>',1,'footer-5',0,'0000-00-00 00:00:00','0000-00-00 00:00:00','0000-00-00 00:00:00',0,'mod_custom',1,1,'{\"prepare_content\":\"0\",\"backgroundimage\":\"\",\"layout\":\"_:default\",\"moduleclass_sfx\":\"\",\"cache\":\"1\",\"cache_time\":\"900\",\"cachemode\":\"static\",\"module_tag\":\"div\",\"bootstrap_size\":\"0\",\"header_tag\":\"h3\",\"header_class\":\"\",\"style\":\"0\"}',0,'*'),(217,570,'Footer 3','','<ul>\r\n<li><a href=\"#\" title=\"Sample link\">Sample link</a></li>\r\n<li><a href=\"#\" title=\"Sample link\">Sample link</a></li>\r\n<li><a href=\"#\" title=\"Sample link\">Sample link</a></li>\r\n<li><a href=\"#\" title=\"Sample link\">Sample link</a></li>\r\n</ul>',1,'footer-3',0,'0000-00-00 00:00:00','0000-00-00 00:00:00','0000-00-00 00:00:00',0,'mod_custom',1,1,'{\"prepare_content\":\"0\",\"backgroundimage\":\"\",\"layout\":\"_:default\",\"moduleclass_sfx\":\"\",\"cache\":\"1\",\"cache_time\":\"900\",\"cachemode\":\"static\",\"module_tag\":\"div\",\"bootstrap_size\":\"0\",\"header_tag\":\"h3\",\"header_class\":\"\",\"style\":\"0\"}',0,'*'),(218,571,'Footer 4','','<ul>\r\n<li><a href=\"#\" title=\"Sample link\">Sample link</a></li>\r\n<li><a href=\"#\" title=\"Sample link\">Sample link</a></li>\r\n<li><a href=\"#\" title=\"Sample link\">Sample link</a></li>\r\n<li><a href=\"#\" title=\"Sample link\">Sample link</a></li>\r\n</ul>',1,'footer-4',0,'0000-00-00 00:00:00','0000-00-00 00:00:00','0000-00-00 00:00:00',0,'mod_custom',1,1,'{\"prepare_content\":\"0\",\"backgroundimage\":\"\",\"layout\":\"_:default\",\"moduleclass_sfx\":\"\",\"cache\":\"1\",\"cache_time\":\"900\",\"cachemode\":\"static\",\"module_tag\":\"div\",\"bootstrap_size\":\"0\",\"header_tag\":\"h3\",\"header_class\":\"\",\"style\":\"0\"}',0,'*'),(219,572,'Footer 6','','<ul>\r\n<li><a href=\"#\" title=\"Sample link\">Sample link</a></li>\r\n<li><a href=\"#\" title=\"Sample link\">Sample link</a></li>\r\n<li><a href=\"#\" title=\"Sample link\">Sample link</a></li>\r\n<li><a href=\"#\" title=\"Sample link\">Sample link</a></li>\r\n</ul>',1,'footer-6',0,'0000-00-00 00:00:00','0000-00-00 00:00:00','0000-00-00 00:00:00',0,'mod_custom',1,1,'{\"prepare_content\":\"0\",\"backgroundimage\":\"\",\"layout\":\"_:default\",\"moduleclass_sfx\":\"\",\"cache\":\"1\",\"cache_time\":\"900\",\"cachemode\":\"static\",\"module_tag\":\"div\",\"bootstrap_size\":\"0\",\"header_tag\":\"h3\",\"header_class\":\"\",\"style\":\"0\"}',0,'*'),(221,576,'Purity III and its stunning typography','','<img src=\"images/joomlart/demo/typography.png\" alt=\"Sample image\">',1,'mega',0,'0000-00-00 00:00:00','0000-00-00 00:00:00','0000-00-00 00:00:00',0,'mod_custom',1,1,'{\"prepare_content\":\"0\",\"backgroundimage\":\"\",\"layout\":\"_:default\",\"moduleclass_sfx\":\"\",\"cache\":\"1\",\"cache_time\":\"900\",\"cachemode\":\"static\",\"module_tag\":\"div\",\"bootstrap_size\":\"0\",\"header_tag\":\"h3\",\"header_class\":\"\",\"style\":\"0\"}',0,'*'),(224,580,'T3 Framework','','<a href=\"http://demo.t3-framework.org/joomla30/\" class=\"btn btn-block btn-lg btn-default\">Live Demo</a>\r\n<a href=\"http://t3-framework.org/downloads.html\" class=\"btn btn-block btn-lg btn-default\">Download</a>\r\n<a href=\"http://t3-framework.org/whats-new.html\" class=\"btn btn-block btn-lg btn-default\">More Info</a>',2,'off-canvas',0,'0000-00-00 00:00:00','2017-11-06 08:48:12','0000-00-00 00:00:00',0,'mod_custom',1,1,'{\"prepare_content\":\"0\",\"backgroundimage\":\"\",\"layout\":\"_:default\",\"moduleclass_sfx\":\"\",\"cache\":\"1\",\"cache_time\":\"900\",\"cachemode\":\"static\",\"module_tag\":\"div\",\"bootstrap_size\":\"0\",\"header_tag\":\"h3\",\"header_class\":\"\",\"style\":\"0\"}',0,'*'),(225,581,'Purity III Template','','<img class=\"img-responsive\" src=\"images/joomlart/demo/responsive.png\" alt=\"Purity iii - The best free responsive Joomla template for Joomla 3\" style=\"margin-bottom: 20px;\" />\r\n\r\n<p class=\"text-center\">Purity III is the best responsive Joomla template that you won\'t get enough of for almost everything...</p>\r\n\r\n<ul class=\"nav nav-pills nav-stacked\">\r\n      <li class=\"active\"><a href=\"http://bit.ly/purity_iii\">Purity III Template</a></li>\r\n      <li class=\"\"><a href=\"/purity_iii/index.php/layout\">Multiple Layouts</a></li>\r\n      <li class=\"\"><a href=\"/purity_iii/index.php/compatible\">Supported 3rd Extensions</a></li>\r\n      <li class=\"\"><a href=\"http://bit.ly/purity_iii\">Download Purity III</a></li>\r\n<li class=\"\"><a href=\"http://bit.ly/purity_iii\">More Info</a></li>\r\n<li class=\"\"><a href=\"http://www.joomlart.com/documentation/joomla-templates/purity-iii\">Documentation</a></li>\r\n<li class=\"\"><a href=\"http://www.joomlart.com/forums/forumdisplay.php?542-Purity-III\">Get Support</a></li>\r\n</ul>',1,'off-canvas',0,'0000-00-00 00:00:00','0000-00-00 00:00:00','0000-00-00 00:00:00',0,'mod_custom',1,0,'{\"prepare_content\":\"0\",\"backgroundimage\":\"\",\"layout\":\"_:default\",\"moduleclass_sfx\":\"\",\"cache\":\"1\",\"cache_time\":\"900\",\"cachemode\":\"static\",\"module_tag\":\"div\",\"bootstrap_size\":\"0\",\"header_tag\":\"h3\",\"header_class\":\"\",\"style\":\"0\"}',0,'*'),(226,585,'Purity III video','','<div class=\"jumbotron jumbotron-primary masthead\">\r\n  <div class=\"col-md-6 text-left\">\r\n    <h1>I\'m Purity III</h1>\r\n    <p>The best free Joomla template that you ever need.</p>\r\n    <div class=\"btn-actions\" style=\"margin-bottom: 20px;\"><p><a href=\"http://bit.ly/purity_iii\" class=\"btn btn-success btn-lg\">Download Now</a></p></div>\r\n  </div>\r\n\r\n  <div class=\"col-md-6\">\r\n    <div class=\"video-wrapper\">\r\n      <iframe width=\"560\" height=\"315\" src=\"//www.youtube.com/embed/KSK2OR9pEUY?modestbranding=1&amp;;showinfo=0&amp;;autohide=1&amp;;rel=0&amp;;hd=1&amp;html5=1\" allowfullscreen=\"\" style=\"border:0;\"></iframe>\r\n    </div>\r\n  </div>\r\n</div>',1,'masthead',0,'0000-00-00 00:00:00','0000-00-00 00:00:00','0000-00-00 00:00:00',0,'mod_custom',1,0,'{\"prepare_content\":\"0\",\"backgroundimage\":\"\",\"layout\":\"_:default\",\"moduleclass_sfx\":\" row-feature-primary\",\"cache\":\"1\",\"cache_time\":\"900\",\"cachemode\":\"static\",\"module_tag\":\"div\",\"bootstrap_size\":\"0\",\"header_tag\":\"h3\",\"header_class\":\"\",\"style\":\"0\"}',0,'*'),(228,591,'Portfolio Articles ','','',15,'sidebar-2',0,'0000-00-00 00:00:00','0000-00-00 00:00:00','0000-00-00 00:00:00',-2,'mod_articles_category',1,1,'{\"mode\":\"normal\",\"show_on_article_page\":\"1\",\"show_front\":\"show\",\"count\":\"5\",\"category_filtering_type\":\"1\",\"catid\":[\"83\"],\"show_child_category_articles\":\"0\",\"levels\":\"2\",\"author_filtering_type\":\"1\",\"created_by\":[\"\"],\"author_alias_filtering_type\":\"1\",\"excluded_articles\":\"\",\"date_filtering\":\"off\",\"date_field\":\"a.created\",\"start_date_range\":\"\",\"end_date_range\":\"\",\"relative_date\":\"30\",\"article_ordering\":\"a.title\",\"article_ordering_direction\":\"ASC\",\"article_grouping\":\"none\",\"article_grouping_direction\":\"ksort\",\"month_year_format\":\"F Y\",\"link_titles\":\"1\",\"show_date\":\"0\",\"show_date_field\":\"created\",\"show_date_format\":\"Y-m-d H:i:s\",\"show_category\":\"0\",\"show_hits\":\"0\",\"show_author\":\"0\",\"show_introtext\":\"0\",\"introtext_limit\":\"100\",\"show_readmore\":\"0\",\"show_readmore_title\":\"1\",\"readmore_limit\":\"15\",\"layout\":\"_:default\",\"moduleclass_sfx\":\"\",\"owncache\":\"1\",\"cache_time\":\"900\",\"module_tag\":\"div\",\"bootstrap_size\":\"0\",\"header_tag\":\"h3\",\"header_class\":\"\",\"style\":\"0\"}',0,'*'),(229,593,'Sample Profiles','','<ul class=\"nav nav-pills nav-stacked\">\r\n<li><a href=\"index.php?option=com_joomprofile&view=profile&task=user.display&id=553&Itemid=765\">Profile 1</a></li>\r\n<li><a href=\"index.php?option=com_joomprofile&view=profile&task=user.display&id=550&Itemid=765\">Profile 2</a></li>\r\n<li><a href=\"index.php?option=com_joomprofile&view=profile&task=user.display&id=548&Itemid=765\">Profile 3</a></li>\r\n<li><a href=\"index.php?option=com_joomprofile&view=profile&task=user.display&id=549&Itemid=765\">Profile 4</a></li>\r\n<li><a href=\"index.php?option=com_joomprofile&view=profile&task=user.display&id=551&Itemid=765\">Profile 5</a></li>\r\n</ul>',3,'sidebar-2',0,'0000-00-00 00:00:00','0000-00-00 00:00:00','0000-00-00 00:00:00',0,'mod_custom',1,1,'{\"prepare_content\":\"0\",\"backgroundimage\":\"\",\"layout\":\"_:default\",\"moduleclass_sfx\":\"\",\"cache\":\"1\",\"cache_time\":\"900\",\"cachemode\":\"static\",\"module_tag\":\"div\",\"bootstrap_size\":\"0\",\"header_tag\":\"h3\",\"header_class\":\"\",\"style\":\"0\"}',0,'*'),(318,686,'JA Builder Admin Menu','','',10,'menu',0,'0000-00-00 00:00:00','0000-00-00 00:00:00','0000-00-00 00:00:00',1,'mod_jabuilder_admin_menu',3,1,'{\"module_tag\":\"div\",\"bootstrap_size\":\"0\",\"header_tag\":\"h3\",\"header_class\":\"\",\"style\":\"0\"}',1,'*'),(319,687,'JA Builder Quick Icons','','',0,'cpanel',0,'0000-00-00 00:00:00','0000-00-00 00:00:00','0000-00-00 00:00:00',1,'mod_jabuilder_quickicons',3,1,'{\"moduleclass_sfx\":\"\",\"module_tag\":\"div\",\"bootstrap_size\":\"6\",\"header_tag\":\"h3\",\"header_class\":\"\",\"style\":\"0\"}',1,'*'),(320,688,'YJ Vertical Menu','','',1,'off-canvas',0,'0000-00-00 00:00:00','2017-11-28 12:28:46','0000-00-00 00:00:00',0,'mod_yj_vertical_menu',1,0,'{\"menutype\":\"mainmenu\",\"startLevel\":\"1\",\"endLevel\":\"0\",\"showAllChildren\":\"1\",\"flyoutPosition\":\"right\",\"defaultWidth\":\"250px\",\"showDuration\":\"350\",\"hideDuration\":\"500\",\"class_sfx\":\"\",\"window_open\":\"\",\"layout\":\"_:default\",\"moduleclass_sfx\":\"\",\"cache\":\"1\",\"cache_time\":\"900\",\"cachemode\":\"itemid\",\"module_tag\":\"div\",\"bootstrap_size\":\"0\",\"header_tag\":\"h3\",\"header_class\":\"\",\"style\":\"0\"}',0,'*'),(321,2206,'Simple File Upload v1.3 (for Joomla 3)','','',0,'',0,'0000-00-00 00:00:00','0000-00-00 00:00:00','0000-00-00 00:00:00',0,'mod_simplefileuploadv1.3',1,1,'',0,'*');

--
-- Table structure for table `jos_modules_menu`
--

CREATE TABLE `jos_modules_menu` (
  `moduleid` int NOT NULL DEFAULT '0',
  `menuid` int NOT NULL DEFAULT '0',
  PRIMARY KEY (`moduleid`,`menuid`)
) ENGINE=InnoDB DEFAULT CHARSET=utf8mb3;

--
-- Dumping data for table `jos_modules_menu`
--

INSERT INTO `jos_modules_menu` (`moduleid`, `menuid`) VALUES (1,537),(1,548),(1,550),(1,551),(1,558),(1,566),(1,652),(1,653),(1,744),(2,0),(3,0),(4,0),(6,0),(7,0),(8,0),(9,0),(10,0),(12,0),(13,0),(14,0),(15,0),(16,201),(16,449),(16,737),(16,1442),(16,1448),(16,1449),(16,1452),(16,1453),(16,1454),(16,1456),(16,1457),(16,1458),(16,1459),(16,1461),(16,1463),(16,1466),(16,1467),(16,1468),(16,1470),(16,1473),(16,1475),(16,1479),(16,1482),(16,1483),(16,1515),(16,1516),(16,1521),(16,1569),(16,1571),(17,0),(19,0),(20,0),(22,234),(22,238),(22,242),(22,243),(22,244),(22,296),(22,399),(22,400),(23,-463),(23,-462),(23,-433),(23,-432),(23,-431),(23,-430),(23,-429),(23,-427),(23,-400),(23,-399),(23,-296),(23,-244),(23,-243),(23,-242),(23,-238),(23,-234),(25,294),(26,435),(26,533),(26,540),(26,542),(26,543),(26,545),(26,567),(26,568),(26,569),(26,570),(26,652),(26,653),(26,694),(27,325),(27,694),(29,302),(30,410),(31,558),(31,744),(32,309),(33,307),(34,326),(35,306),(37,311),(38,300),(39,545),(39,709),(40,313),(41,0),(45,540),(45,709),(47,231),(47,234),(47,242),(47,243),(47,244),(47,296),(47,399),(47,400),(48,418),(57,238),(57,427),(57,429),(57,430),(57,431),(57,432),(57,433),(57,462),(57,463),(58,427),(58,429),(58,430),(58,431),(58,432),(58,433),(58,462),(58,463),(61,537),(61,540),(61,542),(61,545),(61,653),(63,0),(65,427),(65,429),(65,430),(65,431),(65,432),(65,433),(65,462),(65,463),(68,243),(70,285),(70,316),(71,285),(71,316),(72,285),(72,316),(73,285),(73,316),(74,285),(74,316),(75,285),(75,316),(79,0),(84,467),(86,0),(87,534),(87,538),(88,534),(88,538),(89,238),(89,427),(89,429),(89,430),(89,431),(89,432),(89,433),(89,462),(89,463),(90,568),(92,568),(93,568),(94,567),(95,567),(96,0),(97,0),(98,0),(99,0),(100,0),(101,536),(101,540),(102,536),(102,540),(103,536),(103,540),(104,536),(104,540),(105,536),(106,536),(107,536),(108,536),(112,0),(113,537),(113,548),(113,558),(113,652),(113,653),(114,0),(119,0),(120,0),(121,0),(124,0),(125,0),(126,0),(127,0),(128,0),(129,0),(130,0),(141,0),(142,0),(143,0),(158,693),(159,693),(160,693),(161,693),(163,694),(163,709),(163,744),(165,694),(166,694),(166,744),(167,0),(168,567),(169,634),(170,634),(171,634),(172,634),(177,568),(178,568),(179,568),(181,568),(182,568),(183,568),(184,568),(185,568),(189,568),(190,568),(191,568),(192,567),(193,567),(194,567),(195,567),(196,567),(197,567),(198,567),(199,567),(200,721),(202,721),(203,721),(204,721),(205,721),(206,549),(206,568),(206,744),(207,568),(210,0),(211,536),(212,536),(213,536),(214,536),(215,536),(216,536),(217,536),(218,536),(219,536),(221,0),(224,0),(225,0),(226,570),(228,0),(229,765),(230,0),(231,0),(232,0),(233,0),(234,0),(235,0),(236,0),(237,0),(238,0),(239,0),(242,0),(243,0),(255,0),(256,0),(257,0),(258,0),(259,0),(260,0),(261,0),(262,0),(263,0),(264,0),(265,0),(266,0),(267,0),(268,0),(269,0),(270,0),(271,0),(272,0),(273,0),(274,0),(275,0),(276,0),(277,0),(278,0),(279,0),(281,0),(282,0),(283,707),(283,710),(283,711),(283,712),(283,713),(284,707),(284,710),(284,711),(284,712),(284,713),(284,745),(285,707),(285,710),(285,711),(285,712),(285,713),(285,745),(286,707),(286,710),(286,711),(286,712),(286,745),(287,707),(287,710),(287,711),(287,712),(287,713),(288,707),(288,710),(288,711),(288,712),(288,713),(289,0),(290,0),(291,0),(292,0),(293,0),(294,0),(295,0),(296,0),(297,0),(298,0),(299,0),(300,0),(301,0),(302,0),(303,0),(304,0),(305,0),(306,0),(307,0),(308,0),(309,0),(310,0),(311,0),(312,0),(313,0),(314,0),(315,0),(316,0),(317,0),(318,0),(319,0),(320,0);

--
-- Table structure for table `jos_newsfeeds`
--

CREATE TABLE `jos_newsfeeds` (
  `catid` int NOT NULL DEFAULT '0',
  `id` int unsigned NOT NULL AUTO_INCREMENT,
  `name` varchar(100) NOT NULL DEFAULT '',
  `alias` varchar(400) CHARACTER SET utf8mb3 COLLATE utf8mb3_bin NOT NULL DEFAULT '',
  `link` varchar(2048) NOT NULL,
  `published` tinyint(1) NOT NULL DEFAULT '0',
  `numarticles` int unsigned NOT NULL DEFAULT '1',
  `cache_time` int unsigned NOT NULL DEFAULT '3600',
  `checked_out` int unsigned NOT NULL DEFAULT '0',
  `checked_out_time` datetime NOT NULL DEFAULT '0000-00-00 00:00:00',
  `ordering` int NOT NULL DEFAULT '0',
  `rtl` tinyint NOT NULL DEFAULT '0',
  `access` int unsigned NOT NULL DEFAULT '0',
  `language` char(7) NOT NULL DEFAULT '',
  `params` mediumtext NOT NULL,
  `created` datetime NOT NULL DEFAULT '0000-00-00 00:00:00',
  `created_by` int unsigned NOT NULL DEFAULT '0',
  `created_by_alias` varchar(255) NOT NULL DEFAULT '',
  `modified` datetime NOT NULL DEFAULT '0000-00-00 00:00:00',
  `modified_by` int unsigned NOT NULL DEFAULT '0',
  `metakey` mediumtext NOT NULL,
  `metadesc` mediumtext NOT NULL,
  `metadata` mediumtext NOT NULL,
  `xreference` varchar(50) NOT NULL DEFAULT '',
  `publish_up` datetime NOT NULL DEFAULT '0000-00-00 00:00:00',
  `publish_down` datetime NOT NULL DEFAULT '0000-00-00 00:00:00',
  `description` mediumtext NOT NULL,
  `version` int unsigned NOT NULL DEFAULT '1',
  `hits` int unsigned NOT NULL DEFAULT '0',
  `images` mediumtext NOT NULL,
  PRIMARY KEY (`id`),
  KEY `idx_access` (`access`),
  KEY `idx_checkout` (`checked_out`),
  KEY `idx_state` (`published`),
  KEY `idx_catid` (`catid`),
  KEY `idx_createdby` (`created_by`),
  KEY `idx_language` (`language`),
  KEY `idx_xreference` (`xreference`)
) ENGINE=InnoDB AUTO_INCREMENT=5 DEFAULT CHARSET=utf8mb3;

--
-- Dumping data for table `jos_newsfeeds`
--

INSERT INTO `jos_newsfeeds` (`catid`, `id`, `name`, `alias`, `link`, `published`, `numarticles`, `cache_time`, `checked_out`, `checked_out_time`, `ordering`, `rtl`, `access`, `language`, `params`, `created`, `created_by`, `created_by_alias`, `modified`, `modified_by`, `metakey`, `metadesc`, `metadata`, `xreference`, `publish_up`, `publish_down`, `description`, `version`, `hits`, `images`) VALUES (17,1,'Joomla! Announcements','joomla-announcements','http://www.joomla.org/announcements.feed?type=rss',1,5,3600,0,'0000-00-00 00:00:00',1,1,1,'en-GB','{\"show_feed_image\":\"\",\"show_feed_description\":\"\",\"show_item_description\":\"\",\"feed_character_count\":\"0\",\"newsfeed_layout\":\"\",\"feed_display_order\":\"\"}','2017-11-06 07:13:53',42,'Joomla','0000-00-00 00:00:00',0,'','','{\"robots\":\"\",\"rights\":\"\"}','','0000-00-00 00:00:00','0000-00-00 00:00:00','',1,0,''),(17,2,'New Joomla! Extensions','new-joomla-extensions','http://feeds.joomla.org/JoomlaExtensions',1,5,3600,0,'0000-00-00 00:00:00',4,1,1,'en-GB','{\"show_feed_image\":\"\",\"show_feed_description\":\"\",\"show_item_description\":\"\",\"feed_character_count\":\"0\",\"newsfeed_layout\":\"\",\"feed_display_order\":\"\"}','2017-11-06 07:13:53',42,'Joomla','0000-00-00 00:00:00',0,'','','{\"robots\":\"\",\"rights\":\"\"}','','0000-00-00 00:00:00','0000-00-00 00:00:00','',1,0,''),(17,3,'Joomla! Security News','joomla-security-news','http://feeds.joomla.org/JoomlaSecurityNews',1,5,3600,0,'0000-00-00 00:00:00',2,1,1,'en-GB','{\"show_feed_image\":\"\",\"show_feed_description\":\"\",\"show_item_description\":\"\",\"feed_character_count\":\"0\",\"newsfeed_layout\":\"\",\"feed_display_order\":\"\"}','2017-11-06 07:13:53',42,'Joomla','0000-00-00 00:00:00',0,'','','{\"robots\":\"\",\"rights\":\"\"}','','0000-00-00 00:00:00','0000-00-00 00:00:00','',1,0,''),(17,4,'Joomla! Connect','joomla-connect','http://feeds.joomla.org/JoomlaConnect',1,5,3600,0,'0000-00-00 00:00:00',3,1,1,'en-GB','{\"show_feed_image\":\"\",\"show_feed_description\":\"\",\"show_item_description\":\"\",\"feed_character_count\":\"0\",\"newsfeed_layout\":\"\",\"feed_display_order\":\"\"}','2017-11-06 07:13:53',42,'Joomla','0000-00-00 00:00:00',0,'','','{\"robots\":\"\",\"rights\":\"\"}','','0000-00-00 00:00:00','0000-00-00 00:00:00','',1,0,'');

--
-- Table structure for table `jos_notifications`
--

CREATE TABLE `jos_notifications` (
  `id` int NOT NULL AUTO_INCREMENT,
  `empid` int NOT NULL,
  `title` text CHARACTER SET utf8mb3 COLLATE utf8mb3_unicode_ci NOT NULL,
  `msg` text CHARACTER SET utf8mb3 COLLATE utf8mb3_unicode_ci NOT NULL,
  `datetime` datetime NOT NULL,
  `type` varchar(255) CHARACTER SET utf8mb3 COLLATE utf8mb3_unicode_ci NOT NULL,
  `status` int NOT NULL,
  PRIMARY KEY (`id`)
) ENGINE=InnoDB AUTO_INCREMENT=22 DEFAULT CHARSET=utf8mb3 COLLATE=utf8mb3_unicode_ci;

--
-- Dumping data for table `jos_notifications`
--

INSERT INTO `jos_notifications` (`id`, `empid`, `title`, `msg`, `datetime`, `type`, `status`) VALUES (1,1,'shital testing1 has requested for CL - Casual Leave leave','01-09-2024 to 2024-08-31 - full day - Ok ','2024-08-30 18:28:25','Leave Request',0),(2,1,'suhel test has requested for leave','From 4-2-2025 to 5-2-2025','2025-02-05 12:59:00','request',0),(3,2,'suhel test has requested for leave','From 4-2-2025 to 5-2-2025','2025-02-05 12:59:00','request',0),(4,3,'suhel test has requested for leave','From 4-2-2025 to 5-2-2025','2025-02-05 12:59:00','request',0),(5,15,'suhel test has requested for leave','From 4-2-2025 to 5-2-2025','2025-02-05 12:59:00','request',0),(6,1,'suhel test has requested for leave','From 1-2-2025 to 2-2-2025','2025-02-05 01:00:00','request',0),(7,2,'suhel test has requested for leave','From 1-2-2025 to 2-2-2025','2025-02-05 01:00:00','request',0),(8,3,'suhel test has requested for leave','From 1-2-2025 to 2-2-2025','2025-02-05 01:00:00','request',0),(9,15,'suhel test has requested for leave','From 1-2-2025 to 2-2-2025','2025-02-05 01:00:00','request',0),(10,1,'suhel test has requested for leave','For 31-1-2025','2025-02-05 01:12:00','request',0),(11,2,'suhel test has requested for leave','For 31-1-2025','2025-02-05 01:12:00','request',0),(12,3,'suhel test has requested for leave','For 31-1-2025','2025-02-05 01:12:00','request',0),(13,15,'suhel test has requested for leave','For 31-1-2025','2025-02-05 01:12:00','request',0),(14,1,'suhel test has requested for leave','For 7-2-2025','2025-02-07 11:50:00','request',0),(15,2,'suhel test has requested for leave','For 7-2-2025','2025-02-07 11:50:00','request',0),(16,3,'suhel test has requested for leave','For 7-2-2025','2025-02-07 11:50:00','request',0),(17,15,'suhel test has requested for leave','For 7-2-2025','2025-02-07 11:50:00','request',0),(18,1,'suhel test has requested for leave','For 17-2-2025','2025-02-07 12:13:00','request',0),(19,2,'suhel test has requested for leave','For 17-2-2025','2025-02-07 12:13:00','request',0),(20,3,'suhel test has requested for leave','For 17-2-2025','2025-02-07 12:13:00','request',0),(21,15,'suhel test has requested for leave','For 17-2-2025','2025-02-07 12:13:00','request',0);

--
-- Table structure for table `jos_overrider`
--

CREATE TABLE `jos_overrider` (
  `id` int NOT NULL AUTO_INCREMENT COMMENT 'Primary Key',
  `constant` varchar(255) NOT NULL,
  `string` mediumtext NOT NULL,
  `file` varchar(255) NOT NULL,
  PRIMARY KEY (`id`)
) ENGINE=MyISAM DEFAULT CHARSET=utf8mb3;

--
-- Dumping data for table `jos_overrider`
--


--
-- Table structure for table `jos_payroll_documenttype`
--

CREATE TABLE `jos_payroll_documenttype` (
  `id` int unsigned NOT NULL AUTO_INCREMENT,
  `created_by` int NOT NULL DEFAULT '0',
  `modified_by` int NOT NULL DEFAULT '0',
  `documenttype` varchar(255) CHARACTER SET utf8mb4 COLLATE utf8mb4_unicode_ci NOT NULL,
  PRIMARY KEY (`id`)
) ENGINE=InnoDB AUTO_INCREMENT=13 DEFAULT CHARSET=utf8mb4 COLLATE=utf8mb4_unicode_ci;

--
-- Dumping data for table `jos_payroll_documenttype`
--

INSERT INTO `jos_payroll_documenttype` (`id`, `created_by`, `modified_by`, `documenttype`) VALUES (2,76,76,'Pan Card'),(3,76,76,'Adhar Card'),(4,76,76,'voting Card'),(10,76,76,'test');

--
-- Table structure for table `jos_payroll_documenttype_editlog`
--

CREATE TABLE `jos_payroll_documenttype_editlog` (
  `id` int unsigned NOT NULL AUTO_INCREMENT,
  `docid` int NOT NULL,
  `date` datetime NOT NULL,
  `created_by` int NOT NULL DEFAULT '0',
  `modified_by` int NOT NULL DEFAULT '0',
  `documenttype` varchar(255) CHARACTER SET utf8mb4 COLLATE utf8mb4_unicode_ci NOT NULL,
  `modify_by` int NOT NULL,
  PRIMARY KEY (`id`)
) ENGINE=InnoDB DEFAULT CHARSET=utf8mb4 COLLATE=utf8mb4_unicode_ci;

--
-- Dumping data for table `jos_payroll_documenttype_editlog`
--


--
-- Table structure for table `jos_postinstall_messages`
--

CREATE TABLE `jos_postinstall_messages` (
  `postinstall_message_id` bigint unsigned NOT NULL AUTO_INCREMENT,
  `extension_id` bigint NOT NULL DEFAULT '700' COMMENT 'FK to #__extensions',
  `title_key` varchar(255) NOT NULL DEFAULT '' COMMENT 'Lang key for the title',
  `description_key` varchar(255) NOT NULL DEFAULT '' COMMENT 'Lang key for description',
  `action_key` varchar(255) NOT NULL DEFAULT '',
  `language_extension` varchar(255) NOT NULL DEFAULT 'com_postinstall' COMMENT 'Extension holding lang keys',
  `language_client_id` tinyint NOT NULL DEFAULT '1',
  `type` varchar(10) NOT NULL DEFAULT 'link' COMMENT 'Message type - message, link, action',
  `action_file` varchar(255) DEFAULT '' COMMENT 'RAD URI to the PHP file containing action method',
  `action` varchar(255) DEFAULT '' COMMENT 'Action method name or URL',
  `condition_file` varchar(255) DEFAULT NULL COMMENT 'RAD URI to file holding display condition method',
  `condition_method` varchar(255) DEFAULT NULL COMMENT 'Display condition method, must return boolean',
  `version_introduced` varchar(50) NOT NULL DEFAULT '3.2.0' COMMENT 'Version when this message was introduced',
  `enabled` tinyint NOT NULL DEFAULT '1',
  PRIMARY KEY (`postinstall_message_id`)
) ENGINE=MyISAM AUTO_INCREMENT=15 DEFAULT CHARSET=utf8mb3;

--
-- Dumping data for table `jos_postinstall_messages`
--

INSERT INTO `jos_postinstall_messages` (`postinstall_message_id`, `extension_id`, `title_key`, `description_key`, `action_key`, `language_extension`, `language_client_id`, `type`, `action_file`, `action`, `condition_file`, `condition_method`, `version_introduced`, `enabled`) VALUES (1,700,'PLG_TWOFACTORAUTH_TOTP_POSTINSTALL_TITLE','PLG_TWOFACTORAUTH_TOTP_POSTINSTALL_BODY','PLG_TWOFACTORAUTH_TOTP_POSTINSTALL_ACTION','plg_twofactorauth_totp',1,'action','site://plugins/twofactorauth/totp/postinstall/actions.php','twofactorauth_postinstall_action','site://plugins/twofactorauth/totp/postinstall/actions.php','twofactorauth_postinstall_condition','3.2.0',1),(2,700,'COM_CPANEL_MSG_EACCELERATOR_TITLE','COM_CPANEL_MSG_EACCELERATOR_BODY','COM_CPANEL_MSG_EACCELERATOR_BUTTON','com_cpanel',1,'action','admin://components/com_admin/postinstall/eaccelerator.php','admin_postinstall_eaccelerator_action','admin://components/com_admin/postinstall/eaccelerator.php','admin_postinstall_eaccelerator_condition','3.2.0',1),(3,700,'PLG_USER_JOOMLA_POSTINSTALL_STRONGPW_TITLE','PLG_USER_JOOMLA_POSTINSTALL_STRONGPW_TEXT','PLG_USER_JOOMLA_POSTINSTALL_STRONGPW_BTN','plg_user_joomla',1,'action','site://plugins/user/joomla/postinstall/actions.php','plguserjoomla_postinstall_action','site://plugins/user/joomla/postinstall/actions.php','plguserjoomla_postinstall_condition','3.2.0',1),(4,700,'COM_CPANEL_MSG_HTACCESS_TITLE','COM_CPANEL_MSG_HTACCESS_BODY','','com_cpanel',1,'message','','','admin://components/com_admin/postinstall/htaccess.php','admin_postinstall_htaccess_condition','3.4.0',1),(5,700,'COM_CPANEL_MSG_ROBOTS_TITLE','COM_CPANEL_MSG_ROBOTS_BODY','','com_cpanel',1,'message','','','','','3.3.0',1),(6,700,'COM_CPANEL_MSG_LANGUAGEACCESS340_TITLE','COM_CPANEL_MSG_LANGUAGEACCESS340_BODY','','com_cpanel',1,'message','','','admin://components/com_admin/postinstall/languageaccess340.php','admin_postinstall_languageaccess340_condition','3.4.1',1),(7,700,'COM_CPANEL_MSG_STATS_COLLECTION_TITLE','COM_CPANEL_MSG_STATS_COLLECTION_BODY','','com_cpanel',1,'message','','','admin://components/com_admin/postinstall/statscollection.php','admin_postinstall_statscollection_condition','3.5.0',1),(8,700,'PLG_SYSTEM_UPDATENOTIFICATION_POSTINSTALL_UPDATECACHETIME','PLG_SYSTEM_UPDATENOTIFICATION_POSTINSTALL_UPDATECACHETIME_BODY','PLG_SYSTEM_UPDATENOTIFICATION_POSTINSTALL_UPDATECACHETIME_ACTION','plg_system_updatenotification',1,'action','site://plugins/system/updatenotification/postinstall/updatecachetime.php','updatecachetime_postinstall_action','site://plugins/system/updatenotification/postinstall/updatecachetime.php','updatecachetime_postinstall_condition','3.6.3',1),(9,700,'COM_CPANEL_MSG_JOOMLA40_PRE_CHECKS_TITLE','COM_CPANEL_MSG_JOOMLA40_PRE_CHECKS_BODY','','com_cpanel',1,'message','','','admin://components/com_admin/postinstall/joomla40checks.php','admin_postinstall_joomla40checks_condition','3.7.0',1),(10,700,'TPL_HATHOR_MESSAGE_POSTINSTALL_TITLE','TPL_HATHOR_MESSAGE_POSTINSTALL_BODY','TPL_HATHOR_MESSAGE_POSTINSTALL_ACTION','tpl_hathor',1,'action','admin://templates/hathor/postinstall/hathormessage.php','hathormessage_postinstall_action','admin://templates/hathor/postinstall/hathormessage.php','hathormessage_postinstall_condition','3.7.0',1),(11,700,'PLG_PLG_RECAPTCHA_VERSION_1_POSTINSTALL_TITLE','PLG_PLG_RECAPTCHA_VERSION_1_POSTINSTALL_BODY','PLG_PLG_RECAPTCHA_VERSION_1_POSTINSTALL_ACTION','plg_captcha_recaptcha',1,'action','site://plugins/captcha/recaptcha/postinstall/actions.php','recaptcha_postinstall_action','site://plugins/captcha/recaptcha/postinstall/actions.php','recaptcha_postinstall_condition','3.8.6',1),(12,700,'COM_CPANEL_MSG_UPDATEDEFAULTSETTINGS_TITLE','COM_CPANEL_MSG_UPDATEDEFAULTSETTINGS_BODY','','com_cpanel',1,'message','','','admin://components/com_admin/postinstall/updatedefaultsettings.php','admin_postinstall_updatedefaultsettings_condition','3.8.8',1),(13,700,'COM_ACTIONLOGS_POSTINSTALL_TITLE','COM_ACTIONLOGS_POSTINSTALL_BODY','','com_actionlogs',1,'message','','','','','3.9.0',1),(14,700,'COM_PRIVACY_POSTINSTALL_TITLE','COM_PRIVACY_POSTINSTALL_BODY','','com_privacy',1,'message','','','','','3.9.0',1);

--
-- Table structure for table `jos_privacy_consents`
--

CREATE TABLE `jos_privacy_consents` (
  `id` int unsigned NOT NULL AUTO_INCREMENT,
  `user_id` int unsigned NOT NULL DEFAULT '0',
  `state` int NOT NULL DEFAULT '1',
  `created` datetime NOT NULL DEFAULT '0000-00-00 00:00:00',
  `subject` varchar(255) CHARACTER SET utf8mb4 COLLATE utf8mb4_unicode_ci NOT NULL DEFAULT '',
  `body` text CHARACTER SET utf8mb4 COLLATE utf8mb4_unicode_ci NOT NULL,
  `remind` tinyint NOT NULL DEFAULT '0',
  `token` varchar(100) CHARACTER SET utf8mb4 COLLATE utf8mb4_unicode_ci NOT NULL DEFAULT '',
  PRIMARY KEY (`id`),
  KEY `idx_user_id` (`user_id`)
) ENGINE=InnoDB DEFAULT CHARSET=utf8mb4 COLLATE=utf8mb4_unicode_ci;

--
-- Dumping data for table `jos_privacy_consents`
--


--
-- Table structure for table `jos_privacy_requests`
--

CREATE TABLE `jos_privacy_requests` (
  `id` int unsigned NOT NULL AUTO_INCREMENT,
  `email` varchar(100) CHARACTER SET utf8mb4 COLLATE utf8mb4_unicode_ci NOT NULL DEFAULT '',
  `requested_at` datetime NOT NULL DEFAULT '0000-00-00 00:00:00',
  `status` tinyint NOT NULL DEFAULT '0',
  `request_type` varchar(25) CHARACTER SET utf8mb4 COLLATE utf8mb4_unicode_ci NOT NULL DEFAULT '',
  `confirm_token` varchar(100) CHARACTER SET utf8mb4 COLLATE utf8mb4_unicode_ci NOT NULL DEFAULT '',
  `confirm_token_created_at` datetime NOT NULL DEFAULT '0000-00-00 00:00:00',
  PRIMARY KEY (`id`)
) ENGINE=InnoDB DEFAULT CHARSET=utf8mb4 COLLATE=utf8mb4_unicode_ci;

--
-- Dumping data for table `jos_privacy_requests`
--


--
-- Table structure for table `jos_redirect_links`
--

CREATE TABLE `jos_redirect_links` (
  `id` int unsigned NOT NULL AUTO_INCREMENT,
  `old_url` varchar(2048) NOT NULL,
  `new_url` varchar(2048) DEFAULT NULL,
  `referer` varchar(2048) NOT NULL,
  `comment` varchar(255) NOT NULL DEFAULT '',
  `hits` int unsigned NOT NULL DEFAULT '0',
  `published` tinyint NOT NULL,
  `created_date` datetime NOT NULL DEFAULT '0000-00-00 00:00:00',
  `modified_date` datetime NOT NULL DEFAULT '0000-00-00 00:00:00',
  `header` smallint NOT NULL DEFAULT '301',
  PRIMARY KEY (`id`),
  KEY `idx_link_modifed` (`modified_date`),
  KEY `idx_old_url` (`old_url`(100))
) ENGINE=InnoDB DEFAULT CHARSET=utf8mb3;

--
-- Dumping data for table `jos_redirect_links`
--


--
-- Table structure for table `jos_schemas`
--

CREATE TABLE `jos_schemas` (
  `extension_id` int NOT NULL,
  `version_id` varchar(20) NOT NULL,
  PRIMARY KEY (`extension_id`,`version_id`)
) ENGINE=InnoDB DEFAULT CHARSET=utf8mb3;

--
-- Dumping data for table `jos_schemas`
--

INSERT INTO `jos_schemas` (`extension_id`, `version_id`) VALUES (700,'3.10.7-2022-03-18'),(10062,'3.9.19335'),(10063,'3.2.9744'),(10343,'0.0.1');

--
-- Table structure for table `jos_session`
--

CREATE TABLE `jos_session` (
  `session_id` varbinary(192) NOT NULL,
  `client_id` tinyint unsigned DEFAULT NULL,
  `guest` tinyint unsigned DEFAULT '1',
  `time` int NOT NULL DEFAULT '0',
  `data` longtext,
  `userid` int DEFAULT '0',
  `username` varchar(150) DEFAULT '',
  PRIMARY KEY (`session_id`),
  KEY `userid` (`userid`),
  KEY `time` (`time`),
  KEY `client_id_guest` (`client_id`,`guest`)
) ENGINE=InnoDB DEFAULT CHARSET=utf8mb3;

--
-- Dumping data for table `jos_session`
--

INSERT INTO `jos_session` (`session_id`, `client_id`, `guest`, `time`, `data`, `userid`, `username`) VALUES (_binary '055debb91cfaa32c1f763744423795ed',0,1,1775487225,'joomla|s:1040:\"TzoyNDoiSm9vbWxhXFJlZ2lzdHJ5XFJlZ2lzdHJ5IjozOntzOjc6IgAqAGRhdGEiO086ODoic3RkQ2xhc3MiOjE6e3M6OToiX19kZWZhdWx0IjtPOjg6InN0ZENsYXNzIjozOntzOjc6InNlc3Npb24iO086ODoic3RkQ2xhc3MiOjM6e3M6NzoiY291bnRlciI7aToxO3M6NToidGltZXIiO086ODoic3RkQ2xhc3MiOjM6e3M6NToic3RhcnQiO2k6MTc3NTQ4NzIyNTtzOjQ6Imxhc3QiO2k6MTc3NTQ4NzIyNTtzOjM6Im5vdyI7aToxNzc1NDg3MjI1O31zOjU6InRva2VuIjtzOjMyOiJMODVrZ09BYjdDMEhnWjZIaGE5VlpudEFvdWlaU1JsOCI7fXM6ODoicmVnaXN0cnkiO086MjQ6Ikpvb21sYVxSZWdpc3RyeVxSZWdpc3RyeSI6Mzp7czo3OiIAKgBkYXRhIjtPOjg6InN0ZENsYXNzIjo0OntzOjU6InVzZXJzIjtPOjg6InN0ZENsYXNzIjoxOntzOjU6ImxvZ2luIjtPOjg6InN0ZENsYXNzIjoxOntzOjQ6ImZvcm0iO086ODoic3RkQ2xhc3MiOjE6e3M6NDoiZGF0YSI7YTowOnt9fX19czoxMzoiY3VycmVudF90aGVtZSI7czo5OiJkYXJrX2dyYXkiO3M6MTc6ImN1cnJlbnRfZGlyZWN0aW9uIjtzOjM6Imx0ciI7czoxNzoiY3VycmVudF9rZXlfc3VmaXgiO3M6MTQ6Il9kYXJrX2dyYXlfbHRyIjt9czoxNDoiACoAaW5pdGlhbGl6ZWQiO2I6MDtzOjk6InNlcGFyYXRvciI7czoxOiIuIjt9czo0OiJ1c2VyIjtPOjIwOiJKb29tbGFcQ01TXFVzZXJcVXNlciI6MTp7czoyOiJpZCI7aTowO319fXM6MTQ6IgAqAGluaXRpYWxpemVkIjtiOjA7czo5OiJzZXBhcmF0b3IiO3M6MToiLiI7fQ==\";',0,''),(_binary '09c95ab5d9b3871af28ec7aaa51b339b',0,1,1775349383,'joomla|s:1040:\"TzoyNDoiSm9vbWxhXFJlZ2lzdHJ5XFJlZ2lzdHJ5IjozOntzOjc6IgAqAGRhdGEiO086ODoic3RkQ2xhc3MiOjE6e3M6OToiX19kZWZhdWx0IjtPOjg6InN0ZENsYXNzIjozOntzOjc6InNlc3Npb24iO086ODoic3RkQ2xhc3MiOjM6e3M6NzoiY291bnRlciI7aToxO3M6NToidGltZXIiO086ODoic3RkQ2xhc3MiOjM6e3M6NToic3RhcnQiO2k6MTc3NTM0OTM4MztzOjQ6Imxhc3QiO2k6MTc3NTM0OTM4MztzOjM6Im5vdyI7aToxNzc1MzQ5MzgzO31zOjU6InRva2VuIjtzOjMyOiJtRTVqcjBPYmlyNW1XaXU5QWhsdXJNcXFUMENNMkhqOSI7fXM6ODoicmVnaXN0cnkiO086MjQ6Ikpvb21sYVxSZWdpc3RyeVxSZWdpc3RyeSI6Mzp7czo3OiIAKgBkYXRhIjtPOjg6InN0ZENsYXNzIjo0OntzOjU6InVzZXJzIjtPOjg6InN0ZENsYXNzIjoxOntzOjU6ImxvZ2luIjtPOjg6InN0ZENsYXNzIjoxOntzOjQ6ImZvcm0iO086ODoic3RkQ2xhc3MiOjE6e3M6NDoiZGF0YSI7YTowOnt9fX19czoxMzoiY3VycmVudF90aGVtZSI7czo5OiJkYXJrX2dyYXkiO3M6MTc6ImN1cnJlbnRfZGlyZWN0aW9uIjtzOjM6Imx0ciI7czoxNzoiY3VycmVudF9rZXlfc3VmaXgiO3M6MTQ6Il9kYXJrX2dyYXlfbHRyIjt9czoxNDoiACoAaW5pdGlhbGl6ZWQiO2I6MDtzOjk6InNlcGFyYXRvciI7czoxOiIuIjt9czo0OiJ1c2VyIjtPOjIwOiJKb29tbGFcQ01TXFVzZXJcVXNlciI6MTp7czoyOiJpZCI7aTowO319fXM6MTQ6IgAqAGluaXRpYWxpemVkIjtiOjA7czo5OiJzZXBhcmF0b3IiO3M6MToiLiI7fQ==\";',0,''),(_binary '09d7d89f7e61af221596b9d51dac7b75',0,1,1775348837,'joomla|s:1040:\"TzoyNDoiSm9vbWxhXFJlZ2lzdHJ5XFJlZ2lzdHJ5IjozOntzOjc6IgAqAGRhdGEiO086ODoic3RkQ2xhc3MiOjE6e3M6OToiX19kZWZhdWx0IjtPOjg6InN0ZENsYXNzIjozOntzOjc6InNlc3Npb24iO086ODoic3RkQ2xhc3MiOjM6e3M6NzoiY291bnRlciI7aToxO3M6NToidGltZXIiO086ODoic3RkQ2xhc3MiOjM6e3M6NToic3RhcnQiO2k6MTc3NTM0ODgzNztzOjQ6Imxhc3QiO2k6MTc3NTM0ODgzNztzOjM6Im5vdyI7aToxNzc1MzQ4ODM3O31zOjU6InRva2VuIjtzOjMyOiI0clVHeEpldmtlR3hlQVdLbHp0Q1FHVExIRkpJOVozNSI7fXM6ODoicmVnaXN0cnkiO086MjQ6Ikpvb21sYVxSZWdpc3RyeVxSZWdpc3RyeSI6Mzp7czo3OiIAKgBkYXRhIjtPOjg6InN0ZENsYXNzIjo0OntzOjU6InVzZXJzIjtPOjg6InN0ZENsYXNzIjoxOntzOjU6ImxvZ2luIjtPOjg6InN0ZENsYXNzIjoxOntzOjQ6ImZvcm0iO086ODoic3RkQ2xhc3MiOjE6e3M6NDoiZGF0YSI7YTowOnt9fX19czoxMzoiY3VycmVudF90aGVtZSI7czo5OiJkYXJrX2dyYXkiO3M6MTc6ImN1cnJlbnRfZGlyZWN0aW9uIjtzOjM6Imx0ciI7czoxNzoiY3VycmVudF9rZXlfc3VmaXgiO3M6MTQ6Il9kYXJrX2dyYXlfbHRyIjt9czoxNDoiACoAaW5pdGlhbGl6ZWQiO2I6MDtzOjk6InNlcGFyYXRvciI7czoxOiIuIjt9czo0OiJ1c2VyIjtPOjIwOiJKb29tbGFcQ01TXFVzZXJcVXNlciI6MTp7czoyOiJpZCI7aTowO319fXM6MTQ6IgAqAGluaXRpYWxpemVkIjtiOjA7czo5OiJzZXBhcmF0b3IiO3M6MToiLiI7fQ==\";',0,''),(_binary '0a407712bd3b6a02c2b083b609b62e1a',0,1,1775253180,'joomla|s:1040:\"TzoyNDoiSm9vbWxhXFJlZ2lzdHJ5XFJlZ2lzdHJ5IjozOntzOjc6IgAqAGRhdGEiO086ODoic3RkQ2xhc3MiOjE6e3M6OToiX19kZWZhdWx0IjtPOjg6InN0ZENsYXNzIjozOntzOjc6InNlc3Npb24iO086ODoic3RkQ2xhc3MiOjM6e3M6NzoiY291bnRlciI7aTozO3M6NToidGltZXIiO086ODoic3RkQ2xhc3MiOjM6e3M6NToic3RhcnQiO2k6MTc3NTI1MzE3OTtzOjQ6Imxhc3QiO2k6MTc3NTI1MzE3OTtzOjM6Im5vdyI7aToxNzc1MjUzMTgwO31zOjU6InRva2VuIjtzOjMyOiJIZ011WGhzTWxhVXJiYXh5aUtCT1FmM3B0MnBsN3laNyI7fXM6ODoicmVnaXN0cnkiO086MjQ6Ikpvb21sYVxSZWdpc3RyeVxSZWdpc3RyeSI6Mzp7czo3OiIAKgBkYXRhIjtPOjg6InN0ZENsYXNzIjo0OntzOjU6InVzZXJzIjtPOjg6InN0ZENsYXNzIjoxOntzOjU6ImxvZ2luIjtPOjg6InN0ZENsYXNzIjoxOntzOjQ6ImZvcm0iO086ODoic3RkQ2xhc3MiOjE6e3M6NDoiZGF0YSI7YTowOnt9fX19czoxMzoiY3VycmVudF90aGVtZSI7czo5OiJkYXJrX2dyYXkiO3M6MTc6ImN1cnJlbnRfZGlyZWN0aW9uIjtzOjM6Imx0ciI7czoxNzoiY3VycmVudF9rZXlfc3VmaXgiO3M6MTQ6Il9kYXJrX2dyYXlfbHRyIjt9czoxNDoiACoAaW5pdGlhbGl6ZWQiO2I6MDtzOjk6InNlcGFyYXRvciI7czoxOiIuIjt9czo0OiJ1c2VyIjtPOjIwOiJKb29tbGFcQ01TXFVzZXJcVXNlciI6MTp7czoyOiJpZCI7aTowO319fXM6MTQ6IgAqAGluaXRpYWxpemVkIjtiOjA7czo5OiJzZXBhcmF0b3IiO3M6MToiLiI7fQ==\";',0,''),(_binary '17dc13fec0922a772ffc3b24c5c5b9cf',1,1,1775215382,'joomla|s:736:\"TzoyNDoiSm9vbWxhXFJlZ2lzdHJ5XFJlZ2lzdHJ5IjozOntzOjc6IgAqAGRhdGEiO086ODoic3RkQ2xhc3MiOjE6e3M6OToiX19kZWZhdWx0IjtPOjg6InN0ZENsYXNzIjozOntzOjc6InNlc3Npb24iO086ODoic3RkQ2xhc3MiOjM6e3M6NzoiY291bnRlciI7aToxO3M6NToidGltZXIiO086ODoic3RkQ2xhc3MiOjM6e3M6NToic3RhcnQiO2k6MTc3NTIxNTM4MjtzOjQ6Imxhc3QiO2k6MTc3NTIxNTM4MjtzOjM6Im5vdyI7aToxNzc1MjE1MzgyO31zOjU6InRva2VuIjtzOjMyOiJrRHpDZmhXTnZ2UVgwSFRJa2hROXBDYUx4SDRhUHVZNyI7fXM6ODoicmVnaXN0cnkiO086MjQ6Ikpvb21sYVxSZWdpc3RyeVxSZWdpc3RyeSI6Mzp7czo3OiIAKgBkYXRhIjtPOjg6InN0ZENsYXNzIjowOnt9czoxNDoiACoAaW5pdGlhbGl6ZWQiO2I6MDtzOjk6InNlcGFyYXRvciI7czoxOiIuIjt9czo0OiJ1c2VyIjtPOjIwOiJKb29tbGFcQ01TXFVzZXJcVXNlciI6MTp7czoyOiJpZCI7aTowO319fXM6MTQ6IgAqAGluaXRpYWxpemVkIjtiOjA7czo5OiJzZXBhcmF0b3IiO3M6MToiLiI7fQ==\";',0,''),(_binary '18af1501fa1a0c92a72c3f50f3b7d5a4',0,1,1775386585,'joomla|s:1040:\"TzoyNDoiSm9vbWxhXFJlZ2lzdHJ5XFJlZ2lzdHJ5IjozOntzOjc6IgAqAGRhdGEiO086ODoic3RkQ2xhc3MiOjE6e3M6OToiX19kZWZhdWx0IjtPOjg6InN0ZENsYXNzIjozOntzOjc6InNlc3Npb24iO086ODoic3RkQ2xhc3MiOjM6e3M6NzoiY291bnRlciI7aToxO3M6NToidGltZXIiO086ODoic3RkQ2xhc3MiOjM6e3M6NToic3RhcnQiO2k6MTc3NTM4NjU4NTtzOjQ6Imxhc3QiO2k6MTc3NTM4NjU4NTtzOjM6Im5vdyI7aToxNzc1Mzg2NTg1O31zOjU6InRva2VuIjtzOjMyOiJBMmROdlZLNUtjbklZbWR3bDVyWDRROXVRTDFYa0ROMSI7fXM6ODoicmVnaXN0cnkiO086MjQ6Ikpvb21sYVxSZWdpc3RyeVxSZWdpc3RyeSI6Mzp7czo3OiIAKgBkYXRhIjtPOjg6InN0ZENsYXNzIjo0OntzOjU6InVzZXJzIjtPOjg6InN0ZENsYXNzIjoxOntzOjU6ImxvZ2luIjtPOjg6InN0ZENsYXNzIjoxOntzOjQ6ImZvcm0iO086ODoic3RkQ2xhc3MiOjE6e3M6NDoiZGF0YSI7YTowOnt9fX19czoxMzoiY3VycmVudF90aGVtZSI7czo5OiJkYXJrX2dyYXkiO3M6MTc6ImN1cnJlbnRfZGlyZWN0aW9uIjtzOjM6Imx0ciI7czoxNzoiY3VycmVudF9rZXlfc3VmaXgiO3M6MTQ6Il9kYXJrX2dyYXlfbHRyIjt9czoxNDoiACoAaW5pdGlhbGl6ZWQiO2I6MDtzOjk6InNlcGFyYXRvciI7czoxOiIuIjt9czo0OiJ1c2VyIjtPOjIwOiJKb29tbGFcQ01TXFVzZXJcVXNlciI6MTp7czoyOiJpZCI7aTowO319fXM6MTQ6IgAqAGluaXRpYWxpemVkIjtiOjA7czo5OiJzZXBhcmF0b3IiO3M6MToiLiI7fQ==\";',0,''),(_binary '1a2b4aa0d5f13116679d05ab67f96ed0',0,1,1775247741,'joomla|s:1040:\"TzoyNDoiSm9vbWxhXFJlZ2lzdHJ5XFJlZ2lzdHJ5IjozOntzOjc6IgAqAGRhdGEiO086ODoic3RkQ2xhc3MiOjE6e3M6OToiX19kZWZhdWx0IjtPOjg6InN0ZENsYXNzIjozOntzOjc6InNlc3Npb24iO086ODoic3RkQ2xhc3MiOjM6e3M6NzoiY291bnRlciI7aToxO3M6NToidGltZXIiO086ODoic3RkQ2xhc3MiOjM6e3M6NToic3RhcnQiO2k6MTc3NTI0Nzc0MTtzOjQ6Imxhc3QiO2k6MTc3NTI0Nzc0MTtzOjM6Im5vdyI7aToxNzc1MjQ3NzQxO31zOjU6InRva2VuIjtzOjMyOiIyMkxld2hXQndZeTE3UzNoYXY0YVdpaGFwck1MNUlsNyI7fXM6ODoicmVnaXN0cnkiO086MjQ6Ikpvb21sYVxSZWdpc3RyeVxSZWdpc3RyeSI6Mzp7czo3OiIAKgBkYXRhIjtPOjg6InN0ZENsYXNzIjo0OntzOjU6InVzZXJzIjtPOjg6InN0ZENsYXNzIjoxOntzOjU6ImxvZ2luIjtPOjg6InN0ZENsYXNzIjoxOntzOjQ6ImZvcm0iO086ODoic3RkQ2xhc3MiOjE6e3M6NDoiZGF0YSI7YTowOnt9fX19czoxMzoiY3VycmVudF90aGVtZSI7czo5OiJkYXJrX2dyYXkiO3M6MTc6ImN1cnJlbnRfZGlyZWN0aW9uIjtzOjM6Imx0ciI7czoxNzoiY3VycmVudF9rZXlfc3VmaXgiO3M6MTQ6Il9kYXJrX2dyYXlfbHRyIjt9czoxNDoiACoAaW5pdGlhbGl6ZWQiO2I6MDtzOjk6InNlcGFyYXRvciI7czoxOiIuIjt9czo0OiJ1c2VyIjtPOjIwOiJKb29tbGFcQ01TXFVzZXJcVXNlciI6MTp7czoyOiJpZCI7aTowO319fXM6MTQ6IgAqAGluaXRpYWxpemVkIjtiOjA7czo5OiJzZXBhcmF0b3IiO3M6MToiLiI7fQ==\";',0,''),(_binary '1c3b1a6bbc2e6bc04f04e5c663c05e58',0,1,1775348807,'joomla|s:1040:\"TzoyNDoiSm9vbWxhXFJlZ2lzdHJ5XFJlZ2lzdHJ5IjozOntzOjc6IgAqAGRhdGEiO086ODoic3RkQ2xhc3MiOjE6e3M6OToiX19kZWZhdWx0IjtPOjg6InN0ZENsYXNzIjozOntzOjc6InNlc3Npb24iO086ODoic3RkQ2xhc3MiOjM6e3M6NzoiY291bnRlciI7aToxO3M6NToidGltZXIiO086ODoic3RkQ2xhc3MiOjM6e3M6NToic3RhcnQiO2k6MTc3NTM0ODgwNjtzOjQ6Imxhc3QiO2k6MTc3NTM0ODgwNjtzOjM6Im5vdyI7aToxNzc1MzQ4ODA2O31zOjU6InRva2VuIjtzOjMyOiJMcVNGSFRMc1J5NnRFem5MZ2VKS3ZMMnRqbTV3M1QxYiI7fXM6ODoicmVnaXN0cnkiO086MjQ6Ikpvb21sYVxSZWdpc3RyeVxSZWdpc3RyeSI6Mzp7czo3OiIAKgBkYXRhIjtPOjg6InN0ZENsYXNzIjo0OntzOjU6InVzZXJzIjtPOjg6InN0ZENsYXNzIjoxOntzOjU6ImxvZ2luIjtPOjg6InN0ZENsYXNzIjoxOntzOjQ6ImZvcm0iO086ODoic3RkQ2xhc3MiOjE6e3M6NDoiZGF0YSI7YTowOnt9fX19czoxMzoiY3VycmVudF90aGVtZSI7czo5OiJkYXJrX2dyYXkiO3M6MTc6ImN1cnJlbnRfZGlyZWN0aW9uIjtzOjM6Imx0ciI7czoxNzoiY3VycmVudF9rZXlfc3VmaXgiO3M6MTQ6Il9kYXJrX2dyYXlfbHRyIjt9czoxNDoiACoAaW5pdGlhbGl6ZWQiO2I6MDtzOjk6InNlcGFyYXRvciI7czoxOiIuIjt9czo0OiJ1c2VyIjtPOjIwOiJKb29tbGFcQ01TXFVzZXJcVXNlciI6MTp7czoyOiJpZCI7aTowO319fXM6MTQ6IgAqAGluaXRpYWxpemVkIjtiOjA7czo5OiJzZXBhcmF0b3IiO3M6MToiLiI7fQ==\";',0,''),(_binary '30c97d2cca42dc58c419bac3c4d5bf30',0,1,1775218430,'joomla|s:1040:\"TzoyNDoiSm9vbWxhXFJlZ2lzdHJ5XFJlZ2lzdHJ5IjozOntzOjc6IgAqAGRhdGEiO086ODoic3RkQ2xhc3MiOjE6e3M6OToiX19kZWZhdWx0IjtPOjg6InN0ZENsYXNzIjozOntzOjc6InNlc3Npb24iO086ODoic3RkQ2xhc3MiOjM6e3M6NzoiY291bnRlciI7aToxO3M6NToidGltZXIiO086ODoic3RkQ2xhc3MiOjM6e3M6NToic3RhcnQiO2k6MTc3NTIxODQzMDtzOjQ6Imxhc3QiO2k6MTc3NTIxODQzMDtzOjM6Im5vdyI7aToxNzc1MjE4NDMwO31zOjU6InRva2VuIjtzOjMyOiJjc2QzQlNielVGTlVBc252UVJ6RTdBbklnRHY5QnVZTyI7fXM6ODoicmVnaXN0cnkiO086MjQ6Ikpvb21sYVxSZWdpc3RyeVxSZWdpc3RyeSI6Mzp7czo3OiIAKgBkYXRhIjtPOjg6InN0ZENsYXNzIjo0OntzOjU6InVzZXJzIjtPOjg6InN0ZENsYXNzIjoxOntzOjU6ImxvZ2luIjtPOjg6InN0ZENsYXNzIjoxOntzOjQ6ImZvcm0iO086ODoic3RkQ2xhc3MiOjE6e3M6NDoiZGF0YSI7YTowOnt9fX19czoxMzoiY3VycmVudF90aGVtZSI7czo5OiJkYXJrX2dyYXkiO3M6MTc6ImN1cnJlbnRfZGlyZWN0aW9uIjtzOjM6Imx0ciI7czoxNzoiY3VycmVudF9rZXlfc3VmaXgiO3M6MTQ6Il9kYXJrX2dyYXlfbHRyIjt9czoxNDoiACoAaW5pdGlhbGl6ZWQiO2I6MDtzOjk6InNlcGFyYXRvciI7czoxOiIuIjt9czo0OiJ1c2VyIjtPOjIwOiJKb29tbGFcQ01TXFVzZXJcVXNlciI6MTp7czoyOiJpZCI7aTowO319fXM6MTQ6IgAqAGluaXRpYWxpemVkIjtiOjA7czo5OiJzZXBhcmF0b3IiO3M6MToiLiI7fQ==\";',0,''),(_binary '3a37981a67d83fe1e64820ca091d2c50',0,1,1775551262,'joomla|s:1040:\"TzoyNDoiSm9vbWxhXFJlZ2lzdHJ5XFJlZ2lzdHJ5IjozOntzOjc6IgAqAGRhdGEiO086ODoic3RkQ2xhc3MiOjE6e3M6OToiX19kZWZhdWx0IjtPOjg6InN0ZENsYXNzIjozOntzOjc6InNlc3Npb24iO086ODoic3RkQ2xhc3MiOjM6e3M6NzoiY291bnRlciI7aToxO3M6NToidGltZXIiO086ODoic3RkQ2xhc3MiOjM6e3M6NToic3RhcnQiO2k6MTc3NTU1MTI2MjtzOjQ6Imxhc3QiO2k6MTc3NTU1MTI2MjtzOjM6Im5vdyI7aToxNzc1NTUxMjYyO31zOjU6InRva2VuIjtzOjMyOiJ5UzlFbXROZlRMRzJYNEZwM3BIN1ZidEx3dDl0NnA2RyI7fXM6ODoicmVnaXN0cnkiO086MjQ6Ikpvb21sYVxSZWdpc3RyeVxSZWdpc3RyeSI6Mzp7czo3OiIAKgBkYXRhIjtPOjg6InN0ZENsYXNzIjo0OntzOjU6InVzZXJzIjtPOjg6InN0ZENsYXNzIjoxOntzOjU6ImxvZ2luIjtPOjg6InN0ZENsYXNzIjoxOntzOjQ6ImZvcm0iO086ODoic3RkQ2xhc3MiOjE6e3M6NDoiZGF0YSI7YTowOnt9fX19czoxMzoiY3VycmVudF90aGVtZSI7czo5OiJkYXJrX2dyYXkiO3M6MTc6ImN1cnJlbnRfZGlyZWN0aW9uIjtzOjM6Imx0ciI7czoxNzoiY3VycmVudF9rZXlfc3VmaXgiO3M6MTQ6Il9kYXJrX2dyYXlfbHRyIjt9czoxNDoiACoAaW5pdGlhbGl6ZWQiO2I6MDtzOjk6InNlcGFyYXRvciI7czoxOiIuIjt9czo0OiJ1c2VyIjtPOjIwOiJKb29tbGFcQ01TXFVzZXJcVXNlciI6MTp7czoyOiJpZCI7aTowO319fXM6MTQ6IgAqAGluaXRpYWxpemVkIjtiOjA7czo5OiJzZXBhcmF0b3IiO3M6MToiLiI7fQ==\";',0,''),(_binary '4f04841778f2fd448a67651563ea463d',0,1,1775224958,'joomla|s:1040:\"TzoyNDoiSm9vbWxhXFJlZ2lzdHJ5XFJlZ2lzdHJ5IjozOntzOjc6IgAqAGRhdGEiO086ODoic3RkQ2xhc3MiOjE6e3M6OToiX19kZWZhdWx0IjtPOjg6InN0ZENsYXNzIjozOntzOjc6InNlc3Npb24iO086ODoic3RkQ2xhc3MiOjM6e3M6NzoiY291bnRlciI7aToxO3M6NToidGltZXIiO086ODoic3RkQ2xhc3MiOjM6e3M6NToic3RhcnQiO2k6MTc3NTIyNDk1ODtzOjQ6Imxhc3QiO2k6MTc3NTIyNDk1ODtzOjM6Im5vdyI7aToxNzc1MjI0OTU4O31zOjU6InRva2VuIjtzOjMyOiJleFpGS05zbkloOERZM2FKYjVLeVVYWlRJMlNhSmI5UCI7fXM6ODoicmVnaXN0cnkiO086MjQ6Ikpvb21sYVxSZWdpc3RyeVxSZWdpc3RyeSI6Mzp7czo3OiIAKgBkYXRhIjtPOjg6InN0ZENsYXNzIjo0OntzOjU6InVzZXJzIjtPOjg6InN0ZENsYXNzIjoxOntzOjU6ImxvZ2luIjtPOjg6InN0ZENsYXNzIjoxOntzOjQ6ImZvcm0iO086ODoic3RkQ2xhc3MiOjE6e3M6NDoiZGF0YSI7YTowOnt9fX19czoxMzoiY3VycmVudF90aGVtZSI7czo5OiJkYXJrX2dyYXkiO3M6MTc6ImN1cnJlbnRfZGlyZWN0aW9uIjtzOjM6Imx0ciI7czoxNzoiY3VycmVudF9rZXlfc3VmaXgiO3M6MTQ6Il9kYXJrX2dyYXlfbHRyIjt9czoxNDoiACoAaW5pdGlhbGl6ZWQiO2I6MDtzOjk6InNlcGFyYXRvciI7czoxOiIuIjt9czo0OiJ1c2VyIjtPOjIwOiJKb29tbGFcQ01TXFVzZXJcVXNlciI6MTp7czoyOiJpZCI7aTowO319fXM6MTQ6IgAqAGluaXRpYWxpemVkIjtiOjA7czo5OiJzZXBhcmF0b3IiO3M6MToiLiI7fQ==\";',0,''),(_binary '586bc1234a256f0ecce870c0dc7445e2',0,1,1775488687,'joomla|s:1040:\"TzoyNDoiSm9vbWxhXFJlZ2lzdHJ5XFJlZ2lzdHJ5IjozOntzOjc6IgAqAGRhdGEiO086ODoic3RkQ2xhc3MiOjE6e3M6OToiX19kZWZhdWx0IjtPOjg6InN0ZENsYXNzIjozOntzOjc6InNlc3Npb24iO086ODoic3RkQ2xhc3MiOjM6e3M6NzoiY291bnRlciI7aToxO3M6NToidGltZXIiO086ODoic3RkQ2xhc3MiOjM6e3M6NToic3RhcnQiO2k6MTc3NTQ4ODY4NztzOjQ6Imxhc3QiO2k6MTc3NTQ4ODY4NztzOjM6Im5vdyI7aToxNzc1NDg4Njg3O31zOjU6InRva2VuIjtzOjMyOiJiWFdJaXgzOTlTVXVzcHlSbEtOWW1JWlc3V3loMTJuNyI7fXM6ODoicmVnaXN0cnkiO086MjQ6Ikpvb21sYVxSZWdpc3RyeVxSZWdpc3RyeSI6Mzp7czo3OiIAKgBkYXRhIjtPOjg6InN0ZENsYXNzIjo0OntzOjU6InVzZXJzIjtPOjg6InN0ZENsYXNzIjoxOntzOjU6ImxvZ2luIjtPOjg6InN0ZENsYXNzIjoxOntzOjQ6ImZvcm0iO086ODoic3RkQ2xhc3MiOjE6e3M6NDoiZGF0YSI7YTowOnt9fX19czoxMzoiY3VycmVudF90aGVtZSI7czo5OiJkYXJrX2dyYXkiO3M6MTc6ImN1cnJlbnRfZGlyZWN0aW9uIjtzOjM6Imx0ciI7czoxNzoiY3VycmVudF9rZXlfc3VmaXgiO3M6MTQ6Il9kYXJrX2dyYXlfbHRyIjt9czoxNDoiACoAaW5pdGlhbGl6ZWQiO2I6MDtzOjk6InNlcGFyYXRvciI7czoxOiIuIjt9czo0OiJ1c2VyIjtPOjIwOiJKb29tbGFcQ01TXFVzZXJcVXNlciI6MTp7czoyOiJpZCI7aTowO319fXM6MTQ6IgAqAGluaXRpYWxpemVkIjtiOjA7czo5OiJzZXBhcmF0b3IiO3M6MToiLiI7fQ==\";',0,''),(_binary '5c7ff00ef30efc1fea35dc10f549ab23',0,1,1775350714,'joomla|s:1040:\"TzoyNDoiSm9vbWxhXFJlZ2lzdHJ5XFJlZ2lzdHJ5IjozOntzOjc6IgAqAGRhdGEiO086ODoic3RkQ2xhc3MiOjE6e3M6OToiX19kZWZhdWx0IjtPOjg6InN0ZENsYXNzIjozOntzOjc6InNlc3Npb24iO086ODoic3RkQ2xhc3MiOjM6e3M6NzoiY291bnRlciI7aToxO3M6NToidGltZXIiO086ODoic3RkQ2xhc3MiOjM6e3M6NToic3RhcnQiO2k6MTc3NTM1MDcxNDtzOjQ6Imxhc3QiO2k6MTc3NTM1MDcxNDtzOjM6Im5vdyI7aToxNzc1MzUwNzE0O31zOjU6InRva2VuIjtzOjMyOiJnUjBRcm9iZHVObjBHQ1M2enlHYjdIODJndXRZMEVWQiI7fXM6ODoicmVnaXN0cnkiO086MjQ6Ikpvb21sYVxSZWdpc3RyeVxSZWdpc3RyeSI6Mzp7czo3OiIAKgBkYXRhIjtPOjg6InN0ZENsYXNzIjo0OntzOjU6InVzZXJzIjtPOjg6InN0ZENsYXNzIjoxOntzOjU6ImxvZ2luIjtPOjg6InN0ZENsYXNzIjoxOntzOjQ6ImZvcm0iO086ODoic3RkQ2xhc3MiOjE6e3M6NDoiZGF0YSI7YTowOnt9fX19czoxMzoiY3VycmVudF90aGVtZSI7czo5OiJkYXJrX2dyYXkiO3M6MTc6ImN1cnJlbnRfZGlyZWN0aW9uIjtzOjM6Imx0ciI7czoxNzoiY3VycmVudF9rZXlfc3VmaXgiO3M6MTQ6Il9kYXJrX2dyYXlfbHRyIjt9czoxNDoiACoAaW5pdGlhbGl6ZWQiO2I6MDtzOjk6InNlcGFyYXRvciI7czoxOiIuIjt9czo0OiJ1c2VyIjtPOjIwOiJKb29tbGFcQ01TXFVzZXJcVXNlciI6MTp7czoyOiJpZCI7aTowO319fXM6MTQ6IgAqAGluaXRpYWxpemVkIjtiOjA7czo5OiJzZXBhcmF0b3IiO3M6MToiLiI7fQ==\";',0,''),(_binary '5ece002eff6e51ac46765a4c29432254',0,1,1775552385,'joomla|s:1040:\"TzoyNDoiSm9vbWxhXFJlZ2lzdHJ5XFJlZ2lzdHJ5IjozOntzOjc6IgAqAGRhdGEiO086ODoic3RkQ2xhc3MiOjE6e3M6OToiX19kZWZhdWx0IjtPOjg6InN0ZENsYXNzIjozOntzOjc6InNlc3Npb24iO086ODoic3RkQ2xhc3MiOjM6e3M6NzoiY291bnRlciI7aToxO3M6NToidGltZXIiO086ODoic3RkQ2xhc3MiOjM6e3M6NToic3RhcnQiO2k6MTc3NTU1MjM4NTtzOjQ6Imxhc3QiO2k6MTc3NTU1MjM4NTtzOjM6Im5vdyI7aToxNzc1NTUyMzg1O31zOjU6InRva2VuIjtzOjMyOiJRWWhKSlhrQlhjY3d1SE5makR5VmhKY09mc1hFYjkzSyI7fXM6ODoicmVnaXN0cnkiO086MjQ6Ikpvb21sYVxSZWdpc3RyeVxSZWdpc3RyeSI6Mzp7czo3OiIAKgBkYXRhIjtPOjg6InN0ZENsYXNzIjo0OntzOjU6InVzZXJzIjtPOjg6InN0ZENsYXNzIjoxOntzOjU6ImxvZ2luIjtPOjg6InN0ZENsYXNzIjoxOntzOjQ6ImZvcm0iO086ODoic3RkQ2xhc3MiOjE6e3M6NDoiZGF0YSI7YTowOnt9fX19czoxMzoiY3VycmVudF90aGVtZSI7czo5OiJkYXJrX2dyYXkiO3M6MTc6ImN1cnJlbnRfZGlyZWN0aW9uIjtzOjM6Imx0ciI7czoxNzoiY3VycmVudF9rZXlfc3VmaXgiO3M6MTQ6Il9kYXJrX2dyYXlfbHRyIjt9czoxNDoiACoAaW5pdGlhbGl6ZWQiO2I6MDtzOjk6InNlcGFyYXRvciI7czoxOiIuIjt9czo0OiJ1c2VyIjtPOjIwOiJKb29tbGFcQ01TXFVzZXJcVXNlciI6MTp7czoyOiJpZCI7aTowO319fXM6MTQ6IgAqAGluaXRpYWxpemVkIjtiOjA7czo5OiJzZXBhcmF0b3IiO3M6MToiLiI7fQ==\";',0,''),(_binary '5f9ee7619077d73e555752f1834b7e8f',0,1,1775348843,'joomla|s:1040:\"TzoyNDoiSm9vbWxhXFJlZ2lzdHJ5XFJlZ2lzdHJ5IjozOntzOjc6IgAqAGRhdGEiO086ODoic3RkQ2xhc3MiOjE6e3M6OToiX19kZWZhdWx0IjtPOjg6InN0ZENsYXNzIjozOntzOjc6InNlc3Npb24iO086ODoic3RkQ2xhc3MiOjM6e3M6NzoiY291bnRlciI7aToxO3M6NToidGltZXIiO086ODoic3RkQ2xhc3MiOjM6e3M6NToic3RhcnQiO2k6MTc3NTM0ODg0MjtzOjQ6Imxhc3QiO2k6MTc3NTM0ODg0MjtzOjM6Im5vdyI7aToxNzc1MzQ4ODQyO31zOjU6InRva2VuIjtzOjMyOiJFQWlPc1RYRlFZMjFoNDV6bWNPMTJXQmJqRFpjbElaSCI7fXM6ODoicmVnaXN0cnkiO086MjQ6Ikpvb21sYVxSZWdpc3RyeVxSZWdpc3RyeSI6Mzp7czo3OiIAKgBkYXRhIjtPOjg6InN0ZENsYXNzIjo0OntzOjU6InVzZXJzIjtPOjg6InN0ZENsYXNzIjoxOntzOjU6ImxvZ2luIjtPOjg6InN0ZENsYXNzIjoxOntzOjQ6ImZvcm0iO086ODoic3RkQ2xhc3MiOjE6e3M6NDoiZGF0YSI7YTowOnt9fX19czoxMzoiY3VycmVudF90aGVtZSI7czo5OiJkYXJrX2dyYXkiO3M6MTc6ImN1cnJlbnRfZGlyZWN0aW9uIjtzOjM6Imx0ciI7czoxNzoiY3VycmVudF9rZXlfc3VmaXgiO3M6MTQ6Il9kYXJrX2dyYXlfbHRyIjt9czoxNDoiACoAaW5pdGlhbGl6ZWQiO2I6MDtzOjk6InNlcGFyYXRvciI7czoxOiIuIjt9czo0OiJ1c2VyIjtPOjIwOiJKb29tbGFcQ01TXFVzZXJcVXNlciI6MTp7czoyOiJpZCI7aTowO319fXM6MTQ6IgAqAGluaXRpYWxpemVkIjtiOjA7czo5OiJzZXBhcmF0b3IiO3M6MToiLiI7fQ==\";',0,''),(_binary '614ee02a8feab00ef57144b3ca10349d',0,1,1775490164,'joomla|s:1040:\"TzoyNDoiSm9vbWxhXFJlZ2lzdHJ5XFJlZ2lzdHJ5IjozOntzOjc6IgAqAGRhdGEiO086ODoic3RkQ2xhc3MiOjE6e3M6OToiX19kZWZhdWx0IjtPOjg6InN0ZENsYXNzIjozOntzOjc6InNlc3Npb24iO086ODoic3RkQ2xhc3MiOjM6e3M6NzoiY291bnRlciI7aToxO3M6NToidGltZXIiO086ODoic3RkQ2xhc3MiOjM6e3M6NToic3RhcnQiO2k6MTc3NTQ5MDE2NDtzOjQ6Imxhc3QiO2k6MTc3NTQ5MDE2NDtzOjM6Im5vdyI7aToxNzc1NDkwMTY0O31zOjU6InRva2VuIjtzOjMyOiJwVEVHSFdPUmVrcEZiS3ZKTVNrd2dCUU5vbW8yM1VMMyI7fXM6ODoicmVnaXN0cnkiO086MjQ6Ikpvb21sYVxSZWdpc3RyeVxSZWdpc3RyeSI6Mzp7czo3OiIAKgBkYXRhIjtPOjg6InN0ZENsYXNzIjo0OntzOjU6InVzZXJzIjtPOjg6InN0ZENsYXNzIjoxOntzOjU6ImxvZ2luIjtPOjg6InN0ZENsYXNzIjoxOntzOjQ6ImZvcm0iO086ODoic3RkQ2xhc3MiOjE6e3M6NDoiZGF0YSI7YTowOnt9fX19czoxMzoiY3VycmVudF90aGVtZSI7czo5OiJkYXJrX2dyYXkiO3M6MTc6ImN1cnJlbnRfZGlyZWN0aW9uIjtzOjM6Imx0ciI7czoxNzoiY3VycmVudF9rZXlfc3VmaXgiO3M6MTQ6Il9kYXJrX2dyYXlfbHRyIjt9czoxNDoiACoAaW5pdGlhbGl6ZWQiO2I6MDtzOjk6InNlcGFyYXRvciI7czoxOiIuIjt9czo0OiJ1c2VyIjtPOjIwOiJKb29tbGFcQ01TXFVzZXJcVXNlciI6MTp7czoyOiJpZCI7aTowO319fXM6MTQ6IgAqAGluaXRpYWxpemVkIjtiOjA7czo5OiJzZXBhcmF0b3IiO3M6MToiLiI7fQ==\";',0,''),(_binary '6cd67575143b4b195d4a607305099485',0,1,1775360307,'joomla|s:1040:\"TzoyNDoiSm9vbWxhXFJlZ2lzdHJ5XFJlZ2lzdHJ5IjozOntzOjc6IgAqAGRhdGEiO086ODoic3RkQ2xhc3MiOjE6e3M6OToiX19kZWZhdWx0IjtPOjg6InN0ZENsYXNzIjozOntzOjc6InNlc3Npb24iO086ODoic3RkQ2xhc3MiOjM6e3M6NzoiY291bnRlciI7aToxO3M6NToidGltZXIiO086ODoic3RkQ2xhc3MiOjM6e3M6NToic3RhcnQiO2k6MTc3NTM2MDMwNztzOjQ6Imxhc3QiO2k6MTc3NTM2MDMwNztzOjM6Im5vdyI7aToxNzc1MzYwMzA3O31zOjU6InRva2VuIjtzOjMyOiJzazFQSjlBQnVKT1BJeFdraVRMOGhpbjRMRXRhMFdsbCI7fXM6ODoicmVnaXN0cnkiO086MjQ6Ikpvb21sYVxSZWdpc3RyeVxSZWdpc3RyeSI6Mzp7czo3OiIAKgBkYXRhIjtPOjg6InN0ZENsYXNzIjo0OntzOjU6InVzZXJzIjtPOjg6InN0ZENsYXNzIjoxOntzOjU6ImxvZ2luIjtPOjg6InN0ZENsYXNzIjoxOntzOjQ6ImZvcm0iO086ODoic3RkQ2xhc3MiOjE6e3M6NDoiZGF0YSI7YTowOnt9fX19czoxMzoiY3VycmVudF90aGVtZSI7czo5OiJkYXJrX2dyYXkiO3M6MTc6ImN1cnJlbnRfZGlyZWN0aW9uIjtzOjM6Imx0ciI7czoxNzoiY3VycmVudF9rZXlfc3VmaXgiO3M6MTQ6Il9kYXJrX2dyYXlfbHRyIjt9czoxNDoiACoAaW5pdGlhbGl6ZWQiO2I6MDtzOjk6InNlcGFyYXRvciI7czoxOiIuIjt9czo0OiJ1c2VyIjtPOjIwOiJKb29tbGFcQ01TXFVzZXJcVXNlciI6MTp7czoyOiJpZCI7aTowO319fXM6MTQ6IgAqAGluaXRpYWxpemVkIjtiOjA7czo5OiJzZXBhcmF0b3IiO3M6MToiLiI7fQ==\";',0,''),(_binary '70217627b19c1729591aa33a367a6044',0,1,1775408569,'joomla|s:1040:\"TzoyNDoiSm9vbWxhXFJlZ2lzdHJ5XFJlZ2lzdHJ5IjozOntzOjc6IgAqAGRhdGEiO086ODoic3RkQ2xhc3MiOjE6e3M6OToiX19kZWZhdWx0IjtPOjg6InN0ZENsYXNzIjozOntzOjc6InNlc3Npb24iO086ODoic3RkQ2xhc3MiOjM6e3M6NzoiY291bnRlciI7aToxO3M6NToidGltZXIiO086ODoic3RkQ2xhc3MiOjM6e3M6NToic3RhcnQiO2k6MTc3NTQwODU2OTtzOjQ6Imxhc3QiO2k6MTc3NTQwODU2OTtzOjM6Im5vdyI7aToxNzc1NDA4NTY5O31zOjU6InRva2VuIjtzOjMyOiJLWXRZcEd1cmpqSEVaeGdKb3hLUHN4Vnprd0Zyc0VRUiI7fXM6ODoicmVnaXN0cnkiO086MjQ6Ikpvb21sYVxSZWdpc3RyeVxSZWdpc3RyeSI6Mzp7czo3OiIAKgBkYXRhIjtPOjg6InN0ZENsYXNzIjo0OntzOjU6InVzZXJzIjtPOjg6InN0ZENsYXNzIjoxOntzOjU6ImxvZ2luIjtPOjg6InN0ZENsYXNzIjoxOntzOjQ6ImZvcm0iO086ODoic3RkQ2xhc3MiOjE6e3M6NDoiZGF0YSI7YTowOnt9fX19czoxMzoiY3VycmVudF90aGVtZSI7czo5OiJkYXJrX2dyYXkiO3M6MTc6ImN1cnJlbnRfZGlyZWN0aW9uIjtzOjM6Imx0ciI7czoxNzoiY3VycmVudF9rZXlfc3VmaXgiO3M6MTQ6Il9kYXJrX2dyYXlfbHRyIjt9czoxNDoiACoAaW5pdGlhbGl6ZWQiO2I6MDtzOjk6InNlcGFyYXRvciI7czoxOiIuIjt9czo0OiJ1c2VyIjtPOjIwOiJKb29tbGFcQ01TXFVzZXJcVXNlciI6MTp7czoyOiJpZCI7aTowO319fXM6MTQ6IgAqAGluaXRpYWxpemVkIjtiOjA7czo5OiJzZXBhcmF0b3IiO3M6MToiLiI7fQ==\";',0,''),(_binary '715be08ad553c4afcb35355713db1120',0,1,1775348874,'joomla|s:1040:\"TzoyNDoiSm9vbWxhXFJlZ2lzdHJ5XFJlZ2lzdHJ5IjozOntzOjc6IgAqAGRhdGEiO086ODoic3RkQ2xhc3MiOjE6e3M6OToiX19kZWZhdWx0IjtPOjg6InN0ZENsYXNzIjozOntzOjc6InNlc3Npb24iO086ODoic3RkQ2xhc3MiOjM6e3M6NzoiY291bnRlciI7aToxO3M6NToidGltZXIiO086ODoic3RkQ2xhc3MiOjM6e3M6NToic3RhcnQiO2k6MTc3NTM0ODg3NDtzOjQ6Imxhc3QiO2k6MTc3NTM0ODg3NDtzOjM6Im5vdyI7aToxNzc1MzQ4ODc0O31zOjU6InRva2VuIjtzOjMyOiI2VjZ4R21DaVNPQnRJTkZxNGdZZ0szUm53b1ZZUVduTyI7fXM6ODoicmVnaXN0cnkiO086MjQ6Ikpvb21sYVxSZWdpc3RyeVxSZWdpc3RyeSI6Mzp7czo3OiIAKgBkYXRhIjtPOjg6InN0ZENsYXNzIjo0OntzOjU6InVzZXJzIjtPOjg6InN0ZENsYXNzIjoxOntzOjU6ImxvZ2luIjtPOjg6InN0ZENsYXNzIjoxOntzOjQ6ImZvcm0iO086ODoic3RkQ2xhc3MiOjE6e3M6NDoiZGF0YSI7YTowOnt9fX19czoxMzoiY3VycmVudF90aGVtZSI7czo5OiJkYXJrX2dyYXkiO3M6MTc6ImN1cnJlbnRfZGlyZWN0aW9uIjtzOjM6Imx0ciI7czoxNzoiY3VycmVudF9rZXlfc3VmaXgiO3M6MTQ6Il9kYXJrX2dyYXlfbHRyIjt9czoxNDoiACoAaW5pdGlhbGl6ZWQiO2I6MDtzOjk6InNlcGFyYXRvciI7czoxOiIuIjt9czo0OiJ1c2VyIjtPOjIwOiJKb29tbGFcQ01TXFVzZXJcVXNlciI6MTp7czoyOiJpZCI7aTowO319fXM6MTQ6IgAqAGluaXRpYWxpemVkIjtiOjA7czo5OiJzZXBhcmF0b3IiO3M6MToiLiI7fQ==\";',0,''),(_binary '7995c2debb126e6ff33cd1b0259d89e4',0,1,1775442585,'joomla|s:1040:\"TzoyNDoiSm9vbWxhXFJlZ2lzdHJ5XFJlZ2lzdHJ5IjozOntzOjc6IgAqAGRhdGEiO086ODoic3RkQ2xhc3MiOjE6e3M6OToiX19kZWZhdWx0IjtPOjg6InN0ZENsYXNzIjozOntzOjc6InNlc3Npb24iO086ODoic3RkQ2xhc3MiOjM6e3M6NzoiY291bnRlciI7aToxO3M6NToidGltZXIiO086ODoic3RkQ2xhc3MiOjM6e3M6NToic3RhcnQiO2k6MTc3NTQ0MjU4NTtzOjQ6Imxhc3QiO2k6MTc3NTQ0MjU4NTtzOjM6Im5vdyI7aToxNzc1NDQyNTg1O31zOjU6InRva2VuIjtzOjMyOiJMd1JWWURvYWtiZUR1dHpuTFRWTThyNTFUcUVpU1lvcSI7fXM6ODoicmVnaXN0cnkiO086MjQ6Ikpvb21sYVxSZWdpc3RyeVxSZWdpc3RyeSI6Mzp7czo3OiIAKgBkYXRhIjtPOjg6InN0ZENsYXNzIjo0OntzOjU6InVzZXJzIjtPOjg6InN0ZENsYXNzIjoxOntzOjU6ImxvZ2luIjtPOjg6InN0ZENsYXNzIjoxOntzOjQ6ImZvcm0iO086ODoic3RkQ2xhc3MiOjE6e3M6NDoiZGF0YSI7YTowOnt9fX19czoxMzoiY3VycmVudF90aGVtZSI7czo5OiJkYXJrX2dyYXkiO3M6MTc6ImN1cnJlbnRfZGlyZWN0aW9uIjtzOjM6Imx0ciI7czoxNzoiY3VycmVudF9rZXlfc3VmaXgiO3M6MTQ6Il9kYXJrX2dyYXlfbHRyIjt9czoxNDoiACoAaW5pdGlhbGl6ZWQiO2I6MDtzOjk6InNlcGFyYXRvciI7czoxOiIuIjt9czo0OiJ1c2VyIjtPOjIwOiJKb29tbGFcQ01TXFVzZXJcVXNlciI6MTp7czoyOiJpZCI7aTowO319fXM6MTQ6IgAqAGluaXRpYWxpemVkIjtiOjA7czo5OiJzZXBhcmF0b3IiO3M6MToiLiI7fQ==\";',0,''),(_binary '79c7199696d217c4af7d73ffb14939b7',0,1,1775485544,'joomla|s:1040:\"TzoyNDoiSm9vbWxhXFJlZ2lzdHJ5XFJlZ2lzdHJ5IjozOntzOjc6IgAqAGRhdGEiO086ODoic3RkQ2xhc3MiOjE6e3M6OToiX19kZWZhdWx0IjtPOjg6InN0ZENsYXNzIjozOntzOjc6InNlc3Npb24iO086ODoic3RkQ2xhc3MiOjM6e3M6NzoiY291bnRlciI7aToxO3M6NToidGltZXIiO086ODoic3RkQ2xhc3MiOjM6e3M6NToic3RhcnQiO2k6MTc3NTQ4NTU0NDtzOjQ6Imxhc3QiO2k6MTc3NTQ4NTU0NDtzOjM6Im5vdyI7aToxNzc1NDg1NTQ0O31zOjU6InRva2VuIjtzOjMyOiJyT0FaMVRnV1lSczJaYmFIS2hoTnk0YnVxblo0YUd2ViI7fXM6ODoicmVnaXN0cnkiO086MjQ6Ikpvb21sYVxSZWdpc3RyeVxSZWdpc3RyeSI6Mzp7czo3OiIAKgBkYXRhIjtPOjg6InN0ZENsYXNzIjo0OntzOjU6InVzZXJzIjtPOjg6InN0ZENsYXNzIjoxOntzOjU6ImxvZ2luIjtPOjg6InN0ZENsYXNzIjoxOntzOjQ6ImZvcm0iO086ODoic3RkQ2xhc3MiOjE6e3M6NDoiZGF0YSI7YTowOnt9fX19czoxMzoiY3VycmVudF90aGVtZSI7czo5OiJkYXJrX2dyYXkiO3M6MTc6ImN1cnJlbnRfZGlyZWN0aW9uIjtzOjM6Imx0ciI7czoxNzoiY3VycmVudF9rZXlfc3VmaXgiO3M6MTQ6Il9kYXJrX2dyYXlfbHRyIjt9czoxNDoiACoAaW5pdGlhbGl6ZWQiO2I6MDtzOjk6InNlcGFyYXRvciI7czoxOiIuIjt9czo0OiJ1c2VyIjtPOjIwOiJKb29tbGFcQ01TXFVzZXJcVXNlciI6MTp7czoyOiJpZCI7aTowO319fXM6MTQ6IgAqAGluaXRpYWxpemVkIjtiOjA7czo5OiJzZXBhcmF0b3IiO3M6MToiLiI7fQ==\";',0,''),(_binary '7d16938b6bd5096a55ee1987805f10a4',0,1,1775439141,'joomla|s:1040:\"TzoyNDoiSm9vbWxhXFJlZ2lzdHJ5XFJlZ2lzdHJ5IjozOntzOjc6IgAqAGRhdGEiO086ODoic3RkQ2xhc3MiOjE6e3M6OToiX19kZWZhdWx0IjtPOjg6InN0ZENsYXNzIjozOntzOjc6InNlc3Npb24iO086ODoic3RkQ2xhc3MiOjM6e3M6NzoiY291bnRlciI7aToxO3M6NToidGltZXIiO086ODoic3RkQ2xhc3MiOjM6e3M6NToic3RhcnQiO2k6MTc3NTQzOTE0MTtzOjQ6Imxhc3QiO2k6MTc3NTQzOTE0MTtzOjM6Im5vdyI7aToxNzc1NDM5MTQxO31zOjU6InRva2VuIjtzOjMyOiJhUktzOXRRRWNoNHVlZkVHM0RudTlmOVhCTVlKRFM0TCI7fXM6ODoicmVnaXN0cnkiO086MjQ6Ikpvb21sYVxSZWdpc3RyeVxSZWdpc3RyeSI6Mzp7czo3OiIAKgBkYXRhIjtPOjg6InN0ZENsYXNzIjo0OntzOjU6InVzZXJzIjtPOjg6InN0ZENsYXNzIjoxOntzOjU6ImxvZ2luIjtPOjg6InN0ZENsYXNzIjoxOntzOjQ6ImZvcm0iO086ODoic3RkQ2xhc3MiOjE6e3M6NDoiZGF0YSI7YTowOnt9fX19czoxMzoiY3VycmVudF90aGVtZSI7czo5OiJkYXJrX2dyYXkiO3M6MTc6ImN1cnJlbnRfZGlyZWN0aW9uIjtzOjM6Imx0ciI7czoxNzoiY3VycmVudF9rZXlfc3VmaXgiO3M6MTQ6Il9kYXJrX2dyYXlfbHRyIjt9czoxNDoiACoAaW5pdGlhbGl6ZWQiO2I6MDtzOjk6InNlcGFyYXRvciI7czoxOiIuIjt9czo0OiJ1c2VyIjtPOjIwOiJKb29tbGFcQ01TXFVzZXJcVXNlciI6MTp7czoyOiJpZCI7aTowO319fXM6MTQ6IgAqAGluaXRpYWxpemVkIjtiOjA7czo5OiJzZXBhcmF0b3IiO3M6MToiLiI7fQ==\";',0,''),(_binary '7d78d70faa4a19486fa598aa02839aa5',0,1,1775467088,'joomla|s:1040:\"TzoyNDoiSm9vbWxhXFJlZ2lzdHJ5XFJlZ2lzdHJ5IjozOntzOjc6IgAqAGRhdGEiO086ODoic3RkQ2xhc3MiOjE6e3M6OToiX19kZWZhdWx0IjtPOjg6InN0ZENsYXNzIjozOntzOjc6InNlc3Npb24iO086ODoic3RkQ2xhc3MiOjM6e3M6NzoiY291bnRlciI7aToxO3M6NToidGltZXIiO086ODoic3RkQ2xhc3MiOjM6e3M6NToic3RhcnQiO2k6MTc3NTQ2NzA4ODtzOjQ6Imxhc3QiO2k6MTc3NTQ2NzA4ODtzOjM6Im5vdyI7aToxNzc1NDY3MDg4O31zOjU6InRva2VuIjtzOjMyOiJqbmhqa0ZvQ0NKdkVlVUlDVHF5WjJSY3IwOTVBRXpjdSI7fXM6ODoicmVnaXN0cnkiO086MjQ6Ikpvb21sYVxSZWdpc3RyeVxSZWdpc3RyeSI6Mzp7czo3OiIAKgBkYXRhIjtPOjg6InN0ZENsYXNzIjo0OntzOjU6InVzZXJzIjtPOjg6InN0ZENsYXNzIjoxOntzOjU6ImxvZ2luIjtPOjg6InN0ZENsYXNzIjoxOntzOjQ6ImZvcm0iO086ODoic3RkQ2xhc3MiOjE6e3M6NDoiZGF0YSI7YTowOnt9fX19czoxMzoiY3VycmVudF90aGVtZSI7czo5OiJkYXJrX2dyYXkiO3M6MTc6ImN1cnJlbnRfZGlyZWN0aW9uIjtzOjM6Imx0ciI7czoxNzoiY3VycmVudF9rZXlfc3VmaXgiO3M6MTQ6Il9kYXJrX2dyYXlfbHRyIjt9czoxNDoiACoAaW5pdGlhbGl6ZWQiO2I6MDtzOjk6InNlcGFyYXRvciI7czoxOiIuIjt9czo0OiJ1c2VyIjtPOjIwOiJKb29tbGFcQ01TXFVzZXJcVXNlciI6MTp7czoyOiJpZCI7aTowO319fXM6MTQ6IgAqAGluaXRpYWxpemVkIjtiOjA7czo5OiJzZXBhcmF0b3IiO3M6MToiLiI7fQ==\";',0,''),(_binary '7e8219904a6633876d774ab2c27c4fa5',0,1,1775516474,'joomla|s:1040:\"TzoyNDoiSm9vbWxhXFJlZ2lzdHJ5XFJlZ2lzdHJ5IjozOntzOjc6IgAqAGRhdGEiO086ODoic3RkQ2xhc3MiOjE6e3M6OToiX19kZWZhdWx0IjtPOjg6InN0ZENsYXNzIjozOntzOjc6InNlc3Npb24iO086ODoic3RkQ2xhc3MiOjM6e3M6NzoiY291bnRlciI7aToxO3M6NToidGltZXIiO086ODoic3RkQ2xhc3MiOjM6e3M6NToic3RhcnQiO2k6MTc3NTUxNjQ3NDtzOjQ6Imxhc3QiO2k6MTc3NTUxNjQ3NDtzOjM6Im5vdyI7aToxNzc1NTE2NDc0O31zOjU6InRva2VuIjtzOjMyOiJWaUEwZHBYam1LNlZjaUt0eDRFNUNmZXB6Tjl4dW51YSI7fXM6ODoicmVnaXN0cnkiO086MjQ6Ikpvb21sYVxSZWdpc3RyeVxSZWdpc3RyeSI6Mzp7czo3OiIAKgBkYXRhIjtPOjg6InN0ZENsYXNzIjo0OntzOjU6InVzZXJzIjtPOjg6InN0ZENsYXNzIjoxOntzOjU6ImxvZ2luIjtPOjg6InN0ZENsYXNzIjoxOntzOjQ6ImZvcm0iO086ODoic3RkQ2xhc3MiOjE6e3M6NDoiZGF0YSI7YTowOnt9fX19czoxMzoiY3VycmVudF90aGVtZSI7czo5OiJkYXJrX2dyYXkiO3M6MTc6ImN1cnJlbnRfZGlyZWN0aW9uIjtzOjM6Imx0ciI7czoxNzoiY3VycmVudF9rZXlfc3VmaXgiO3M6MTQ6Il9kYXJrX2dyYXlfbHRyIjt9czoxNDoiACoAaW5pdGlhbGl6ZWQiO2I6MDtzOjk6InNlcGFyYXRvciI7czoxOiIuIjt9czo0OiJ1c2VyIjtPOjIwOiJKb29tbGFcQ01TXFVzZXJcVXNlciI6MTp7czoyOiJpZCI7aTowO319fXM6MTQ6IgAqAGluaXRpYWxpemVkIjtiOjA7czo5OiJzZXBhcmF0b3IiO3M6MToiLiI7fQ==\";',0,''),(_binary '819a7d65a050022ec19a8cd54c963958',0,1,1775514936,'joomla|s:1040:\"TzoyNDoiSm9vbWxhXFJlZ2lzdHJ5XFJlZ2lzdHJ5IjozOntzOjc6IgAqAGRhdGEiO086ODoic3RkQ2xhc3MiOjE6e3M6OToiX19kZWZhdWx0IjtPOjg6InN0ZENsYXNzIjozOntzOjc6InNlc3Npb24iO086ODoic3RkQ2xhc3MiOjM6e3M6NzoiY291bnRlciI7aToxO3M6NToidGltZXIiO086ODoic3RkQ2xhc3MiOjM6e3M6NToic3RhcnQiO2k6MTc3NTUxNDkzNjtzOjQ6Imxhc3QiO2k6MTc3NTUxNDkzNjtzOjM6Im5vdyI7aToxNzc1NTE0OTM2O31zOjU6InRva2VuIjtzOjMyOiJ0ZjZOZzc1ZGl0VnZBUmZpTExodXJOZ1lJNGU1UnZsYSI7fXM6ODoicmVnaXN0cnkiO086MjQ6Ikpvb21sYVxSZWdpc3RyeVxSZWdpc3RyeSI6Mzp7czo3OiIAKgBkYXRhIjtPOjg6InN0ZENsYXNzIjo0OntzOjU6InVzZXJzIjtPOjg6InN0ZENsYXNzIjoxOntzOjU6ImxvZ2luIjtPOjg6InN0ZENsYXNzIjoxOntzOjQ6ImZvcm0iO086ODoic3RkQ2xhc3MiOjE6e3M6NDoiZGF0YSI7YTowOnt9fX19czoxMzoiY3VycmVudF90aGVtZSI7czo5OiJkYXJrX2dyYXkiO3M6MTc6ImN1cnJlbnRfZGlyZWN0aW9uIjtzOjM6Imx0ciI7czoxNzoiY3VycmVudF9rZXlfc3VmaXgiO3M6MTQ6Il9kYXJrX2dyYXlfbHRyIjt9czoxNDoiACoAaW5pdGlhbGl6ZWQiO2I6MDtzOjk6InNlcGFyYXRvciI7czoxOiIuIjt9czo0OiJ1c2VyIjtPOjIwOiJKb29tbGFcQ01TXFVzZXJcVXNlciI6MTp7czoyOiJpZCI7aTowO319fXM6MTQ6IgAqAGluaXRpYWxpemVkIjtiOjA7czo5OiJzZXBhcmF0b3IiO3M6MToiLiI7fQ==\";',0,''),(_binary '8c174b4491901a388792326a84beabcc',0,1,1775470704,'joomla|s:1040:\"TzoyNDoiSm9vbWxhXFJlZ2lzdHJ5XFJlZ2lzdHJ5IjozOntzOjc6IgAqAGRhdGEiO086ODoic3RkQ2xhc3MiOjE6e3M6OToiX19kZWZhdWx0IjtPOjg6InN0ZENsYXNzIjozOntzOjc6InNlc3Npb24iO086ODoic3RkQ2xhc3MiOjM6e3M6NzoiY291bnRlciI7aToxO3M6NToidGltZXIiO086ODoic3RkQ2xhc3MiOjM6e3M6NToic3RhcnQiO2k6MTc3NTQ3MDcwNDtzOjQ6Imxhc3QiO2k6MTc3NTQ3MDcwNDtzOjM6Im5vdyI7aToxNzc1NDcwNzA0O31zOjU6InRva2VuIjtzOjMyOiJhYzRWTGg0andlWDM3RlFaSUEyek5odXNOenFZdTFXbiI7fXM6ODoicmVnaXN0cnkiO086MjQ6Ikpvb21sYVxSZWdpc3RyeVxSZWdpc3RyeSI6Mzp7czo3OiIAKgBkYXRhIjtPOjg6InN0ZENsYXNzIjo0OntzOjU6InVzZXJzIjtPOjg6InN0ZENsYXNzIjoxOntzOjU6ImxvZ2luIjtPOjg6InN0ZENsYXNzIjoxOntzOjQ6ImZvcm0iO086ODoic3RkQ2xhc3MiOjE6e3M6NDoiZGF0YSI7YTowOnt9fX19czoxMzoiY3VycmVudF90aGVtZSI7czo5OiJkYXJrX2dyYXkiO3M6MTc6ImN1cnJlbnRfZGlyZWN0aW9uIjtzOjM6Imx0ciI7czoxNzoiY3VycmVudF9rZXlfc3VmaXgiO3M6MTQ6Il9kYXJrX2dyYXlfbHRyIjt9czoxNDoiACoAaW5pdGlhbGl6ZWQiO2I6MDtzOjk6InNlcGFyYXRvciI7czoxOiIuIjt9czo0OiJ1c2VyIjtPOjIwOiJKb29tbGFcQ01TXFVzZXJcVXNlciI6MTp7czoyOiJpZCI7aTowO319fXM6MTQ6IgAqAGluaXRpYWxpemVkIjtiOjA7czo5OiJzZXBhcmF0b3IiO3M6MToiLiI7fQ==\";',0,''),(_binary '8d2b2ee792c5d5173eb7d7ae3017d430',0,1,1775334970,'joomla|s:1280:\"TzoyNDoiSm9vbWxhXFJlZ2lzdHJ5XFJlZ2lzdHJ5IjozOntzOjc6IgAqAGRhdGEiO086ODoic3RkQ2xhc3MiOjE6e3M6OToiX19kZWZhdWx0IjtPOjg6InN0ZENsYXNzIjo0OntzOjc6InNlc3Npb24iO086ODoic3RkQ2xhc3MiOjM6e3M6NzoiY291bnRlciI7aTo1O3M6NToidGltZXIiO086ODoic3RkQ2xhc3MiOjM6e3M6NToic3RhcnQiO2k6MTc3NTMzNDk2ODtzOjQ6Imxhc3QiO2k6MTc3NTMzNDk2OTtzOjM6Im5vdyI7aToxNzc1MzM0OTcwO31zOjU6InRva2VuIjtzOjMyOiJhTFRUcWRUOXdqNFlHTDh6V2hWWXdMQVBZcDNDV3lOMSI7fXM6ODoicmVnaXN0cnkiO086MjQ6Ikpvb21sYVxSZWdpc3RyeVxSZWdpc3RyeSI6Mzp7czo3OiIAKgBkYXRhIjtPOjg6InN0ZENsYXNzIjo0OntzOjU6InVzZXJzIjtPOjg6InN0ZENsYXNzIjoxOntzOjU6ImxvZ2luIjtPOjg6InN0ZENsYXNzIjoxOntzOjQ6ImZvcm0iO086ODoic3RkQ2xhc3MiOjI6e3M6NDoiZGF0YSI7YTo1OntzOjY6InJldHVybiI7czowOiIiO3M6ODoidXNlcm5hbWUiO3M6MDoiIjtzOjg6InBhc3N3b3JkIjtzOjA6IiI7czo5OiJzZWNyZXRrZXkiO3M6MDoiIjtzOjg6InJlbWVtYmVyIjtpOjA7fXM6NjoicmV0dXJuIjtzOjA6IiI7fX19czoxMzoiY3VycmVudF90aGVtZSI7czo5OiJkYXJrX2dyYXkiO3M6MTc6ImN1cnJlbnRfZGlyZWN0aW9uIjtzOjM6Imx0ciI7czoxNzoiY3VycmVudF9rZXlfc3VmaXgiO3M6MTQ6Il9kYXJrX2dyYXlfbHRyIjt9czoxNDoiACoAaW5pdGlhbGl6ZWQiO2I6MDtzOjk6InNlcGFyYXRvciI7czoxOiIuIjt9czo0OiJ1c2VyIjtPOjIwOiJKb29tbGFcQ01TXFVzZXJcVXNlciI6MTp7czoyOiJpZCI7aTowO31zOjExOiJhcHBsaWNhdGlvbiI7Tzo4OiJzdGRDbGFzcyI6MTp7czo1OiJxdWV1ZSI7YTowOnt9fX19czoxNDoiACoAaW5pdGlhbGl6ZWQiO2I6MDtzOjk6InNlcGFyYXRvciI7czoxOiIuIjt9\";',0,''),(_binary '95fc2f61889b9fafa9ce9d80c5e14d08',0,1,1775485546,'joomla|s:1040:\"TzoyNDoiSm9vbWxhXFJlZ2lzdHJ5XFJlZ2lzdHJ5IjozOntzOjc6IgAqAGRhdGEiO086ODoic3RkQ2xhc3MiOjE6e3M6OToiX19kZWZhdWx0IjtPOjg6InN0ZENsYXNzIjozOntzOjc6InNlc3Npb24iO086ODoic3RkQ2xhc3MiOjM6e3M6NzoiY291bnRlciI7aToxO3M6NToidGltZXIiO086ODoic3RkQ2xhc3MiOjM6e3M6NToic3RhcnQiO2k6MTc3NTQ4NTU0NjtzOjQ6Imxhc3QiO2k6MTc3NTQ4NTU0NjtzOjM6Im5vdyI7aToxNzc1NDg1NTQ2O31zOjU6InRva2VuIjtzOjMyOiJCblVvNkVjZm5TN2JEVE54ZUhmYkFYRlhvdTVaNFVVVSI7fXM6ODoicmVnaXN0cnkiO086MjQ6Ikpvb21sYVxSZWdpc3RyeVxSZWdpc3RyeSI6Mzp7czo3OiIAKgBkYXRhIjtPOjg6InN0ZENsYXNzIjo0OntzOjU6InVzZXJzIjtPOjg6InN0ZENsYXNzIjoxOntzOjU6ImxvZ2luIjtPOjg6InN0ZENsYXNzIjoxOntzOjQ6ImZvcm0iO086ODoic3RkQ2xhc3MiOjE6e3M6NDoiZGF0YSI7YTowOnt9fX19czoxMzoiY3VycmVudF90aGVtZSI7czo5OiJkYXJrX2dyYXkiO3M6MTc6ImN1cnJlbnRfZGlyZWN0aW9uIjtzOjM6Imx0ciI7czoxNzoiY3VycmVudF9rZXlfc3VmaXgiO3M6MTQ6Il9kYXJrX2dyYXlfbHRyIjt9czoxNDoiACoAaW5pdGlhbGl6ZWQiO2I6MDtzOjk6InNlcGFyYXRvciI7czoxOiIuIjt9czo0OiJ1c2VyIjtPOjIwOiJKb29tbGFcQ01TXFVzZXJcVXNlciI6MTp7czoyOiJpZCI7aTowO319fXM6MTQ6IgAqAGluaXRpYWxpemVkIjtiOjA7czo5OiJzZXBhcmF0b3IiO3M6MToiLiI7fQ==\";',0,''),(_binary '9a40ed938e8f7d9b336d7be93c3a822d',0,1,1775408554,'joomla|s:1040:\"TzoyNDoiSm9vbWxhXFJlZ2lzdHJ5XFJlZ2lzdHJ5IjozOntzOjc6IgAqAGRhdGEiO086ODoic3RkQ2xhc3MiOjE6e3M6OToiX19kZWZhdWx0IjtPOjg6InN0ZENsYXNzIjozOntzOjc6InNlc3Npb24iO086ODoic3RkQ2xhc3MiOjM6e3M6NzoiY291bnRlciI7aToxO3M6NToidGltZXIiO086ODoic3RkQ2xhc3MiOjM6e3M6NToic3RhcnQiO2k6MTc3NTQwODU1NDtzOjQ6Imxhc3QiO2k6MTc3NTQwODU1NDtzOjM6Im5vdyI7aToxNzc1NDA4NTU0O31zOjU6InRva2VuIjtzOjMyOiJIVUZLZFdPUVZNcFZUaWlTTFdMT285OU9OSHNJeVI2QSI7fXM6ODoicmVnaXN0cnkiO086MjQ6Ikpvb21sYVxSZWdpc3RyeVxSZWdpc3RyeSI6Mzp7czo3OiIAKgBkYXRhIjtPOjg6InN0ZENsYXNzIjo0OntzOjU6InVzZXJzIjtPOjg6InN0ZENsYXNzIjoxOntzOjU6ImxvZ2luIjtPOjg6InN0ZENsYXNzIjoxOntzOjQ6ImZvcm0iO086ODoic3RkQ2xhc3MiOjE6e3M6NDoiZGF0YSI7YTowOnt9fX19czoxMzoiY3VycmVudF90aGVtZSI7czo5OiJkYXJrX2dyYXkiO3M6MTc6ImN1cnJlbnRfZGlyZWN0aW9uIjtzOjM6Imx0ciI7czoxNzoiY3VycmVudF9rZXlfc3VmaXgiO3M6MTQ6Il9kYXJrX2dyYXlfbHRyIjt9czoxNDoiACoAaW5pdGlhbGl6ZWQiO2I6MDtzOjk6InNlcGFyYXRvciI7czoxOiIuIjt9czo0OiJ1c2VyIjtPOjIwOiJKb29tbGFcQ01TXFVzZXJcVXNlciI6MTp7czoyOiJpZCI7aTowO319fXM6MTQ6IgAqAGluaXRpYWxpemVkIjtiOjA7czo5OiJzZXBhcmF0b3IiO3M6MToiLiI7fQ==\";',0,''),(_binary 'a0f5f77c5c83d566be2730337b33d5d2',0,1,1775489214,'joomla|s:1040:\"TzoyNDoiSm9vbWxhXFJlZ2lzdHJ5XFJlZ2lzdHJ5IjozOntzOjc6IgAqAGRhdGEiO086ODoic3RkQ2xhc3MiOjE6e3M6OToiX19kZWZhdWx0IjtPOjg6InN0ZENsYXNzIjozOntzOjc6InNlc3Npb24iO086ODoic3RkQ2xhc3MiOjM6e3M6NzoiY291bnRlciI7aToxO3M6NToidGltZXIiO086ODoic3RkQ2xhc3MiOjM6e3M6NToic3RhcnQiO2k6MTc3NTQ4OTIxNDtzOjQ6Imxhc3QiO2k6MTc3NTQ4OTIxNDtzOjM6Im5vdyI7aToxNzc1NDg5MjE0O31zOjU6InRva2VuIjtzOjMyOiI3TzZzZEJ6a3VOVXpHQ29GMVRpUkM5TWlnR21vSllIYiI7fXM6ODoicmVnaXN0cnkiO086MjQ6Ikpvb21sYVxSZWdpc3RyeVxSZWdpc3RyeSI6Mzp7czo3OiIAKgBkYXRhIjtPOjg6InN0ZENsYXNzIjo0OntzOjU6InVzZXJzIjtPOjg6InN0ZENsYXNzIjoxOntzOjU6ImxvZ2luIjtPOjg6InN0ZENsYXNzIjoxOntzOjQ6ImZvcm0iO086ODoic3RkQ2xhc3MiOjE6e3M6NDoiZGF0YSI7YTowOnt9fX19czoxMzoiY3VycmVudF90aGVtZSI7czo5OiJkYXJrX2dyYXkiO3M6MTc6ImN1cnJlbnRfZGlyZWN0aW9uIjtzOjM6Imx0ciI7czoxNzoiY3VycmVudF9rZXlfc3VmaXgiO3M6MTQ6Il9kYXJrX2dyYXlfbHRyIjt9czoxNDoiACoAaW5pdGlhbGl6ZWQiO2I6MDtzOjk6InNlcGFyYXRvciI7czoxOiIuIjt9czo0OiJ1c2VyIjtPOjIwOiJKb29tbGFcQ01TXFVzZXJcVXNlciI6MTp7czoyOiJpZCI7aTowO319fXM6MTQ6IgAqAGluaXRpYWxpemVkIjtiOjA7czo5OiJzZXBhcmF0b3IiO3M6MToiLiI7fQ==\";',0,''),(_binary 'a7c51ed4c4635bdec601fc46f2253779',0,1,1775370691,'joomla|s:1040:\"TzoyNDoiSm9vbWxhXFJlZ2lzdHJ5XFJlZ2lzdHJ5IjozOntzOjc6IgAqAGRhdGEiO086ODoic3RkQ2xhc3MiOjE6e3M6OToiX19kZWZhdWx0IjtPOjg6InN0ZENsYXNzIjozOntzOjc6InNlc3Npb24iO086ODoic3RkQ2xhc3MiOjM6e3M6NzoiY291bnRlciI7aTo0O3M6NToidGltZXIiO086ODoic3RkQ2xhc3MiOjM6e3M6NToic3RhcnQiO2k6MTc3NTM3MDYzMjtzOjQ6Imxhc3QiO2k6MTc3NTM3MDY5MDtzOjM6Im5vdyI7aToxNzc1MzcwNjkxO31zOjU6InRva2VuIjtzOjMyOiJRZzlIQkJHYk5wZHhZVG1UQkx3djFBWlAydFFnNHJUdiI7fXM6ODoicmVnaXN0cnkiO086MjQ6Ikpvb21sYVxSZWdpc3RyeVxSZWdpc3RyeSI6Mzp7czo3OiIAKgBkYXRhIjtPOjg6InN0ZENsYXNzIjo0OntzOjU6InVzZXJzIjtPOjg6InN0ZENsYXNzIjoxOntzOjU6ImxvZ2luIjtPOjg6InN0ZENsYXNzIjoxOntzOjQ6ImZvcm0iO086ODoic3RkQ2xhc3MiOjE6e3M6NDoiZGF0YSI7YTowOnt9fX19czoxMzoiY3VycmVudF90aGVtZSI7czo5OiJkYXJrX2dyYXkiO3M6MTc6ImN1cnJlbnRfZGlyZWN0aW9uIjtzOjM6Imx0ciI7czoxNzoiY3VycmVudF9rZXlfc3VmaXgiO3M6MTQ6Il9kYXJrX2dyYXlfbHRyIjt9czoxNDoiACoAaW5pdGlhbGl6ZWQiO2I6MDtzOjk6InNlcGFyYXRvciI7czoxOiIuIjt9czo0OiJ1c2VyIjtPOjIwOiJKb29tbGFcQ01TXFVzZXJcVXNlciI6MTp7czoyOiJpZCI7aTowO319fXM6MTQ6IgAqAGluaXRpYWxpemVkIjtiOjA7czo5OiJzZXBhcmF0b3IiO3M6MToiLiI7fQ==\";',0,''),(_binary 'b13d3991679fd5f9e65df7f450bc74cc',0,1,1775348817,'joomla|s:1040:\"TzoyNDoiSm9vbWxhXFJlZ2lzdHJ5XFJlZ2lzdHJ5IjozOntzOjc6IgAqAGRhdGEiO086ODoic3RkQ2xhc3MiOjE6e3M6OToiX19kZWZhdWx0IjtPOjg6InN0ZENsYXNzIjozOntzOjc6InNlc3Npb24iO086ODoic3RkQ2xhc3MiOjM6e3M6NzoiY291bnRlciI7aToxO3M6NToidGltZXIiO086ODoic3RkQ2xhc3MiOjM6e3M6NToic3RhcnQiO2k6MTc3NTM0ODgxNztzOjQ6Imxhc3QiO2k6MTc3NTM0ODgxNztzOjM6Im5vdyI7aToxNzc1MzQ4ODE3O31zOjU6InRva2VuIjtzOjMyOiJmV1ZnWG14bDU2SGtrand4VTQxUVJpcHZheE9uaG9iRiI7fXM6ODoicmVnaXN0cnkiO086MjQ6Ikpvb21sYVxSZWdpc3RyeVxSZWdpc3RyeSI6Mzp7czo3OiIAKgBkYXRhIjtPOjg6InN0ZENsYXNzIjo0OntzOjU6InVzZXJzIjtPOjg6InN0ZENsYXNzIjoxOntzOjU6ImxvZ2luIjtPOjg6InN0ZENsYXNzIjoxOntzOjQ6ImZvcm0iO086ODoic3RkQ2xhc3MiOjE6e3M6NDoiZGF0YSI7YTowOnt9fX19czoxMzoiY3VycmVudF90aGVtZSI7czo5OiJkYXJrX2dyYXkiO3M6MTc6ImN1cnJlbnRfZGlyZWN0aW9uIjtzOjM6Imx0ciI7czoxNzoiY3VycmVudF9rZXlfc3VmaXgiO3M6MTQ6Il9kYXJrX2dyYXlfbHRyIjt9czoxNDoiACoAaW5pdGlhbGl6ZWQiO2I6MDtzOjk6InNlcGFyYXRvciI7czoxOiIuIjt9czo0OiJ1c2VyIjtPOjIwOiJKb29tbGFcQ01TXFVzZXJcVXNlciI6MTp7czoyOiJpZCI7aTowO319fXM6MTQ6IgAqAGluaXRpYWxpemVkIjtiOjA7czo5OiJzZXBhcmF0b3IiO3M6MToiLiI7fQ==\";',0,''),(_binary 'bf25703f9e19756dc8562be19c35d2eb',0,1,1775408556,'joomla|s:1040:\"TzoyNDoiSm9vbWxhXFJlZ2lzdHJ5XFJlZ2lzdHJ5IjozOntzOjc6IgAqAGRhdGEiO086ODoic3RkQ2xhc3MiOjE6e3M6OToiX19kZWZhdWx0IjtPOjg6InN0ZENsYXNzIjozOntzOjc6InNlc3Npb24iO086ODoic3RkQ2xhc3MiOjM6e3M6NzoiY291bnRlciI7aToxO3M6NToidGltZXIiO086ODoic3RkQ2xhc3MiOjM6e3M6NToic3RhcnQiO2k6MTc3NTQwODU1NTtzOjQ6Imxhc3QiO2k6MTc3NTQwODU1NTtzOjM6Im5vdyI7aToxNzc1NDA4NTU1O31zOjU6InRva2VuIjtzOjMyOiI3TmY1VkZjWEhUcGlpV0pMdXZ3RGFGV0Z5MTFMS0RwbyI7fXM6ODoicmVnaXN0cnkiO086MjQ6Ikpvb21sYVxSZWdpc3RyeVxSZWdpc3RyeSI6Mzp7czo3OiIAKgBkYXRhIjtPOjg6InN0ZENsYXNzIjo0OntzOjU6InVzZXJzIjtPOjg6InN0ZENsYXNzIjoxOntzOjU6ImxvZ2luIjtPOjg6InN0ZENsYXNzIjoxOntzOjQ6ImZvcm0iO086ODoic3RkQ2xhc3MiOjE6e3M6NDoiZGF0YSI7YTowOnt9fX19czoxMzoiY3VycmVudF90aGVtZSI7czo5OiJkYXJrX2dyYXkiO3M6MTc6ImN1cnJlbnRfZGlyZWN0aW9uIjtzOjM6Imx0ciI7czoxNzoiY3VycmVudF9rZXlfc3VmaXgiO3M6MTQ6Il9kYXJrX2dyYXlfbHRyIjt9czoxNDoiACoAaW5pdGlhbGl6ZWQiO2I6MDtzOjk6InNlcGFyYXRvciI7czoxOiIuIjt9czo0OiJ1c2VyIjtPOjIwOiJKb29tbGFcQ01TXFVzZXJcVXNlciI6MTp7czoyOiJpZCI7aTowO319fXM6MTQ6IgAqAGluaXRpYWxpemVkIjtiOjA7czo5OiJzZXBhcmF0b3IiO3M6MToiLiI7fQ==\";',0,''),(_binary 'bf5173ddd5d7e416d998b99941a1669c',0,1,1775348876,'joomla|s:1040:\"TzoyNDoiSm9vbWxhXFJlZ2lzdHJ5XFJlZ2lzdHJ5IjozOntzOjc6IgAqAGRhdGEiO086ODoic3RkQ2xhc3MiOjE6e3M6OToiX19kZWZhdWx0IjtPOjg6InN0ZENsYXNzIjozOntzOjc6InNlc3Npb24iO086ODoic3RkQ2xhc3MiOjM6e3M6NzoiY291bnRlciI7aToxO3M6NToidGltZXIiO086ODoic3RkQ2xhc3MiOjM6e3M6NToic3RhcnQiO2k6MTc3NTM0ODg3NjtzOjQ6Imxhc3QiO2k6MTc3NTM0ODg3NjtzOjM6Im5vdyI7aToxNzc1MzQ4ODc2O31zOjU6InRva2VuIjtzOjMyOiJpMUdBbnkyMDdpVUVTekVJcHJla3MxVDNia0ZIdXZGNSI7fXM6ODoicmVnaXN0cnkiO086MjQ6Ikpvb21sYVxSZWdpc3RyeVxSZWdpc3RyeSI6Mzp7czo3OiIAKgBkYXRhIjtPOjg6InN0ZENsYXNzIjo0OntzOjU6InVzZXJzIjtPOjg6InN0ZENsYXNzIjoxOntzOjU6ImxvZ2luIjtPOjg6InN0ZENsYXNzIjoxOntzOjQ6ImZvcm0iO086ODoic3RkQ2xhc3MiOjE6e3M6NDoiZGF0YSI7YTowOnt9fX19czoxMzoiY3VycmVudF90aGVtZSI7czo5OiJkYXJrX2dyYXkiO3M6MTc6ImN1cnJlbnRfZGlyZWN0aW9uIjtzOjM6Imx0ciI7czoxNzoiY3VycmVudF9rZXlfc3VmaXgiO3M6MTQ6Il9kYXJrX2dyYXlfbHRyIjt9czoxNDoiACoAaW5pdGlhbGl6ZWQiO2I6MDtzOjk6InNlcGFyYXRvciI7czoxOiIuIjt9czo0OiJ1c2VyIjtPOjIwOiJKb29tbGFcQ01TXFVzZXJcVXNlciI6MTp7czoyOiJpZCI7aTowO319fXM6MTQ6IgAqAGluaXRpYWxpemVkIjtiOjA7czo5OiJzZXBhcmF0b3IiO3M6MToiLiI7fQ==\";',0,''),(_binary 'bfbe479ff481f432153da3b2b7f1c292',0,1,1775518869,'joomla|s:1040:\"TzoyNDoiSm9vbWxhXFJlZ2lzdHJ5XFJlZ2lzdHJ5IjozOntzOjc6IgAqAGRhdGEiO086ODoic3RkQ2xhc3MiOjE6e3M6OToiX19kZWZhdWx0IjtPOjg6InN0ZENsYXNzIjozOntzOjc6InNlc3Npb24iO086ODoic3RkQ2xhc3MiOjM6e3M6NzoiY291bnRlciI7aToxO3M6NToidGltZXIiO086ODoic3RkQ2xhc3MiOjM6e3M6NToic3RhcnQiO2k6MTc3NTUxODg2OTtzOjQ6Imxhc3QiO2k6MTc3NTUxODg2OTtzOjM6Im5vdyI7aToxNzc1NTE4ODY5O31zOjU6InRva2VuIjtzOjMyOiJzVm9uVG53c1BXczBEU3hrR2ZEMHYyTFhZb1R2WEVCSCI7fXM6ODoicmVnaXN0cnkiO086MjQ6Ikpvb21sYVxSZWdpc3RyeVxSZWdpc3RyeSI6Mzp7czo3OiIAKgBkYXRhIjtPOjg6InN0ZENsYXNzIjo0OntzOjU6InVzZXJzIjtPOjg6InN0ZENsYXNzIjoxOntzOjU6ImxvZ2luIjtPOjg6InN0ZENsYXNzIjoxOntzOjQ6ImZvcm0iO086ODoic3RkQ2xhc3MiOjE6e3M6NDoiZGF0YSI7YTowOnt9fX19czoxMzoiY3VycmVudF90aGVtZSI7czo5OiJkYXJrX2dyYXkiO3M6MTc6ImN1cnJlbnRfZGlyZWN0aW9uIjtzOjM6Imx0ciI7czoxNzoiY3VycmVudF9rZXlfc3VmaXgiO3M6MTQ6Il9kYXJrX2dyYXlfbHRyIjt9czoxNDoiACoAaW5pdGlhbGl6ZWQiO2I6MDtzOjk6InNlcGFyYXRvciI7czoxOiIuIjt9czo0OiJ1c2VyIjtPOjIwOiJKb29tbGFcQ01TXFVzZXJcVXNlciI6MTp7czoyOiJpZCI7aTowO319fXM6MTQ6IgAqAGluaXRpYWxpemVkIjtiOjA7czo5OiJzZXBhcmF0b3IiO3M6MToiLiI7fQ==\";',0,''),(_binary 'bff49600774629fb4b05091198242660',0,1,1775408575,'joomla|s:1040:\"TzoyNDoiSm9vbWxhXFJlZ2lzdHJ5XFJlZ2lzdHJ5IjozOntzOjc6IgAqAGRhdGEiO086ODoic3RkQ2xhc3MiOjE6e3M6OToiX19kZWZhdWx0IjtPOjg6InN0ZENsYXNzIjozOntzOjc6InNlc3Npb24iO086ODoic3RkQ2xhc3MiOjM6e3M6NzoiY291bnRlciI7aToxO3M6NToidGltZXIiO086ODoic3RkQ2xhc3MiOjM6e3M6NToic3RhcnQiO2k6MTc3NTQwODU3NDtzOjQ6Imxhc3QiO2k6MTc3NTQwODU3NDtzOjM6Im5vdyI7aToxNzc1NDA4NTc0O31zOjU6InRva2VuIjtzOjMyOiJXSXl3UVRYQXFPMjRpWmF1N2VGZkhuYTVlWGk0MkpjZCI7fXM6ODoicmVnaXN0cnkiO086MjQ6Ikpvb21sYVxSZWdpc3RyeVxSZWdpc3RyeSI6Mzp7czo3OiIAKgBkYXRhIjtPOjg6InN0ZENsYXNzIjo0OntzOjU6InVzZXJzIjtPOjg6InN0ZENsYXNzIjoxOntzOjU6ImxvZ2luIjtPOjg6InN0ZENsYXNzIjoxOntzOjQ6ImZvcm0iO086ODoic3RkQ2xhc3MiOjE6e3M6NDoiZGF0YSI7YTowOnt9fX19czoxMzoiY3VycmVudF90aGVtZSI7czo5OiJkYXJrX2dyYXkiO3M6MTc6ImN1cnJlbnRfZGlyZWN0aW9uIjtzOjM6Imx0ciI7czoxNzoiY3VycmVudF9rZXlfc3VmaXgiO3M6MTQ6Il9kYXJrX2dyYXlfbHRyIjt9czoxNDoiACoAaW5pdGlhbGl6ZWQiO2I6MDtzOjk6InNlcGFyYXRvciI7czoxOiIuIjt9czo0OiJ1c2VyIjtPOjIwOiJKb29tbGFcQ01TXFVzZXJcVXNlciI6MTp7czoyOiJpZCI7aTowO319fXM6MTQ6IgAqAGluaXRpYWxpemVkIjtiOjA7czo5OiJzZXBhcmF0b3IiO3M6MToiLiI7fQ==\";',0,''),(_binary 'c1d1b79f3ad78ab34cdb424cc9e56e80',0,1,1775348838,'joomla|s:1040:\"TzoyNDoiSm9vbWxhXFJlZ2lzdHJ5XFJlZ2lzdHJ5IjozOntzOjc6IgAqAGRhdGEiO086ODoic3RkQ2xhc3MiOjE6e3M6OToiX19kZWZhdWx0IjtPOjg6InN0ZENsYXNzIjozOntzOjc6InNlc3Npb24iO086ODoic3RkQ2xhc3MiOjM6e3M6NzoiY291bnRlciI7aToxO3M6NToidGltZXIiO086ODoic3RkQ2xhc3MiOjM6e3M6NToic3RhcnQiO2k6MTc3NTM0ODgzODtzOjQ6Imxhc3QiO2k6MTc3NTM0ODgzODtzOjM6Im5vdyI7aToxNzc1MzQ4ODM4O31zOjU6InRva2VuIjtzOjMyOiJDZHhqWU9ZcjVkU0hEUlJWTTZEYW1xR2QyVlNDYTQ5cSI7fXM6ODoicmVnaXN0cnkiO086MjQ6Ikpvb21sYVxSZWdpc3RyeVxSZWdpc3RyeSI6Mzp7czo3OiIAKgBkYXRhIjtPOjg6InN0ZENsYXNzIjo0OntzOjU6InVzZXJzIjtPOjg6InN0ZENsYXNzIjoxOntzOjU6ImxvZ2luIjtPOjg6InN0ZENsYXNzIjoxOntzOjQ6ImZvcm0iO086ODoic3RkQ2xhc3MiOjE6e3M6NDoiZGF0YSI7YTowOnt9fX19czoxMzoiY3VycmVudF90aGVtZSI7czo5OiJkYXJrX2dyYXkiO3M6MTc6ImN1cnJlbnRfZGlyZWN0aW9uIjtzOjM6Imx0ciI7czoxNzoiY3VycmVudF9rZXlfc3VmaXgiO3M6MTQ6Il9kYXJrX2dyYXlfbHRyIjt9czoxNDoiACoAaW5pdGlhbGl6ZWQiO2I6MDtzOjk6InNlcGFyYXRvciI7czoxOiIuIjt9czo0OiJ1c2VyIjtPOjIwOiJKb29tbGFcQ01TXFVzZXJcVXNlciI6MTp7czoyOiJpZCI7aTowO319fXM6MTQ6IgAqAGluaXRpYWxpemVkIjtiOjA7czo5OiJzZXBhcmF0b3IiO3M6MToiLiI7fQ==\";',0,''),(_binary 'c1e713e39586977f0948de8a98ed11bd',0,1,1775348840,'joomla|s:1040:\"TzoyNDoiSm9vbWxhXFJlZ2lzdHJ5XFJlZ2lzdHJ5IjozOntzOjc6IgAqAGRhdGEiO086ODoic3RkQ2xhc3MiOjE6e3M6OToiX19kZWZhdWx0IjtPOjg6InN0ZENsYXNzIjozOntzOjc6InNlc3Npb24iO086ODoic3RkQ2xhc3MiOjM6e3M6NzoiY291bnRlciI7aToxO3M6NToidGltZXIiO086ODoic3RkQ2xhc3MiOjM6e3M6NToic3RhcnQiO2k6MTc3NTM0ODg0MDtzOjQ6Imxhc3QiO2k6MTc3NTM0ODg0MDtzOjM6Im5vdyI7aToxNzc1MzQ4ODQwO31zOjU6InRva2VuIjtzOjMyOiJnNTE2TmNpeFRJNjZZeWRueERITzlpT3Zpdkw5NTVnNiI7fXM6ODoicmVnaXN0cnkiO086MjQ6Ikpvb21sYVxSZWdpc3RyeVxSZWdpc3RyeSI6Mzp7czo3OiIAKgBkYXRhIjtPOjg6InN0ZENsYXNzIjo0OntzOjU6InVzZXJzIjtPOjg6InN0ZENsYXNzIjoxOntzOjU6ImxvZ2luIjtPOjg6InN0ZENsYXNzIjoxOntzOjQ6ImZvcm0iO086ODoic3RkQ2xhc3MiOjE6e3M6NDoiZGF0YSI7YTowOnt9fX19czoxMzoiY3VycmVudF90aGVtZSI7czo5OiJkYXJrX2dyYXkiO3M6MTc6ImN1cnJlbnRfZGlyZWN0aW9uIjtzOjM6Imx0ciI7czoxNzoiY3VycmVudF9rZXlfc3VmaXgiO3M6MTQ6Il9kYXJrX2dyYXlfbHRyIjt9czoxNDoiACoAaW5pdGlhbGl6ZWQiO2I6MDtzOjk6InNlcGFyYXRvciI7czoxOiIuIjt9czo0OiJ1c2VyIjtPOjIwOiJKb29tbGFcQ01TXFVzZXJcVXNlciI6MTp7czoyOiJpZCI7aTowO319fXM6MTQ6IgAqAGluaXRpYWxpemVkIjtiOjA7czo5OiJzZXBhcmF0b3IiO3M6MToiLiI7fQ==\";',0,''),(_binary 'c1f3aa4063faf40ed3cc03865050c7c5',0,1,1775348877,'joomla|s:1040:\"TzoyNDoiSm9vbWxhXFJlZ2lzdHJ5XFJlZ2lzdHJ5IjozOntzOjc6IgAqAGRhdGEiO086ODoic3RkQ2xhc3MiOjE6e3M6OToiX19kZWZhdWx0IjtPOjg6InN0ZENsYXNzIjozOntzOjc6InNlc3Npb24iO086ODoic3RkQ2xhc3MiOjM6e3M6NzoiY291bnRlciI7aToxO3M6NToidGltZXIiO086ODoic3RkQ2xhc3MiOjM6e3M6NToic3RhcnQiO2k6MTc3NTM0ODg3NztzOjQ6Imxhc3QiO2k6MTc3NTM0ODg3NztzOjM6Im5vdyI7aToxNzc1MzQ4ODc3O31zOjU6InRva2VuIjtzOjMyOiJZQTloem5ub2o3TFlrT0FsZTNjNDFQUmtWcjI3dWd0SyI7fXM6ODoicmVnaXN0cnkiO086MjQ6Ikpvb21sYVxSZWdpc3RyeVxSZWdpc3RyeSI6Mzp7czo3OiIAKgBkYXRhIjtPOjg6InN0ZENsYXNzIjo0OntzOjU6InVzZXJzIjtPOjg6InN0ZENsYXNzIjoxOntzOjU6ImxvZ2luIjtPOjg6InN0ZENsYXNzIjoxOntzOjQ6ImZvcm0iO086ODoic3RkQ2xhc3MiOjE6e3M6NDoiZGF0YSI7YTowOnt9fX19czoxMzoiY3VycmVudF90aGVtZSI7czo5OiJkYXJrX2dyYXkiO3M6MTc6ImN1cnJlbnRfZGlyZWN0aW9uIjtzOjM6Imx0ciI7czoxNzoiY3VycmVudF9rZXlfc3VmaXgiO3M6MTQ6Il9kYXJrX2dyYXlfbHRyIjt9czoxNDoiACoAaW5pdGlhbGl6ZWQiO2I6MDtzOjk6InNlcGFyYXRvciI7czoxOiIuIjt9czo0OiJ1c2VyIjtPOjIwOiJKb29tbGFcQ01TXFVzZXJcVXNlciI6MTp7czoyOiJpZCI7aTowO319fXM6MTQ6IgAqAGluaXRpYWxpemVkIjtiOjA7czo5OiJzZXBhcmF0b3IiO3M6MToiLiI7fQ==\";',0,''),(_binary 'c34fea8573f9da9952237aca2a2d6a8f',0,1,1775498836,'joomla|s:1040:\"TzoyNDoiSm9vbWxhXFJlZ2lzdHJ5XFJlZ2lzdHJ5IjozOntzOjc6IgAqAGRhdGEiO086ODoic3RkQ2xhc3MiOjE6e3M6OToiX19kZWZhdWx0IjtPOjg6InN0ZENsYXNzIjozOntzOjc6InNlc3Npb24iO086ODoic3RkQ2xhc3MiOjM6e3M6NzoiY291bnRlciI7aTozO3M6NToidGltZXIiO086ODoic3RkQ2xhc3MiOjM6e3M6NToic3RhcnQiO2k6MTc3NTQ5ODgzNDtzOjQ6Imxhc3QiO2k6MTc3NTQ5ODgzNTtzOjM6Im5vdyI7aToxNzc1NDk4ODM2O31zOjU6InRva2VuIjtzOjMyOiJ5c1ZlME1vanBVV2ZDQWFnYzA5aGpCc1pTVUU0dnFmciI7fXM6ODoicmVnaXN0cnkiO086MjQ6Ikpvb21sYVxSZWdpc3RyeVxSZWdpc3RyeSI6Mzp7czo3OiIAKgBkYXRhIjtPOjg6InN0ZENsYXNzIjo0OntzOjU6InVzZXJzIjtPOjg6InN0ZENsYXNzIjoxOntzOjU6ImxvZ2luIjtPOjg6InN0ZENsYXNzIjoxOntzOjQ6ImZvcm0iO086ODoic3RkQ2xhc3MiOjE6e3M6NDoiZGF0YSI7YTowOnt9fX19czoxMzoiY3VycmVudF90aGVtZSI7czo5OiJkYXJrX2dyYXkiO3M6MTc6ImN1cnJlbnRfZGlyZWN0aW9uIjtzOjM6Imx0ciI7czoxNzoiY3VycmVudF9rZXlfc3VmaXgiO3M6MTQ6Il9kYXJrX2dyYXlfbHRyIjt9czoxNDoiACoAaW5pdGlhbGl6ZWQiO2I6MDtzOjk6InNlcGFyYXRvciI7czoxOiIuIjt9czo0OiJ1c2VyIjtPOjIwOiJKb29tbGFcQ01TXFVzZXJcVXNlciI6MTp7czoyOiJpZCI7aTowO319fXM6MTQ6IgAqAGluaXRpYWxpemVkIjtiOjA7czo5OiJzZXBhcmF0b3IiO3M6MToiLiI7fQ==\";',0,''),(_binary 'd39bbd5b113b5479c4b719d527e253bd',1,0,1775216301,'joomla|s:900:\"TzoyNDoiSm9vbWxhXFJlZ2lzdHJ5XFJlZ2lzdHJ5IjozOntzOjc6IgAqAGRhdGEiO086ODoic3RkQ2xhc3MiOjE6e3M6OToiX19kZWZhdWx0IjtPOjg6InN0ZENsYXNzIjo0OntzOjc6InNlc3Npb24iO086ODoic3RkQ2xhc3MiOjM6e3M6NzoiY291bnRlciI7aTo1NTI7czo1OiJ0aW1lciI7Tzo4OiJzdGRDbGFzcyI6Mzp7czo1OiJzdGFydCI7aToxNzc1MjE1Mzg0O3M6NDoibGFzdCI7aToxNzc1MjE2Mjk4O3M6Mzoibm93IjtpOjE3NzUyMTYzMDA7fXM6NToidG9rZW4iO3M6MzI6ImxkN0VFa1E5MXgzQ1BpbDhwT3plakcyQ0dCazFLb2hnIjt9czo4OiJyZWdpc3RyeSI7TzoyNDoiSm9vbWxhXFJlZ2lzdHJ5XFJlZ2lzdHJ5IjozOntzOjc6IgAqAGRhdGEiO086ODoic3RkQ2xhc3MiOjE6e3M6MTE6ImFwcGxpY2F0aW9uIjtPOjg6InN0ZENsYXNzIjoxOntzOjQ6ImxhbmciO3M6NToiZW4tR0IiO319czoxNDoiACoAaW5pdGlhbGl6ZWQiO2I6MDtzOjk6InNlcGFyYXRvciI7czoxOiIuIjt9czo0OiJ1c2VyIjtPOjIwOiJKb29tbGFcQ01TXFVzZXJcVXNlciI6MTp7czoyOiJpZCI7czoyOiI0MiI7fXM6MTE6ImFwcGxpY2F0aW9uIjtPOjg6InN0ZENsYXNzIjoxOntzOjU6InF1ZXVlIjthOjA6e319fX1zOjE0OiIAKgBpbml0aWFsaXplZCI7YjowO3M6OToic2VwYXJhdG9yIjtzOjE6Ii4iO30=\";',42,'admin'),(_binary 'da969dabf97523b3962e1386293df6af',0,1,1775489217,'joomla|s:1040:\"TzoyNDoiSm9vbWxhXFJlZ2lzdHJ5XFJlZ2lzdHJ5IjozOntzOjc6IgAqAGRhdGEiO086ODoic3RkQ2xhc3MiOjE6e3M6OToiX19kZWZhdWx0IjtPOjg6InN0ZENsYXNzIjozOntzOjc6InNlc3Npb24iO086ODoic3RkQ2xhc3MiOjM6e3M6NzoiY291bnRlciI7aToxO3M6NToidGltZXIiO086ODoic3RkQ2xhc3MiOjM6e3M6NToic3RhcnQiO2k6MTc3NTQ4OTIxNjtzOjQ6Imxhc3QiO2k6MTc3NTQ4OTIxNjtzOjM6Im5vdyI7aToxNzc1NDg5MjE2O31zOjU6InRva2VuIjtzOjMyOiJCSHZ3S1NUMlVYMjVKMHJtekZNd25zSm5lZ0JoZXlCOSI7fXM6ODoicmVnaXN0cnkiO086MjQ6Ikpvb21sYVxSZWdpc3RyeVxSZWdpc3RyeSI6Mzp7czo3OiIAKgBkYXRhIjtPOjg6InN0ZENsYXNzIjo0OntzOjU6InVzZXJzIjtPOjg6InN0ZENsYXNzIjoxOntzOjU6ImxvZ2luIjtPOjg6InN0ZENsYXNzIjoxOntzOjQ6ImZvcm0iO086ODoic3RkQ2xhc3MiOjE6e3M6NDoiZGF0YSI7YTowOnt9fX19czoxMzoiY3VycmVudF90aGVtZSI7czo5OiJkYXJrX2dyYXkiO3M6MTc6ImN1cnJlbnRfZGlyZWN0aW9uIjtzOjM6Imx0ciI7czoxNzoiY3VycmVudF9rZXlfc3VmaXgiO3M6MTQ6Il9kYXJrX2dyYXlfbHRyIjt9czoxNDoiACoAaW5pdGlhbGl6ZWQiO2I6MDtzOjk6InNlcGFyYXRvciI7czoxOiIuIjt9czo0OiJ1c2VyIjtPOjIwOiJKb29tbGFcQ01TXFVzZXJcVXNlciI6MTp7czoyOiJpZCI7aTowO319fXM6MTQ6IgAqAGluaXRpYWxpemVkIjtiOjA7czo5OiJzZXBhcmF0b3IiO3M6MToiLiI7fQ==\";',0,''),(_binary 'e5476ac4f42024ce883405a602c6992b',0,1,1775481305,'joomla|s:1040:\"TzoyNDoiSm9vbWxhXFJlZ2lzdHJ5XFJlZ2lzdHJ5IjozOntzOjc6IgAqAGRhdGEiO086ODoic3RkQ2xhc3MiOjE6e3M6OToiX19kZWZhdWx0IjtPOjg6InN0ZENsYXNzIjozOntzOjc6InNlc3Npb24iO086ODoic3RkQ2xhc3MiOjM6e3M6NzoiY291bnRlciI7aToxO3M6NToidGltZXIiO086ODoic3RkQ2xhc3MiOjM6e3M6NToic3RhcnQiO2k6MTc3NTQ4MTMwNTtzOjQ6Imxhc3QiO2k6MTc3NTQ4MTMwNTtzOjM6Im5vdyI7aToxNzc1NDgxMzA1O31zOjU6InRva2VuIjtzOjMyOiJzanQ1YWp1QktKUFVCS2R3cFFNQ2Z3UmlsTDI1MmU4dCI7fXM6ODoicmVnaXN0cnkiO086MjQ6Ikpvb21sYVxSZWdpc3RyeVxSZWdpc3RyeSI6Mzp7czo3OiIAKgBkYXRhIjtPOjg6InN0ZENsYXNzIjo0OntzOjU6InVzZXJzIjtPOjg6InN0ZENsYXNzIjoxOntzOjU6ImxvZ2luIjtPOjg6InN0ZENsYXNzIjoxOntzOjQ6ImZvcm0iO086ODoic3RkQ2xhc3MiOjE6e3M6NDoiZGF0YSI7YTowOnt9fX19czoxMzoiY3VycmVudF90aGVtZSI7czo5OiJkYXJrX2dyYXkiO3M6MTc6ImN1cnJlbnRfZGlyZWN0aW9uIjtzOjM6Imx0ciI7czoxNzoiY3VycmVudF9rZXlfc3VmaXgiO3M6MTQ6Il9kYXJrX2dyYXlfbHRyIjt9czoxNDoiACoAaW5pdGlhbGl6ZWQiO2I6MDtzOjk6InNlcGFyYXRvciI7czoxOiIuIjt9czo0OiJ1c2VyIjtPOjIwOiJKb29tbGFcQ01TXFVzZXJcVXNlciI6MTp7czoyOiJpZCI7aTowO319fXM6MTQ6IgAqAGluaXRpYWxpemVkIjtiOjA7czo5OiJzZXBhcmF0b3IiO3M6MToiLiI7fQ==\";',0,''),(_binary 'ed618e118bf841b234caf71ba6811691',0,1,1775485706,'joomla|s:1040:\"TzoyNDoiSm9vbWxhXFJlZ2lzdHJ5XFJlZ2lzdHJ5IjozOntzOjc6IgAqAGRhdGEiO086ODoic3RkQ2xhc3MiOjE6e3M6OToiX19kZWZhdWx0IjtPOjg6InN0ZENsYXNzIjozOntzOjc6InNlc3Npb24iO086ODoic3RkQ2xhc3MiOjM6e3M6NzoiY291bnRlciI7aTozO3M6NToidGltZXIiO086ODoic3RkQ2xhc3MiOjM6e3M6NToic3RhcnQiO2k6MTc3NTQ4NTcwNDtzOjQ6Imxhc3QiO2k6MTc3NTQ4NTcwNTtzOjM6Im5vdyI7aToxNzc1NDg1NzA2O31zOjU6InRva2VuIjtzOjMyOiJzOTZmY0lQY3hqU2l4VW1IUzhOY3VoY0Z2UEpqSkJPRyI7fXM6ODoicmVnaXN0cnkiO086MjQ6Ikpvb21sYVxSZWdpc3RyeVxSZWdpc3RyeSI6Mzp7czo3OiIAKgBkYXRhIjtPOjg6InN0ZENsYXNzIjo0OntzOjU6InVzZXJzIjtPOjg6InN0ZENsYXNzIjoxOntzOjU6ImxvZ2luIjtPOjg6InN0ZENsYXNzIjoxOntzOjQ6ImZvcm0iO086ODoic3RkQ2xhc3MiOjE6e3M6NDoiZGF0YSI7YTowOnt9fX19czoxMzoiY3VycmVudF90aGVtZSI7czo5OiJkYXJrX2dyYXkiO3M6MTc6ImN1cnJlbnRfZGlyZWN0aW9uIjtzOjM6Imx0ciI7czoxNzoiY3VycmVudF9rZXlfc3VmaXgiO3M6MTQ6Il9kYXJrX2dyYXlfbHRyIjt9czoxNDoiACoAaW5pdGlhbGl6ZWQiO2I6MDtzOjk6InNlcGFyYXRvciI7czoxOiIuIjt9czo0OiJ1c2VyIjtPOjIwOiJKb29tbGFcQ01TXFVzZXJcVXNlciI6MTp7czoyOiJpZCI7aTowO319fXM6MTQ6IgAqAGluaXRpYWxpemVkIjtiOjA7czo5OiJzZXBhcmF0b3IiO3M6MToiLiI7fQ==\";',0,''),(_binary 'efd38f6bcb5969b5befbec9883533c77',0,1,1775552386,'joomla|s:1040:\"TzoyNDoiSm9vbWxhXFJlZ2lzdHJ5XFJlZ2lzdHJ5IjozOntzOjc6IgAqAGRhdGEiO086ODoic3RkQ2xhc3MiOjE6e3M6OToiX19kZWZhdWx0IjtPOjg6InN0ZENsYXNzIjozOntzOjc6InNlc3Npb24iO086ODoic3RkQ2xhc3MiOjM6e3M6NzoiY291bnRlciI7aToxO3M6NToidGltZXIiO086ODoic3RkQ2xhc3MiOjM6e3M6NToic3RhcnQiO2k6MTc3NTU1MjM4NjtzOjQ6Imxhc3QiO2k6MTc3NTU1MjM4NjtzOjM6Im5vdyI7aToxNzc1NTUyMzg2O31zOjU6InRva2VuIjtzOjMyOiJnRVN4N016N2wxbDhaRVpzaDhDSzdYWUM1aDJ3ZGcxTiI7fXM6ODoicmVnaXN0cnkiO086MjQ6Ikpvb21sYVxSZWdpc3RyeVxSZWdpc3RyeSI6Mzp7czo3OiIAKgBkYXRhIjtPOjg6InN0ZENsYXNzIjo0OntzOjU6InVzZXJzIjtPOjg6InN0ZENsYXNzIjoxOntzOjU6ImxvZ2luIjtPOjg6InN0ZENsYXNzIjoxOntzOjQ6ImZvcm0iO086ODoic3RkQ2xhc3MiOjE6e3M6NDoiZGF0YSI7YTowOnt9fX19czoxMzoiY3VycmVudF90aGVtZSI7czo5OiJkYXJrX2dyYXkiO3M6MTc6ImN1cnJlbnRfZGlyZWN0aW9uIjtzOjM6Imx0ciI7czoxNzoiY3VycmVudF9rZXlfc3VmaXgiO3M6MTQ6Il9kYXJrX2dyYXlfbHRyIjt9czoxNDoiACoAaW5pdGlhbGl6ZWQiO2I6MDtzOjk6InNlcGFyYXRvciI7czoxOiIuIjt9czo0OiJ1c2VyIjtPOjIwOiJKb29tbGFcQ01TXFVzZXJcVXNlciI6MTp7czoyOiJpZCI7aTowO319fXM6MTQ6IgAqAGluaXRpYWxpemVkIjtiOjA7czo5OiJzZXBhcmF0b3IiO3M6MToiLiI7fQ==\";',0,''),(_binary 'f8e2fecd0cc1cbc7ed0fb86ce2cc0750',0,1,1775396750,'joomla|s:1040:\"TzoyNDoiSm9vbWxhXFJlZ2lzdHJ5XFJlZ2lzdHJ5IjozOntzOjc6IgAqAGRhdGEiO086ODoic3RkQ2xhc3MiOjE6e3M6OToiX19kZWZhdWx0IjtPOjg6InN0ZENsYXNzIjozOntzOjc6InNlc3Npb24iO086ODoic3RkQ2xhc3MiOjM6e3M6NzoiY291bnRlciI7aToxO3M6NToidGltZXIiO086ODoic3RkQ2xhc3MiOjM6e3M6NToic3RhcnQiO2k6MTc3NTM5Njc1MDtzOjQ6Imxhc3QiO2k6MTc3NTM5Njc1MDtzOjM6Im5vdyI7aToxNzc1Mzk2NzUwO31zOjU6InRva2VuIjtzOjMyOiIzdHBvZnE2eGZXenEzVlAwOHFlakxaWGpHeFh4MEswRiI7fXM6ODoicmVnaXN0cnkiO086MjQ6Ikpvb21sYVxSZWdpc3RyeVxSZWdpc3RyeSI6Mzp7czo3OiIAKgBkYXRhIjtPOjg6InN0ZENsYXNzIjo0OntzOjU6InVzZXJzIjtPOjg6InN0ZENsYXNzIjoxOntzOjU6ImxvZ2luIjtPOjg6InN0ZENsYXNzIjoxOntzOjQ6ImZvcm0iO086ODoic3RkQ2xhc3MiOjE6e3M6NDoiZGF0YSI7YTowOnt9fX19czoxMzoiY3VycmVudF90aGVtZSI7czo5OiJkYXJrX2dyYXkiO3M6MTc6ImN1cnJlbnRfZGlyZWN0aW9uIjtzOjM6Imx0ciI7czoxNzoiY3VycmVudF9rZXlfc3VmaXgiO3M6MTQ6Il9kYXJrX2dyYXlfbHRyIjt9czoxNDoiACoAaW5pdGlhbGl6ZWQiO2I6MDtzOjk6InNlcGFyYXRvciI7czoxOiIuIjt9czo0OiJ1c2VyIjtPOjIwOiJKb29tbGFcQ01TXFVzZXJcVXNlciI6MTp7czoyOiJpZCI7aTowO319fXM6MTQ6IgAqAGluaXRpYWxpemVkIjtiOjA7czo5OiJzZXBhcmF0b3IiO3M6MToiLiI7fQ==\";',0,''),(_binary 'f9dd76e5c7e87590337be3c2083ae9ef',0,1,1775348875,'joomla|s:1040:\"TzoyNDoiSm9vbWxhXFJlZ2lzdHJ5XFJlZ2lzdHJ5IjozOntzOjc6IgAqAGRhdGEiO086ODoic3RkQ2xhc3MiOjE6e3M6OToiX19kZWZhdWx0IjtPOjg6InN0ZENsYXNzIjozOntzOjc6InNlc3Npb24iO086ODoic3RkQ2xhc3MiOjM6e3M6NzoiY291bnRlciI7aToxO3M6NToidGltZXIiO086ODoic3RkQ2xhc3MiOjM6e3M6NToic3RhcnQiO2k6MTc3NTM0ODg3NTtzOjQ6Imxhc3QiO2k6MTc3NTM0ODg3NTtzOjM6Im5vdyI7aToxNzc1MzQ4ODc1O31zOjU6InRva2VuIjtzOjMyOiJWdnJIbXlUQWVYMG1Fa2VIMlhUcjg3a3NCdlhVNTBscCI7fXM6ODoicmVnaXN0cnkiO086MjQ6Ikpvb21sYVxSZWdpc3RyeVxSZWdpc3RyeSI6Mzp7czo3OiIAKgBkYXRhIjtPOjg6InN0ZENsYXNzIjo0OntzOjU6InVzZXJzIjtPOjg6InN0ZENsYXNzIjoxOntzOjU6ImxvZ2luIjtPOjg6InN0ZENsYXNzIjoxOntzOjQ6ImZvcm0iO086ODoic3RkQ2xhc3MiOjE6e3M6NDoiZGF0YSI7YTowOnt9fX19czoxMzoiY3VycmVudF90aGVtZSI7czo5OiJkYXJrX2dyYXkiO3M6MTc6ImN1cnJlbnRfZGlyZWN0aW9uIjtzOjM6Imx0ciI7czoxNzoiY3VycmVudF9rZXlfc3VmaXgiO3M6MTQ6Il9kYXJrX2dyYXlfbHRyIjt9czoxNDoiACoAaW5pdGlhbGl6ZWQiO2I6MDtzOjk6InNlcGFyYXRvciI7czoxOiIuIjt9czo0OiJ1c2VyIjtPOjIwOiJKb29tbGFcQ01TXFVzZXJcVXNlciI6MTp7czoyOiJpZCI7aTowO319fXM6MTQ6IgAqAGluaXRpYWxpemVkIjtiOjA7czo5OiJzZXBhcmF0b3IiO3M6MToiLiI7fQ==\";',0,''),(_binary 'fe5b585cf6b4c89e6611b38081ec1a6b',0,1,1775237367,'joomla|s:1040:\"TzoyNDoiSm9vbWxhXFJlZ2lzdHJ5XFJlZ2lzdHJ5IjozOntzOjc6IgAqAGRhdGEiO086ODoic3RkQ2xhc3MiOjE6e3M6OToiX19kZWZhdWx0IjtPOjg6InN0ZENsYXNzIjozOntzOjc6InNlc3Npb24iO086ODoic3RkQ2xhc3MiOjM6e3M6NzoiY291bnRlciI7aToxO3M6NToidGltZXIiO086ODoic3RkQ2xhc3MiOjM6e3M6NToic3RhcnQiO2k6MTc3NTIzNzM2NztzOjQ6Imxhc3QiO2k6MTc3NTIzNzM2NztzOjM6Im5vdyI7aToxNzc1MjM3MzY3O31zOjU6InRva2VuIjtzOjMyOiJlZFJndGhSUTBMUWo4SlJaNEtPN0RNdE9aZ1hkVTBxVCI7fXM6ODoicmVnaXN0cnkiO086MjQ6Ikpvb21sYVxSZWdpc3RyeVxSZWdpc3RyeSI6Mzp7czo3OiIAKgBkYXRhIjtPOjg6InN0ZENsYXNzIjo0OntzOjU6InVzZXJzIjtPOjg6InN0ZENsYXNzIjoxOntzOjU6ImxvZ2luIjtPOjg6InN0ZENsYXNzIjoxOntzOjQ6ImZvcm0iO086ODoic3RkQ2xhc3MiOjE6e3M6NDoiZGF0YSI7YTowOnt9fX19czoxMzoiY3VycmVudF90aGVtZSI7czo5OiJkYXJrX2dyYXkiO3M6MTc6ImN1cnJlbnRfZGlyZWN0aW9uIjtzOjM6Imx0ciI7czoxNzoiY3VycmVudF9rZXlfc3VmaXgiO3M6MTQ6Il9kYXJrX2dyYXlfbHRyIjt9czoxNDoiACoAaW5pdGlhbGl6ZWQiO2I6MDtzOjk6InNlcGFyYXRvciI7czoxOiIuIjt9czo0OiJ1c2VyIjtPOjIwOiJKb29tbGFcQ01TXFVzZXJcVXNlciI6MTp7czoyOiJpZCI7aTowO319fXM6MTQ6IgAqAGluaXRpYWxpemVkIjtiOjA7czo5OiJzZXBhcmF0b3IiO3M6MToiLiI7fQ==\";',0,''),(_binary 'ff3908ce025b380f28f5dc054fdd8f27',0,1,1775557801,'joomla|s:1040:\"TzoyNDoiSm9vbWxhXFJlZ2lzdHJ5XFJlZ2lzdHJ5IjozOntzOjc6IgAqAGRhdGEiO086ODoic3RkQ2xhc3MiOjE6e3M6OToiX19kZWZhdWx0IjtPOjg6InN0ZENsYXNzIjozOntzOjc6InNlc3Npb24iO086ODoic3RkQ2xhc3MiOjM6e3M6NzoiY291bnRlciI7aTo1O3M6NToidGltZXIiO086ODoic3RkQ2xhc3MiOjM6e3M6NToic3RhcnQiO2k6MTc3NTU1Nzc1NDtzOjQ6Imxhc3QiO2k6MTc3NTU1NzgwMDtzOjM6Im5vdyI7aToxNzc1NTU3ODAxO31zOjU6InRva2VuIjtzOjMyOiJ4YkFFZjdLZGlreVVORUxsM29sSkFBNDNrMXBtWFBMNyI7fXM6ODoicmVnaXN0cnkiO086MjQ6Ikpvb21sYVxSZWdpc3RyeVxSZWdpc3RyeSI6Mzp7czo3OiIAKgBkYXRhIjtPOjg6InN0ZENsYXNzIjo0OntzOjU6InVzZXJzIjtPOjg6InN0ZENsYXNzIjoxOntzOjU6ImxvZ2luIjtPOjg6InN0ZENsYXNzIjoxOntzOjQ6ImZvcm0iO086ODoic3RkQ2xhc3MiOjE6e3M6NDoiZGF0YSI7YTowOnt9fX19czoxMzoiY3VycmVudF90aGVtZSI7czo5OiJkYXJrX2dyYXkiO3M6MTc6ImN1cnJlbnRfZGlyZWN0aW9uIjtzOjM6Imx0ciI7czoxNzoiY3VycmVudF9rZXlfc3VmaXgiO3M6MTQ6Il9kYXJrX2dyYXlfbHRyIjt9czoxNDoiACoAaW5pdGlhbGl6ZWQiO2I6MDtzOjk6InNlcGFyYXRvciI7czoxOiIuIjt9czo0OiJ1c2VyIjtPOjIwOiJKb29tbGFcQ01TXFVzZXJcVXNlciI6MTp7czoyOiJpZCI7aTowO319fXM6MTQ6IgAqAGluaXRpYWxpemVkIjtiOjA7czo5OiJzZXBhcmF0b3IiO3M6MToiLiI7fQ==\";',0,'');

--
-- Table structure for table `jos_slider_images`
--

CREATE TABLE `jos_slider_images` (
  `id` int NOT NULL AUTO_INCREMENT,
  `image` varchar(255) NOT NULL,
  PRIMARY KEY (`id`)
) ENGINE=MyISAM AUTO_INCREMENT=6 DEFAULT CHARSET=latin1;

--
-- Dumping data for table `jos_slider_images`
--

INSERT INTO `jos_slider_images` (`id`, `image`) VALUES (1,'slider1.jpg'),(2,'slider2.jpg'),(3,'slider3.jpg'),(4,'slider4.jpg'),(5,'slider5.jpg');

--
-- Table structure for table `jos_tags`
--

CREATE TABLE `jos_tags` (
  `id` int unsigned NOT NULL AUTO_INCREMENT,
  `parent_id` int unsigned NOT NULL DEFAULT '0',
  `lft` int NOT NULL DEFAULT '0',
  `rgt` int NOT NULL DEFAULT '0',
  `level` int unsigned NOT NULL DEFAULT '0',
  `path` varchar(400) NOT NULL DEFAULT '',
  `title` varchar(255) NOT NULL,
  `alias` varchar(400) CHARACTER SET utf8mb3 COLLATE utf8mb3_bin NOT NULL DEFAULT '',
  `note` varchar(255) NOT NULL DEFAULT '',
  `description` longtext NOT NULL,
  `published` tinyint(1) NOT NULL DEFAULT '0',
  `checked_out` int unsigned NOT NULL DEFAULT '0',
  `checked_out_time` datetime NOT NULL DEFAULT '0000-00-00 00:00:00',
  `access` int unsigned NOT NULL DEFAULT '0',
  `params` mediumtext NOT NULL,
  `metadesc` varchar(1024) NOT NULL COMMENT 'The meta description for the page.',
  `metakey` varchar(1024) NOT NULL COMMENT 'The meta keywords for the page.',
  `metadata` varchar(2048) NOT NULL COMMENT 'JSON encoded metadata properties.',
  `created_user_id` int unsigned NOT NULL DEFAULT '0',
  `created_time` datetime NOT NULL DEFAULT '0000-00-00 00:00:00',
  `created_by_alias` varchar(255) NOT NULL DEFAULT '',
  `modified_user_id` int unsigned NOT NULL DEFAULT '0',
  `modified_time` datetime NOT NULL DEFAULT '0000-00-00 00:00:00',
  `images` mediumtext NOT NULL,
  `urls` mediumtext NOT NULL,
  `hits` int unsigned NOT NULL DEFAULT '0',
  `language` char(7) NOT NULL,
  `version` int unsigned NOT NULL DEFAULT '1',
  `publish_up` datetime NOT NULL DEFAULT '0000-00-00 00:00:00',
  `publish_down` datetime NOT NULL DEFAULT '0000-00-00 00:00:00',
  PRIMARY KEY (`id`),
  KEY `tag_idx` (`published`,`access`),
  KEY `idx_access` (`access`),
  KEY `idx_checkout` (`checked_out`),
  KEY `idx_left_right` (`lft`,`rgt`),
  KEY `idx_language` (`language`),
  KEY `idx_path` (`path`(100)),
  KEY `idx_alias` (`alias`(100))
) ENGINE=MyISAM AUTO_INCREMENT=10 DEFAULT CHARSET=utf8mb3;

--
-- Dumping data for table `jos_tags`
--

INSERT INTO `jos_tags` (`id`, `parent_id`, `lft`, `rgt`, `level`, `path`, `title`, `alias`, `note`, `description`, `published`, `checked_out`, `checked_out_time`, `access`, `params`, `metadesc`, `metakey`, `metadata`, `created_user_id`, `created_time`, `created_by_alias`, `modified_user_id`, `modified_time`, `images`, `urls`, `hits`, `language`, `version`, `publish_up`, `publish_down`) VALUES (1,0,0,17,0,'','ROOT','root','','',1,0,'0000-00-00 00:00:00',1,'{}','','','',42,'2017-11-06 07:13:53','',0,'0000-00-00 00:00:00','','',0,'*',1,'0000-00-00 00:00:00','0000-00-00 00:00:00'),(2,1,1,2,1,'responsive','responsive','responsive','','Leo cursus a nibh Vestibulum interdum sit nisl est lorem augue. Adipiscing hendrerit cursus et at nunc id natoque vitae mattis vitae. Curabitur tristique laoreet ut ut odio Lorem ante Integer tincidunt in.',1,0,'0000-00-00 00:00:00',1,'{\"tag_layout\":\"\",\"tag_link_class\":\"label label-info\",\"image_intro\":\"\",\"float_intro\":\"\",\"image_intro_alt\":\"\",\"image_intro_caption\":\"\",\"image_fulltext\":\"\",\"float_fulltext\":\"\",\"image_fulltext_alt\":\"\",\"image_fulltext_caption\":\"\"}','','','{\"author\":\"\",\"robots\":\"\"}',42,'2017-11-06 07:13:53','',42,'2017-11-06 07:13:53','','',2,'*',1,'0000-00-00 00:00:00','0000-00-00 00:00:00'),(3,1,3,4,1,'free-responsive-joomla-template','Free responsive Joomla template','free-responsive-joomla-template','','<p>Augue pellentesque mauris urna porttitor tristique elit rhoncus euismod quis ligula. Non senectus wisi pellentesque ante tincidunt cursus nulla nunc nonummy odio.</p>',1,0,'0000-00-00 00:00:00',1,'{\"tag_layout\":\"\",\"tag_link_class\":\"label label-info\",\"image_intro\":\"\",\"float_intro\":\"\",\"image_intro_alt\":\"\",\"image_intro_caption\":\"\",\"image_fulltext\":\"\",\"float_fulltext\":\"\",\"image_fulltext_alt\":\"\",\"image_fulltext_caption\":\"\"}','','','{\"author\":\"\",\"robots\":\"\"}',42,'2017-11-06 07:13:53','',42,'2017-11-06 07:13:53','','',0,'*',1,'0000-00-00 00:00:00','0000-00-00 00:00:00'),(4,1,5,6,1,'free-joomla-template','Free joomla template','free-joomla-template','','<p>Leo sed nibh ut ac magnis nam hendrerit lacus convallis massa. Laoreet sed hendrerit et et penatibus tellus et curabitur lacinia curabitur. Dis quis semper fringilla nam pellentesque ipsum id odio scelerisque congue.</p>',1,0,'0000-00-00 00:00:00',1,'{\"tag_layout\":\"\",\"tag_link_class\":\"label label-info\",\"image_intro\":\"\",\"float_intro\":\"\",\"image_intro_alt\":\"\",\"image_intro_caption\":\"\",\"image_fulltext\":\"\",\"float_fulltext\":\"\",\"image_fulltext_alt\":\"\",\"image_fulltext_caption\":\"\"}','','','{\"author\":\"\",\"robots\":\"\"}',42,'2017-11-06 07:13:53','',42,'2017-11-06 07:13:53','','',3,'*',1,'0000-00-00 00:00:00','0000-00-00 00:00:00'),(5,1,7,8,1,'bootstrap-3','Bootstrap 3','bootstrap-3','','<p>Sleek, intuitive, and powerful mobile first front-end framework for faster and easier web development.</p>',1,0,'0000-00-00 00:00:00',1,'{\"tag_layout\":\"\",\"tag_link_class\":\"label label-info\",\"image_intro\":\"\",\"float_intro\":\"\",\"image_intro_alt\":\"\",\"image_intro_caption\":\"\",\"image_fulltext\":\"\",\"float_fulltext\":\"\",\"image_fulltext_alt\":\"\",\"image_fulltext_caption\":\"\"}','','','{\"author\":\"\",\"robots\":\"\"}',42,'2017-11-06 07:13:53','',42,'2017-11-06 07:13:53','','',1,'*',1,'0000-00-00 00:00:00','0000-00-00 00:00:00'),(6,1,9,10,1,'blog','blog','blog','','<p>Est auctor et mauris egestas at Quisque montes lacus ac pede. Felis vel tincidunt wisi elit quis vestibulum Curabitur iaculis consequat Proin. Vitae Pellentesque elit interdum.</p>',1,0,'0000-00-00 00:00:00',1,'{\"tag_layout\":\"\",\"tag_link_class\":\"label label-info\",\"image_intro\":\"\",\"float_intro\":\"\",\"image_intro_alt\":\"\",\"image_intro_caption\":\"\",\"image_fulltext\":\"\",\"float_fulltext\":\"\",\"image_fulltext_alt\":\"\",\"image_fulltext_caption\":\"\"}','','','{\"author\":\"\",\"robots\":\"\"}',42,'2017-11-06 07:13:53','',42,'2017-11-06 07:13:53','','',4,'*',1,'0000-00-00 00:00:00','0000-00-00 00:00:00'),(7,1,11,12,1,'t3-framework','T3 Framework','t3-framework','','<p>Vestibulum lacus et nonummy id nam ut volutpat ipsum sit metus. Sed enim eros proin nullam laoreet dictumst cursus sed Fusce eu. Est auctor et mauris egestas at quisque montes lacus ac pede.</p>',1,0,'0000-00-00 00:00:00',1,'{\"tag_layout\":\"\",\"tag_link_class\":\"label label-info\",\"image_intro\":\"\",\"float_intro\":\"\",\"image_intro_alt\":\"\",\"image_intro_caption\":\"\",\"image_fulltext\":\"\",\"float_fulltext\":\"\",\"image_fulltext_alt\":\"\",\"image_fulltext_caption\":\"\"}','','','{\"author\":\"\",\"robots\":\"\"}',42,'2017-11-06 07:13:53','',42,'2017-11-06 07:13:53','','',0,'*',1,'0000-00-00 00:00:00','0000-00-00 00:00:00'),(8,1,13,14,1,'joomla','Joomla','joomla','','<p><strong>Joomla!</strong> is the mobile-ready and user-friendly way to build your website. Choose from thousands of features and designs. Joomla! is free and open source.</p>',1,0,'0000-00-00 00:00:00',1,'{\"tag_layout\":\"\",\"tag_link_class\":\"label label-info\",\"image_intro\":\"\",\"float_intro\":\"\",\"image_intro_alt\":\"\",\"image_intro_caption\":\"\",\"image_fulltext\":\"\",\"float_fulltext\":\"\",\"image_fulltext_alt\":\"\",\"image_fulltext_caption\":\"\"}','','','{\"author\":\"\",\"robots\":\"\"}',42,'2017-11-06 07:13:53','',42,'2017-11-06 07:13:53','','',10,'*',1,'0000-00-00 00:00:00','0000-00-00 00:00:00'),(9,1,15,16,1,'extensions','Extensions','extensions','','<p>Porta dapibus laoreet id ut vestibulum phasellus magna eros quis gravida. Faucibus nunc tortor ac enim non ut nam vitaen unc ornare. Convallis id nibh id orci ligula cum nulla curabitur et aliquam. Auctor augue aliquam magna mi massa parturient sed Nullam at orci.</p>',1,0,'0000-00-00 00:00:00',1,'{\"tag_layout\":\"\",\"tag_link_class\":\"label label-info\",\"image_intro\":\"\",\"float_intro\":\"\",\"image_intro_alt\":\"\",\"image_intro_caption\":\"\",\"image_fulltext\":\"\",\"float_fulltext\":\"\",\"image_fulltext_alt\":\"\",\"image_fulltext_caption\":\"\"}','','','{\"author\":\"\",\"robots\":\"\"}',42,'2017-11-06 07:13:53','',42,'2017-11-06 07:13:53','','',0,'*',1,'0000-00-00 00:00:00','0000-00-00 00:00:00');

--
-- Table structure for table `jos_template_styles`
--

CREATE TABLE `jos_template_styles` (
  `id` int unsigned NOT NULL AUTO_INCREMENT,
  `template` varchar(50) NOT NULL DEFAULT '',
  `client_id` tinyint unsigned NOT NULL DEFAULT '0',
  `home` char(7) NOT NULL DEFAULT '0',
  `title` varchar(255) NOT NULL DEFAULT '',
  `params` mediumtext NOT NULL,
  `inheritable` tinyint NOT NULL DEFAULT '0',
  `parent` varchar(50) DEFAULT '',
  PRIMARY KEY (`id`),
  KEY `idx_template` (`template`),
  KEY `idx_client_id` (`client_id`),
  KEY `idx_client_id_home` (`client_id`,`home`)
) ENGINE=InnoDB AUTO_INCREMENT=25 DEFAULT CHARSET=utf8mb3;

--
-- Dumping data for table `jos_template_styles`
--

INSERT INTO `jos_template_styles` (`id`, `template`, `client_id`, `home`, `title`, `params`, `inheritable`, `parent`) VALUES (4,'beez3',0,'0','Beez3 - Default','{\"wrapperSmall\":\"53\",\"wrapperLarge\":\"72\",\"logo\":\"images\\/joomla_black.gif\",\"sitetitle\":\"Joomla!\",\"sitedescription\":\"Open Source Content Management\",\"navposition\":\"left\",\"templatecolor\":\"personal\",\"html5\":\"0\"}',0,''),(5,'hathor',1,'0','Hathor - Default','{\"showSiteName\":\"0\",\"colourChoice\":\"\",\"boldText\":\"0\"}',0,''),(7,'protostar',0,'0','protostar - Default','{\"templateColor\":\"\",\"logoFile\":\"\",\"googleFont\":\"1\",\"googleFontName\":\"Open+Sans\",\"fluidContainer\":\"0\"}',0,''),(8,'isis',1,'1','isis - Default','{\"templateColor\":\"\",\"logoFile\":\"\"}',0,''),(14,'purity_iii',0,'1','Purity III - Default','{\"tpl_article_info_datetime_format\":\"l, d F Y\",\"t3_template\":\"1\",\"devmode\":\"1\",\"themermode\":\"1\",\"legacy_css\":\"1\",\"responsive\":\"1\",\"non_responsive_width\":\"970px\",\"build_rtl\":\"1\",\"t3-assets\":\"t3-assets\",\"t3-rmvlogo\":\"1\",\"minify\":\"1\",\"minify_js\":\"1\",\"minify_js_tool\":\"jsmin\",\"minify_exclude\":\"components\\/com_community\\/assets\\/release\\/js\\/loader.js,media\\/jui\\/js\\/jquery.min.js, js\\/script.js,error.css \",\"link_titles\":\"\",\"theme\":\"dark_gray\",\"logotype\":\"text\",\"sitename\":\"AB Demo 3.0\",\"slogan\":\"...\",\"logoimage\":\"\",\"enable_logoimage_sm\":\"0\",\"logoimage_sm\":\"\",\"mainlayout\":\"default-content-left\",\"sublayout\":\"\",\"mm_type\":\"mainmenu\",\"navigation_trigger\":\"hover\",\"navigation_type\":\"t3bootstrap\",\"navigation_animation\":\"slide\",\"navigation_animation_duration\":\"200\",\"mm_config\":\"{\\\"mainmenu\\\":{\\\"item-435\\\":{\\\"sub\\\":{\\\"width\\\":850,\\\"rows\\\":[[{\\\"item\\\":743,\\\"width\\\":3},{\\\"item\\\":540,\\\"width\\\":3},{\\\"position\\\":112,\\\"width\\\":6}]]}},\\\"item-743\\\":{\\\"sub\\\":{\\\"rows\\\":[[{\\\"item\\\":567,\\\"width\\\":12}]]},\\\"group\\\":1},\\\"item-540\\\":{\\\"sub\\\":{\\\"rows\\\":[[{\\\"item\\\":744,\\\"width\\\":12}]]},\\\"group\\\":1},\\\"item-546\\\":{\\\"sub\\\":{\\\"width\\\":620,\\\"rows\\\":[[{\\\"item\\\":741,\\\"width\\\":4},{\\\"position\\\":221,\\\"width\\\":8}]]}},\\\"item-741\\\":{\\\"sub\\\":{\\\"rows\\\":[[{\\\"item\\\":738,\\\"width\\\":12}]]},\\\"group\\\":1},\\\"item-545\\\":{\\\"sub\\\":{\\\"width\\\":700,\\\"rows\\\":[[{\\\"item\\\":548,\\\"width\\\":4},{\\\"item\\\":742,\\\"width\\\":4},{\\\"position\\\":16,\\\"width\\\":4}]]},\\\"alignsub\\\":\\\"left\\\"},\\\"item-548\\\":{\\\"sub\\\":{\\\"rows\\\":[[{\\\"item\\\":553,\\\"width\\\":12}]]},\\\"group\\\":1},\\\"item-742\\\":{\\\"sub\\\":{\\\"rows\\\":[[{\\\"item\\\":550,\\\"width\\\":12}]]},\\\"group\\\":1},\\\"item-571\\\":{\\\"sub\\\":{\\\"rows\\\":[[{\\\"item\\\":693,\\\"width\\\":12}]]}},\\\"item-693\\\":{\\\"sub\\\":{\\\"rows\\\":[[{\\\"item\\\":716,\\\"width\\\":12}]]}},\\\"item-599\\\":{\\\"sub\\\":{\\\"rows\\\":[[{\\\"item\\\":718,\\\"width\\\":12}]]}},\\\"item-634\\\":{\\\"sub\\\":{\\\"rows\\\":[[{\\\"item\\\":715,\\\"width\\\":12}]]}},\\\"item-707\\\":{\\\"sub\\\":{\\\"rows\\\":[[{\\\"item\\\":745,\\\"width\\\":12}]]}}}}\",\"navigation_collapse_enable\":\"1\",\"addon_offcanvas_enable\":\"0\",\"addon_offcanvas_effect\":\"off-canvas-effect-3\",\"snippet_open_head\":\"\",\"snippet_close_head\":\"\",\"snippet_open_body\":\"\",\"snippet_close_body\":\"\",\"snippet_debug\":\"0\"}',0,''),(15,'purity_iii',0,'0','Purity III - Features Intro 1','{\"tpl_article_info_datetime_format\":\"l, d F Y\",\"t3_template\":\"1\",\"devmode\":\"1\",\"themermode\":\"1\",\"legacy_css\":\"1\",\"responsive\":\"1\",\"non_responsive_width\":\"970px\",\"build_rtl\":\"1\",\"t3-assets\":\"t3-assets\",\"t3-rmvlogo\":\"1\",\"minify\":\"1\",\"minify_js\":\"1\",\"minify_js_tool\":\"jsmin\",\"minify_exclude\":\"components\\/com_community\\/assets\\/release\\/js\\/loader.js,media\\/jui\\/js\\/jquery.min.js, js\\/script.js,error.css \",\"link_titles\":null,\"theme\":\"dark_gray\",\"logotype\":\"image\",\"sitename\":\"Dreamm Venture\",\"slogan\":\"The last template you will ever need.\",\"logoimage\":\"\",\"enable_logoimage_sm\":\"0\",\"logoimage_sm\":\"\",\"mainlayout\":\"features-intro-1\",\"sublayout\":\"\",\"mm_type\":\"mainmenu\",\"navigation_trigger\":\"hover\",\"navigation_type\":\"t3bootstrap\",\"navigation_animation\":\"slide\",\"navigation_animation_duration\":\"200\",\"mm_config\":\"{\\\"mainmenu\\\":{\\\"item-435\\\":{\\\"sub\\\":{\\\"width\\\":850,\\\"rows\\\":[[{\\\"item\\\":743,\\\"width\\\":3},{\\\"item\\\":540,\\\"width\\\":3},{\\\"position\\\":112,\\\"width\\\":6}]]}},\\\"item-743\\\":{\\\"sub\\\":{\\\"rows\\\":[[{\\\"item\\\":567,\\\"width\\\":12}]]},\\\"group\\\":1},\\\"item-540\\\":{\\\"sub\\\":{\\\"rows\\\":[[{\\\"item\\\":744,\\\"width\\\":12}]]},\\\"group\\\":1},\\\"item-546\\\":{\\\"sub\\\":{\\\"width\\\":620,\\\"rows\\\":[[{\\\"item\\\":741,\\\"width\\\":4},{\\\"position\\\":221,\\\"width\\\":8}]]}},\\\"item-741\\\":{\\\"sub\\\":{\\\"rows\\\":[[{\\\"item\\\":738,\\\"width\\\":12}]]},\\\"group\\\":1},\\\"item-545\\\":{\\\"sub\\\":{\\\"width\\\":700,\\\"rows\\\":[[{\\\"item\\\":548,\\\"width\\\":4},{\\\"item\\\":742,\\\"width\\\":4},{\\\"position\\\":16,\\\"width\\\":4}]]},\\\"alignsub\\\":\\\"left\\\"},\\\"item-548\\\":{\\\"sub\\\":{\\\"rows\\\":[[{\\\"item\\\":553,\\\"width\\\":12}]]},\\\"group\\\":1},\\\"item-742\\\":{\\\"sub\\\":{\\\"rows\\\":[[{\\\"item\\\":550,\\\"width\\\":12}]]},\\\"group\\\":1},\\\"item-571\\\":{\\\"sub\\\":{\\\"rows\\\":[[{\\\"item\\\":693,\\\"width\\\":12}]]}},\\\"item-693\\\":{\\\"sub\\\":{\\\"rows\\\":[[{\\\"item\\\":716,\\\"width\\\":12}]]}},\\\"item-599\\\":{\\\"sub\\\":{\\\"rows\\\":[[{\\\"item\\\":718,\\\"width\\\":12}]]}},\\\"item-634\\\":{\\\"sub\\\":{\\\"rows\\\":[[{\\\"item\\\":715,\\\"width\\\":12}]]}},\\\"item-707\\\":{\\\"sub\\\":{\\\"rows\\\":[[{\\\"item\\\":745,\\\"width\\\":12}]]}}}}\",\"navigation_collapse_enable\":\"1\",\"addon_offcanvas_enable\":\"0\",\"addon_offcanvas_effect\":\"off-canvas-effect-3\",\"snippet_open_head\":null,\"snippet_close_head\":null,\"snippet_open_body\":null,\"snippet_close_body\":null,\"snippet_debug\":\"0\",\"theme_extras_com_kunena\":null,\"theme_extras_layout_glossary\":null,\"theme_extras_com_community\":null,\"theme_extras_com_easyblog\":null,\"theme_extras_com_easydiscuss\":null,\"theme_extras_com_easysocial\":null,\"theme_extras_com_joomprofile\":null,\"theme_extras_com_mijoshop\":null}',0,''),(16,'purity_iii',0,'0','Purity III - Blog','{\"tpl_article_info_datetime_format\":\"l, d F Y\",\"t3_template\":\"1\",\"devmode\":\"1\",\"themermode\":\"1\",\"legacy_css\":\"1\",\"responsive\":\"1\",\"non_responsive_width\":\"970px\",\"build_rtl\":\"1\",\"t3-assets\":\"t3-assets\",\"t3-rmvlogo\":\"1\",\"minify\":\"1\",\"minify_js\":\"1\",\"minify_js_tool\":\"jsmin\",\"minify_exclude\":\"components\\/com_community\\/assets\\/release\\/js\\/loader.js,media\\/jui\\/js\\/jquery.min.js, js\\/script.js,error.css \",\"theme\":\"\",\"logotype\":\"image\",\"sitename\":\"Purity III\",\"slogan\":\"The last template you will ever need.\",\"logoimage\":\"\",\"mainlayout\":\"blog\",\"mm_type\":\"mainmenu\",\"navigation_trigger\":\"hover\",\"navigation_type\":\"t3bootstrap\",\"navigation_animation\":\"slide\",\"navigation_animation_duration\":\"200\",\"mm_config\":\"{\\\"mainmenu\\\":{\\\"item-435\\\":{\\\"sub\\\":{\\\"width\\\":850,\\\"rows\\\":[[{\\\"item\\\":743,\\\"width\\\":3},{\\\"item\\\":540,\\\"width\\\":3},{\\\"position\\\":112,\\\"width\\\":6}]]}},\\\"item-743\\\":{\\\"sub\\\":{\\\"rows\\\":[[{\\\"item\\\":567,\\\"width\\\":12}]]},\\\"group\\\":1},\\\"item-540\\\":{\\\"sub\\\":{\\\"rows\\\":[[{\\\"item\\\":744,\\\"width\\\":12}]]},\\\"group\\\":1},\\\"item-546\\\":{\\\"sub\\\":{\\\"width\\\":620,\\\"rows\\\":[[{\\\"item\\\":741,\\\"width\\\":4},{\\\"position\\\":221,\\\"width\\\":8}]]}},\\\"item-741\\\":{\\\"sub\\\":{\\\"rows\\\":[[{\\\"item\\\":738,\\\"width\\\":12}]]},\\\"group\\\":1},\\\"item-545\\\":{\\\"sub\\\":{\\\"width\\\":700,\\\"rows\\\":[[{\\\"item\\\":548,\\\"width\\\":4},{\\\"item\\\":742,\\\"width\\\":4},{\\\"position\\\":16,\\\"width\\\":4}]]},\\\"alignsub\\\":\\\"left\\\"},\\\"item-548\\\":{\\\"sub\\\":{\\\"rows\\\":[[{\\\"item\\\":553,\\\"width\\\":12}]]},\\\"group\\\":1},\\\"item-742\\\":{\\\"sub\\\":{\\\"rows\\\":[[{\\\"item\\\":550,\\\"width\\\":12}]]},\\\"group\\\":1},\\\"item-571\\\":{\\\"sub\\\":{\\\"rows\\\":[[{\\\"item\\\":693,\\\"width\\\":12}]]}},\\\"item-693\\\":{\\\"sub\\\":{\\\"rows\\\":[[{\\\"item\\\":716,\\\"width\\\":12}]]}},\\\"item-599\\\":{\\\"sub\\\":{\\\"rows\\\":[[{\\\"item\\\":718,\\\"width\\\":12}]]}},\\\"item-634\\\":{\\\"sub\\\":{\\\"rows\\\":[[{\\\"item\\\":715,\\\"width\\\":12}]]}},\\\"item-707\\\":{\\\"sub\\\":{\\\"rows\\\":[[{\\\"item\\\":745,\\\"width\\\":12}]]}}}}\",\"navigation_collapse_enable\":\"1\",\"addon_offcanvas_enable\":\"0\",\"addon_offcanvas_effect\":\"off-canvas-effect-3\",\"snippet_open_head\":null,\"snippet_close_head\":null,\"snippet_open_body\":null,\"snippet_close_body\":null,\"snippet_debug\":\"0\",\"theme_extras_com_community\":null,\"theme_extras_com_kunena\":null,\"theme_extras_com_mijoshop\":null,\"theme_extras_layout_glossary\":null,\"mm_config_needupdate\":\"\",\"theme_extras_com_easydiscuss\":null,\"theme_extras_com_easyblog\":null,\"theme_extras_com_easysocial\":null,\"link_titles\":null,\"theme_extras_com_joomprofile\":null}',0,''),(17,'purity_iii',0,'0','Purity III - Porfolio','{\"tpl_article_info_datetime_format\":\"l, d F Y\",\"t3_template\":\"1\",\"devmode\":\"1\",\"themermode\":\"1\",\"legacy_css\":\"1\",\"responsive\":\"1\",\"non_responsive_width\":\"970px\",\"build_rtl\":\"1\",\"t3-assets\":\"t3-assets\",\"t3-rmvlogo\":\"1\",\"minify\":\"1\",\"minify_js\":\"1\",\"minify_js_tool\":\"jsmin\",\"minify_exclude\":\"components\\/com_community\\/assets\\/release\\/js\\/loader.js,media\\/jui\\/js\\/jquery.min.js, js\\/script.js,error.css \",\"theme\":\"\",\"logotype\":\"image\",\"sitename\":\"Purity III\",\"slogan\":\"The last template you will ever need.\",\"logoimage\":\"\",\"mainlayout\":\"portfolio\",\"mm_type\":\"mainmenu\",\"navigation_trigger\":\"hover\",\"navigation_type\":\"t3bootstrap\",\"navigation_animation\":\"slide\",\"navigation_animation_duration\":\"200\",\"mm_config\":\"{\\\"mainmenu\\\":{\\\"item-435\\\":{\\\"sub\\\":{\\\"width\\\":850,\\\"rows\\\":[[{\\\"item\\\":743,\\\"width\\\":3},{\\\"item\\\":540,\\\"width\\\":3},{\\\"position\\\":112,\\\"width\\\":6}]]}},\\\"item-743\\\":{\\\"sub\\\":{\\\"rows\\\":[[{\\\"item\\\":567,\\\"width\\\":12}]]},\\\"group\\\":1},\\\"item-540\\\":{\\\"sub\\\":{\\\"rows\\\":[[{\\\"item\\\":744,\\\"width\\\":12}]]},\\\"group\\\":1},\\\"item-546\\\":{\\\"sub\\\":{\\\"width\\\":620,\\\"rows\\\":[[{\\\"item\\\":741,\\\"width\\\":4},{\\\"position\\\":221,\\\"width\\\":8}]]}},\\\"item-741\\\":{\\\"sub\\\":{\\\"rows\\\":[[{\\\"item\\\":738,\\\"width\\\":12}]]},\\\"group\\\":1},\\\"item-545\\\":{\\\"sub\\\":{\\\"width\\\":700,\\\"rows\\\":[[{\\\"item\\\":548,\\\"width\\\":4},{\\\"item\\\":742,\\\"width\\\":4},{\\\"position\\\":16,\\\"width\\\":4}]]},\\\"alignsub\\\":\\\"left\\\"},\\\"item-548\\\":{\\\"sub\\\":{\\\"rows\\\":[[{\\\"item\\\":553,\\\"width\\\":12}]]},\\\"group\\\":1},\\\"item-742\\\":{\\\"sub\\\":{\\\"rows\\\":[[{\\\"item\\\":550,\\\"width\\\":12}]]},\\\"group\\\":1},\\\"item-571\\\":{\\\"sub\\\":{\\\"rows\\\":[[{\\\"item\\\":693,\\\"width\\\":12}]]}},\\\"item-693\\\":{\\\"sub\\\":{\\\"rows\\\":[[{\\\"item\\\":716,\\\"width\\\":12}]]}},\\\"item-599\\\":{\\\"sub\\\":{\\\"rows\\\":[[{\\\"item\\\":718,\\\"width\\\":12}]]}},\\\"item-634\\\":{\\\"sub\\\":{\\\"rows\\\":[[{\\\"item\\\":715,\\\"width\\\":12}]]}},\\\"item-707\\\":{\\\"sub\\\":{\\\"rows\\\":[[{\\\"item\\\":745,\\\"width\\\":12}]]}}}}\",\"navigation_collapse_enable\":\"1\",\"addon_offcanvas_enable\":\"0\",\"addon_offcanvas_effect\":\"off-canvas-effect-3\",\"snippet_open_head\":null,\"snippet_close_head\":null,\"snippet_open_body\":null,\"snippet_close_body\":null,\"snippet_debug\":\"0\",\"theme_extras_com_community\":null,\"theme_extras_com_kunena\":null,\"theme_extras_com_mijoshop\":null,\"theme_extras_layout_glossary\":null,\"mm_config_needupdate\":\"\",\"theme_extras_com_easydiscuss\":null,\"theme_extras_com_easyblog\":null,\"theme_extras_com_easysocial\":null,\"link_titles\":null,\"theme_extras_com_joomprofile\":null}',0,''),(18,'purity_iii',0,'0','Purity III - Corporate','{\"tpl_article_info_datetime_format\":\"l, d F Y\",\"t3_template\":\"1\",\"devmode\":\"1\",\"themermode\":\"1\",\"legacy_css\":\"1\",\"responsive\":\"1\",\"non_responsive_width\":\"970px\",\"build_rtl\":\"1\",\"t3-assets\":\"t3-assets\",\"t3-rmvlogo\":\"1\",\"minify\":\"1\",\"minify_js\":\"1\",\"minify_js_tool\":\"jsmin\",\"minify_exclude\":\"components\\/com_community\\/assets\\/release\\/js\\/loader.js,media\\/jui\\/js\\/jquery.min.js, js\\/script.js,error.css \",\"theme\":\"\",\"logotype\":\"image\",\"sitename\":\"Purity III\",\"slogan\":\"The last template you will ever need.\",\"logoimage\":\"\",\"mainlayout\":\"corporate\",\"mm_type\":\"mainmenu\",\"navigation_trigger\":\"hover\",\"navigation_type\":\"t3bootstrap\",\"navigation_animation\":\"slide\",\"navigation_animation_duration\":\"200\",\"mm_config\":\"{\\\"mainmenu\\\":{\\\"item-435\\\":{\\\"sub\\\":{\\\"width\\\":850,\\\"rows\\\":[[{\\\"item\\\":743,\\\"width\\\":3},{\\\"item\\\":540,\\\"width\\\":3},{\\\"position\\\":112,\\\"width\\\":6}]]}},\\\"item-743\\\":{\\\"sub\\\":{\\\"rows\\\":[[{\\\"item\\\":567,\\\"width\\\":12}]]},\\\"group\\\":1},\\\"item-540\\\":{\\\"sub\\\":{\\\"rows\\\":[[{\\\"item\\\":744,\\\"width\\\":12}]]},\\\"group\\\":1},\\\"item-546\\\":{\\\"sub\\\":{\\\"width\\\":620,\\\"rows\\\":[[{\\\"item\\\":741,\\\"width\\\":4},{\\\"position\\\":221,\\\"width\\\":8}]]}},\\\"item-741\\\":{\\\"sub\\\":{\\\"rows\\\":[[{\\\"item\\\":738,\\\"width\\\":12}]]},\\\"group\\\":1},\\\"item-545\\\":{\\\"sub\\\":{\\\"width\\\":700,\\\"rows\\\":[[{\\\"item\\\":548,\\\"width\\\":4},{\\\"item\\\":742,\\\"width\\\":4},{\\\"position\\\":16,\\\"width\\\":4}]]},\\\"alignsub\\\":\\\"left\\\"},\\\"item-548\\\":{\\\"sub\\\":{\\\"rows\\\":[[{\\\"item\\\":553,\\\"width\\\":12}]]},\\\"group\\\":1},\\\"item-742\\\":{\\\"sub\\\":{\\\"rows\\\":[[{\\\"item\\\":550,\\\"width\\\":12}]]},\\\"group\\\":1},\\\"item-571\\\":{\\\"sub\\\":{\\\"rows\\\":[[{\\\"item\\\":693,\\\"width\\\":12}]]}},\\\"item-693\\\":{\\\"sub\\\":{\\\"rows\\\":[[{\\\"item\\\":716,\\\"width\\\":12}]]}},\\\"item-599\\\":{\\\"sub\\\":{\\\"rows\\\":[[{\\\"item\\\":718,\\\"width\\\":12}]]}},\\\"item-634\\\":{\\\"sub\\\":{\\\"rows\\\":[[{\\\"item\\\":715,\\\"width\\\":12}]]}},\\\"item-707\\\":{\\\"sub\\\":{\\\"rows\\\":[[{\\\"item\\\":745,\\\"width\\\":12}]]}}}}\",\"navigation_collapse_enable\":\"1\",\"addon_offcanvas_enable\":\"0\",\"addon_offcanvas_effect\":\"off-canvas-effect-3\",\"snippet_open_head\":null,\"snippet_close_head\":null,\"snippet_open_body\":null,\"snippet_close_body\":null,\"snippet_debug\":\"0\",\"theme_extras_com_community\":null,\"theme_extras_com_easyblog\":null,\"theme_extras_com_easydiscuss\":null,\"theme_extras_com_kunena\":null,\"theme_extras_com_mijoshop\":null,\"theme_extras_layout_glossary\":null,\"theme_extras_com_easysocial\":null,\"mm_config_needupdate\":\"\",\"link_titles\":null,\"theme_extras_com_joomprofile\":null}',0,''),(19,'purity_iii',0,'0','Purity III - Magazine','{\"tpl_article_info_datetime_format\":\"l, d F Y\",\"t3_template\":\"1\",\"devmode\":\"1\",\"themermode\":\"1\",\"legacy_css\":\"1\",\"responsive\":\"1\",\"non_responsive_width\":\"970px\",\"build_rtl\":\"1\",\"t3-assets\":\"t3-assets\",\"t3-rmvlogo\":\"1\",\"minify\":\"1\",\"minify_js\":\"1\",\"minify_js_tool\":\"jsmin\",\"minify_exclude\":\"components\\/com_community\\/assets\\/release\\/js\\/loader.js,media\\/jui\\/js\\/jquery.min.js, js\\/script.js,error.css \",\"theme\":\"\",\"logotype\":\"image\",\"sitename\":\"Purity III\",\"slogan\":\"The last template you will ever need.\",\"logoimage\":\"\",\"mainlayout\":\"magazine\",\"mm_type\":\"mainmenu\",\"navigation_trigger\":\"hover\",\"navigation_type\":\"t3bootstrap\",\"navigation_animation\":\"slide\",\"navigation_animation_duration\":\"200\",\"mm_config\":\"{\\\"mainmenu\\\":{\\\"item-435\\\":{\\\"sub\\\":{\\\"width\\\":850,\\\"rows\\\":[[{\\\"item\\\":743,\\\"width\\\":3},{\\\"item\\\":540,\\\"width\\\":3},{\\\"position\\\":112,\\\"width\\\":6}]]}},\\\"item-743\\\":{\\\"sub\\\":{\\\"rows\\\":[[{\\\"item\\\":567,\\\"width\\\":12}]]},\\\"group\\\":1},\\\"item-540\\\":{\\\"sub\\\":{\\\"rows\\\":[[{\\\"item\\\":744,\\\"width\\\":12}]]},\\\"group\\\":1},\\\"item-546\\\":{\\\"sub\\\":{\\\"width\\\":620,\\\"rows\\\":[[{\\\"item\\\":741,\\\"width\\\":4},{\\\"position\\\":221,\\\"width\\\":8}]]}},\\\"item-741\\\":{\\\"sub\\\":{\\\"rows\\\":[[{\\\"item\\\":738,\\\"width\\\":12}]]},\\\"group\\\":1},\\\"item-545\\\":{\\\"sub\\\":{\\\"width\\\":700,\\\"rows\\\":[[{\\\"item\\\":548,\\\"width\\\":4},{\\\"item\\\":742,\\\"width\\\":4},{\\\"position\\\":16,\\\"width\\\":4}]]},\\\"alignsub\\\":\\\"left\\\"},\\\"item-548\\\":{\\\"sub\\\":{\\\"rows\\\":[[{\\\"item\\\":553,\\\"width\\\":12}]]},\\\"group\\\":1},\\\"item-742\\\":{\\\"sub\\\":{\\\"rows\\\":[[{\\\"item\\\":550,\\\"width\\\":12}]]},\\\"group\\\":1},\\\"item-571\\\":{\\\"sub\\\":{\\\"rows\\\":[[{\\\"item\\\":693,\\\"width\\\":12}]]}},\\\"item-693\\\":{\\\"sub\\\":{\\\"rows\\\":[[{\\\"item\\\":716,\\\"width\\\":12}]]}},\\\"item-599\\\":{\\\"sub\\\":{\\\"rows\\\":[[{\\\"item\\\":718,\\\"width\\\":12}]]}},\\\"item-634\\\":{\\\"sub\\\":{\\\"rows\\\":[[{\\\"item\\\":715,\\\"width\\\":12}]]}},\\\"item-707\\\":{\\\"sub\\\":{\\\"rows\\\":[[{\\\"item\\\":745,\\\"width\\\":12}]]}}}}\",\"navigation_collapse_enable\":\"1\",\"addon_offcanvas_enable\":\"0\",\"addon_offcanvas_effect\":\"off-canvas-effect-3\",\"snippet_open_head\":null,\"snippet_close_head\":null,\"snippet_open_body\":null,\"snippet_close_body\":null,\"snippet_debug\":\"0\",\"theme_extras_com_community\":null,\"theme_extras_com_kunena\":null,\"theme_extras_com_mijoshop\":null,\"theme_extras_layout_glossary\":null,\"mm_config_needupdate\":\"\",\"theme_extras_com_easydiscuss\":null,\"theme_extras_com_easyblog\":null,\"theme_extras_com_easysocial\":null,\"link_titles\":null,\"theme_extras_com_joomprofile\":null}',0,''),(20,'purity_iii',0,'0','Purity III - Product Style 2','{\"tpl_article_info_datetime_format\":\"l, d F Y\",\"t3_template\":\"1\",\"devmode\":\"1\",\"themermode\":\"1\",\"legacy_css\":\"1\",\"responsive\":\"1\",\"non_responsive_width\":\"970px\",\"build_rtl\":\"1\",\"t3-assets\":\"t3-assets\",\"t3-rmvlogo\":\"1\",\"minify\":\"1\",\"minify_js\":\"1\",\"minify_js_tool\":\"jsmin\",\"minify_exclude\":\"components\\/com_community\\/assets\\/release\\/js\\/loader.js,media\\/jui\\/js\\/jquery.min.js, js\\/script.js,error.css \",\"theme\":\"\",\"logotype\":\"image\",\"sitename\":\"Purity III\",\"slogan\":\"The last template you will ever need.\",\"logoimage\":\"\",\"mainlayout\":\"blog\",\"mm_type\":\"mainmenu\",\"navigation_trigger\":\"hover\",\"navigation_type\":\"t3bootstrap\",\"navigation_animation\":\"slide\",\"navigation_animation_duration\":\"200\",\"mm_config\":\"{\\\"mainmenu\\\":{\\\"item-435\\\":{\\\"sub\\\":{\\\"width\\\":850,\\\"rows\\\":[[{\\\"item\\\":743,\\\"width\\\":3},{\\\"item\\\":540,\\\"width\\\":3},{\\\"position\\\":112,\\\"width\\\":6}]]}},\\\"item-743\\\":{\\\"sub\\\":{\\\"rows\\\":[[{\\\"item\\\":567,\\\"width\\\":12}]]},\\\"group\\\":1},\\\"item-540\\\":{\\\"sub\\\":{\\\"rows\\\":[[{\\\"item\\\":744,\\\"width\\\":12}]]},\\\"group\\\":1},\\\"item-546\\\":{\\\"sub\\\":{\\\"width\\\":620,\\\"rows\\\":[[{\\\"item\\\":741,\\\"width\\\":4},{\\\"position\\\":221,\\\"width\\\":8}]]}},\\\"item-741\\\":{\\\"sub\\\":{\\\"rows\\\":[[{\\\"item\\\":738,\\\"width\\\":12}]]},\\\"group\\\":1},\\\"item-545\\\":{\\\"sub\\\":{\\\"width\\\":700,\\\"rows\\\":[[{\\\"item\\\":548,\\\"width\\\":4},{\\\"item\\\":742,\\\"width\\\":4},{\\\"position\\\":16,\\\"width\\\":4}]]},\\\"alignsub\\\":\\\"left\\\"},\\\"item-548\\\":{\\\"sub\\\":{\\\"rows\\\":[[{\\\"item\\\":553,\\\"width\\\":12}]]},\\\"group\\\":1},\\\"item-742\\\":{\\\"sub\\\":{\\\"rows\\\":[[{\\\"item\\\":550,\\\"width\\\":12}]]},\\\"group\\\":1},\\\"item-571\\\":{\\\"sub\\\":{\\\"rows\\\":[[{\\\"item\\\":693,\\\"width\\\":12}]]}},\\\"item-693\\\":{\\\"sub\\\":{\\\"rows\\\":[[{\\\"item\\\":716,\\\"width\\\":12}]]}},\\\"item-599\\\":{\\\"sub\\\":{\\\"rows\\\":[[{\\\"item\\\":718,\\\"width\\\":12}]]}},\\\"item-634\\\":{\\\"sub\\\":{\\\"rows\\\":[[{\\\"item\\\":715,\\\"width\\\":12}]]}},\\\"item-707\\\":{\\\"sub\\\":{\\\"rows\\\":[[{\\\"item\\\":745,\\\"width\\\":12}]]}}}}\",\"navigation_collapse_enable\":\"1\",\"addon_offcanvas_enable\":\"0\",\"addon_offcanvas_effect\":\"off-canvas-effect-3\",\"snippet_open_head\":null,\"snippet_close_head\":null,\"snippet_open_body\":null,\"snippet_close_body\":null,\"snippet_debug\":\"0\",\"theme_extras_com_community\":null,\"theme_extras_com_easydiscuss\":null,\"theme_extras_com_easysocial\":null,\"theme_extras_com_kunena\":null,\"theme_extras_com_mijoshop\":null,\"theme_extras_layout_glossary\":null,\"mm_config_needupdate\":\"\",\"theme_extras_com_easyblog\":null,\"link_titles\":null,\"theme_extras_com_joomprofile\":null}',0,''),(21,'purity_iii',0,'0','Purity III - Sidebar Content','{\"tpl_article_info_datetime_format\":\"l, d F Y\",\"t3_template\":\"1\",\"devmode\":\"1\",\"themermode\":\"1\",\"legacy_css\":\"1\",\"responsive\":\"1\",\"non_responsive_width\":\"970px\",\"build_rtl\":\"1\",\"t3-assets\":\"t3-assets\",\"t3-rmvlogo\":\"1\",\"minify\":\"1\",\"minify_js\":\"1\",\"minify_js_tool\":\"jsmin\",\"minify_exclude\":\"components\\/com_community\\/assets\\/release\\/js\\/loader.js,media\\/jui\\/js\\/jquery.min.js, js\\/script.js,error.css \",\"link_titles\":null,\"theme\":\"\",\"logotype\":\"image\",\"sitename\":\"Purity III\",\"slogan\":\"The last template you will ever need.\",\"logoimage\":\"\",\"enable_logoimage_sm\":\"0\",\"logoimage_sm\":\"\",\"mainlayout\":\"default-content-right\",\"sublayout\":\"\",\"mm_type\":\"mainmenu\",\"navigation_trigger\":\"hover\",\"navigation_type\":\"t3bootstrap\",\"navigation_animation\":\"slide\",\"navigation_animation_duration\":\"200\",\"mm_config\":\"{\\\"mainmenu\\\":{\\\"item-435\\\":{\\\"sub\\\":{\\\"width\\\":850,\\\"rows\\\":[[{\\\"item\\\":743,\\\"width\\\":3},{\\\"item\\\":540,\\\"width\\\":3},{\\\"position\\\":112,\\\"width\\\":6}]]}},\\\"item-743\\\":{\\\"sub\\\":{\\\"rows\\\":[[{\\\"item\\\":567,\\\"width\\\":12}]]},\\\"group\\\":1},\\\"item-540\\\":{\\\"sub\\\":{\\\"rows\\\":[[{\\\"item\\\":744,\\\"width\\\":12}]]},\\\"group\\\":1},\\\"item-546\\\":{\\\"sub\\\":{\\\"width\\\":620,\\\"rows\\\":[[{\\\"item\\\":741,\\\"width\\\":4},{\\\"position\\\":221,\\\"width\\\":8}]]}},\\\"item-741\\\":{\\\"sub\\\":{\\\"rows\\\":[[{\\\"item\\\":738,\\\"width\\\":12}]]},\\\"group\\\":1},\\\"item-545\\\":{\\\"sub\\\":{\\\"width\\\":700,\\\"rows\\\":[[{\\\"item\\\":548,\\\"width\\\":4},{\\\"item\\\":742,\\\"width\\\":4},{\\\"position\\\":16,\\\"width\\\":4}]]},\\\"alignsub\\\":\\\"left\\\"},\\\"item-548\\\":{\\\"sub\\\":{\\\"rows\\\":[[{\\\"item\\\":553,\\\"width\\\":12}]]},\\\"group\\\":1},\\\"item-742\\\":{\\\"sub\\\":{\\\"rows\\\":[[{\\\"item\\\":550,\\\"width\\\":12}]]},\\\"group\\\":1},\\\"item-571\\\":{\\\"sub\\\":{\\\"rows\\\":[[{\\\"item\\\":693,\\\"width\\\":12}]]}},\\\"item-693\\\":{\\\"sub\\\":{\\\"rows\\\":[[{\\\"item\\\":716,\\\"width\\\":12}]]}},\\\"item-599\\\":{\\\"sub\\\":{\\\"rows\\\":[[{\\\"item\\\":718,\\\"width\\\":12}]]}},\\\"item-634\\\":{\\\"sub\\\":{\\\"rows\\\":[[{\\\"item\\\":715,\\\"width\\\":12}]]}},\\\"item-707\\\":{\\\"sub\\\":{\\\"rows\\\":[[{\\\"item\\\":745,\\\"width\\\":12}]]}}}}\",\"navigation_collapse_enable\":\"1\",\"addon_offcanvas_enable\":\"0\",\"addon_offcanvas_effect\":\"off-canvas-effect-3\",\"snippet_open_head\":null,\"snippet_close_head\":null,\"snippet_open_body\":null,\"snippet_close_body\":null,\"snippet_debug\":\"0\",\"theme_extras_com_community\":null,\"theme_extras_com_easyblog\":null,\"theme_extras_com_easydiscuss\":null,\"theme_extras_com_easysocial\":null,\"theme_extras_com_joomprofile\":null,\"theme_extras_com_kunena\":null,\"theme_extras_com_mijoshop\":null,\"theme_extras_layout_glossary\":null}',0,''),(23,'purity_iii',0,'0','DreammVenture','{\"tpl_article_info_datetime_format\":\"l, d F Y\",\"t3_template\":\"1\",\"devmode\":\"1\",\"themermode\":\"1\",\"legacy_css\":\"1\",\"responsive\":\"1\",\"non_responsive_width\":\"970px\",\"build_rtl\":\"1\",\"t3-assets\":\"t3-assets\",\"t3-rmvlogo\":\"1\",\"minify\":\"1\",\"minify_js\":\"1\",\"minify_js_tool\":\"jsmin\",\"minify_exclude\":\"components\\/com_community\\/assets\\/release\\/js\\/loader.js,media\\/jui\\/js\\/jquery.min.js, js\\/script.js,error.css \",\"link_titles\":null,\"theme\":\"dark_gray\",\"logotype\":\"text\",\"sitename\":\"Dreamven\",\"slogan\":\"...\",\"logoimage\":\"\",\"enable_logoimage_sm\":\"0\",\"logoimage_sm\":\"\",\"mainlayout\":\"features-intro-2\",\"sublayout\":\"\",\"mm_type\":\"mainmenu\",\"navigation_trigger\":\"hover\",\"navigation_type\":\"t3bootstrap\",\"navigation_animation\":\"slide\",\"navigation_animation_duration\":\"200\",\"mm_config\":\"{\\\"mainmenu\\\":{\\\"item-435\\\":{\\\"sub\\\":{\\\"width\\\":850,\\\"rows\\\":[[{\\\"item\\\":743,\\\"width\\\":3},{\\\"item\\\":540,\\\"width\\\":3},{\\\"position\\\":112,\\\"width\\\":6}]]}},\\\"item-743\\\":{\\\"sub\\\":{\\\"rows\\\":[[{\\\"item\\\":567,\\\"width\\\":12}]]},\\\"group\\\":1},\\\"item-540\\\":{\\\"sub\\\":{\\\"rows\\\":[[{\\\"item\\\":744,\\\"width\\\":12}]]},\\\"group\\\":1},\\\"item-546\\\":{\\\"sub\\\":{\\\"width\\\":620,\\\"rows\\\":[[{\\\"item\\\":741,\\\"width\\\":4},{\\\"position\\\":221,\\\"width\\\":8}]]}},\\\"item-741\\\":{\\\"sub\\\":{\\\"rows\\\":[[{\\\"item\\\":738,\\\"width\\\":12}]]},\\\"group\\\":1},\\\"item-545\\\":{\\\"sub\\\":{\\\"width\\\":700,\\\"rows\\\":[[{\\\"item\\\":548,\\\"width\\\":4},{\\\"item\\\":742,\\\"width\\\":4},{\\\"position\\\":16,\\\"width\\\":4}]]},\\\"alignsub\\\":\\\"left\\\"},\\\"item-548\\\":{\\\"sub\\\":{\\\"rows\\\":[[{\\\"item\\\":553,\\\"width\\\":12}]]},\\\"group\\\":1},\\\"item-742\\\":{\\\"sub\\\":{\\\"rows\\\":[[{\\\"item\\\":550,\\\"width\\\":12}]]},\\\"group\\\":1},\\\"item-571\\\":{\\\"sub\\\":{\\\"rows\\\":[[{\\\"item\\\":693,\\\"width\\\":12}]]}},\\\"item-693\\\":{\\\"sub\\\":{\\\"rows\\\":[[{\\\"item\\\":716,\\\"width\\\":12}]]}},\\\"item-599\\\":{\\\"sub\\\":{\\\"rows\\\":[[{\\\"item\\\":718,\\\"width\\\":12}]]}},\\\"item-634\\\":{\\\"sub\\\":{\\\"rows\\\":[[{\\\"item\\\":715,\\\"width\\\":12}]]}},\\\"item-707\\\":{\\\"sub\\\":{\\\"rows\\\":[[{\\\"item\\\":745,\\\"width\\\":12}]]}}}}\",\"navigation_collapse_enable\":\"1\",\"addon_offcanvas_enable\":\"0\",\"addon_offcanvas_effect\":\"off-canvas-effect-3\",\"snippet_open_head\":null,\"snippet_close_head\":null,\"snippet_open_body\":null,\"snippet_close_body\":null,\"snippet_debug\":\"0\",\"theme_extras_com_community\":null,\"theme_extras_com_easyblog\":null,\"theme_extras_com_easydiscuss\":null,\"theme_extras_com_easysocial\":null,\"theme_extras_com_joomprofile\":null,\"theme_extras_com_kunena\":null,\"theme_extras_com_mijoshop\":null,\"theme_extras_layout_glossary\":null}',0,''),(24,'purity_iii',0,'0','Purity III - Docs','{\"tpl_article_info_datetime_format\":\"l, d F Y\",\"t3_template\":\"1\",\"devmode\":\"1\",\"themermode\":\"1\",\"legacy_css\":\"1\",\"responsive\":\"1\",\"non_responsive_width\":\"970px\",\"build_rtl\":\"1\",\"t3-assets\":\"t3-assets\",\"t3-rmvlogo\":\"1\",\"minify\":\"1\",\"minify_js\":\"1\",\"minify_js_tool\":\"jsmin\",\"minify_exclude\":\"components\\/com_community\\/assets\\/release\\/js\\/loader.js,media\\/jui\\/js\\/jquery.min.js, js\\/script.js,error.css \",\"link_titles\":null,\"theme\":\"\",\"logotype\":\"image\",\"sitename\":\"Purity III\",\"slogan\":\"The last template you will ever need.\",\"logoimage\":\"\",\"enable_logoimage_sm\":\"0\",\"logoimage_sm\":\"\",\"mainlayout\":\"docs\",\"sublayout\":\"\",\"mm_type\":\"mainmenu\",\"navigation_trigger\":\"hover\",\"navigation_type\":\"t3bootstrap\",\"navigation_animation\":\"slide\",\"navigation_animation_duration\":\"200\",\"mm_config\":\"{\\\"mainmenu\\\":{\\\"item-435\\\":{\\\"sub\\\":{\\\"width\\\":850,\\\"rows\\\":[[{\\\"item\\\":743,\\\"width\\\":3},{\\\"item\\\":540,\\\"width\\\":3},{\\\"position\\\":112,\\\"width\\\":6}]]}},\\\"item-743\\\":{\\\"sub\\\":{\\\"rows\\\":[[{\\\"item\\\":567,\\\"width\\\":12}]]},\\\"group\\\":1},\\\"item-540\\\":{\\\"sub\\\":{\\\"rows\\\":[[{\\\"item\\\":744,\\\"width\\\":12}]]},\\\"group\\\":1},\\\"item-546\\\":{\\\"sub\\\":{\\\"width\\\":620,\\\"rows\\\":[[{\\\"item\\\":741,\\\"width\\\":4},{\\\"position\\\":221,\\\"width\\\":8}]]}},\\\"item-741\\\":{\\\"sub\\\":{\\\"rows\\\":[[{\\\"item\\\":738,\\\"width\\\":12}]]},\\\"group\\\":1},\\\"item-545\\\":{\\\"sub\\\":{\\\"width\\\":700,\\\"rows\\\":[[{\\\"item\\\":548,\\\"width\\\":4},{\\\"item\\\":742,\\\"width\\\":4},{\\\"position\\\":16,\\\"width\\\":4}]]},\\\"alignsub\\\":\\\"left\\\"},\\\"item-548\\\":{\\\"sub\\\":{\\\"rows\\\":[[{\\\"item\\\":553,\\\"width\\\":12}]]},\\\"group\\\":1},\\\"item-742\\\":{\\\"sub\\\":{\\\"rows\\\":[[{\\\"item\\\":550,\\\"width\\\":12}]]},\\\"group\\\":1},\\\"item-571\\\":{\\\"sub\\\":{\\\"rows\\\":[[{\\\"item\\\":693,\\\"width\\\":12}]]}},\\\"item-693\\\":{\\\"sub\\\":{\\\"rows\\\":[[{\\\"item\\\":716,\\\"width\\\":12}]]}},\\\"item-599\\\":{\\\"sub\\\":{\\\"rows\\\":[[{\\\"item\\\":718,\\\"width\\\":12}]]}},\\\"item-634\\\":{\\\"sub\\\":{\\\"rows\\\":[[{\\\"item\\\":715,\\\"width\\\":12}]]}},\\\"item-707\\\":{\\\"sub\\\":{\\\"rows\\\":[[{\\\"item\\\":745,\\\"width\\\":12}]]}}}}\",\"navigation_collapse_enable\":\"1\",\"addon_offcanvas_enable\":\"0\",\"addon_offcanvas_effect\":\"off-canvas-effect-3\",\"snippet_open_head\":null,\"snippet_close_head\":null,\"snippet_open_body\":null,\"snippet_close_body\":null,\"snippet_debug\":\"0\",\"theme_extras_com_community\":null,\"theme_extras_com_easyblog\":null,\"theme_extras_com_easydiscuss\":null,\"theme_extras_com_easysocial\":null,\"theme_extras_com_joomprofile\":null,\"theme_extras_com_kunena\":null,\"theme_extras_com_mijoshop\":null,\"theme_extras_layout_glossary\":null,\"mm_config_needupdate\":\"\"}',0,'');

--
-- Table structure for table `jos_ucm_base`
--

CREATE TABLE `jos_ucm_base` (
  `ucm_id` int unsigned NOT NULL,
  `ucm_item_id` int NOT NULL,
  `ucm_type_id` int NOT NULL,
  `ucm_language_id` int NOT NULL,
  PRIMARY KEY (`ucm_id`),
  KEY `idx_ucm_item_id` (`ucm_item_id`),
  KEY `idx_ucm_type_id` (`ucm_type_id`),
  KEY `idx_ucm_language_id` (`ucm_language_id`)
) ENGINE=MyISAM DEFAULT CHARSET=utf8mb3;

--
-- Dumping data for table `jos_ucm_base`
--

INSERT INTO `jos_ucm_base` (`ucm_id`, `ucm_item_id`, `ucm_type_id`, `ucm_language_id`) VALUES (1,125,1,0),(2,127,1,0),(3,133,1,0),(4,134,1,0),(6,136,1,0),(7,137,1,0),(8,138,1,0),(9,141,1,0),(10,142,1,0),(11,97,1,0),(12,124,1,0);

--
-- Table structure for table `jos_ucm_content`
--

CREATE TABLE `jos_ucm_content` (
  `core_content_id` int unsigned NOT NULL AUTO_INCREMENT,
  `core_type_alias` varchar(400) NOT NULL DEFAULT '' COMMENT 'FK to the content types table',
  `core_title` varchar(400) NOT NULL DEFAULT '',
  `core_alias` varchar(400) CHARACTER SET utf8mb3 COLLATE utf8mb3_bin NOT NULL DEFAULT '',
  `core_body` mediumtext NOT NULL,
  `core_state` tinyint(1) NOT NULL DEFAULT '0',
  `core_checked_out_time` varchar(255) NOT NULL DEFAULT '0000-00-00 00:00:00',
  `core_checked_out_user_id` int unsigned NOT NULL DEFAULT '0',
  `core_access` int unsigned NOT NULL DEFAULT '0',
  `core_params` text NOT NULL,
  `core_featured` tinyint unsigned NOT NULL DEFAULT '0',
  `core_metadata` varchar(2048) NOT NULL DEFAULT '' COMMENT 'JSON encoded metadata properties.',
  `core_created_user_id` int unsigned NOT NULL DEFAULT '0',
  `core_created_by_alias` varchar(255) NOT NULL DEFAULT '',
  `core_created_time` datetime NOT NULL DEFAULT '0000-00-00 00:00:00',
  `core_modified_user_id` int unsigned NOT NULL DEFAULT '0' COMMENT 'Most recent user that modified',
  `core_modified_time` datetime NOT NULL DEFAULT '0000-00-00 00:00:00',
  `core_language` char(7) NOT NULL DEFAULT '',
  `core_publish_up` datetime NOT NULL DEFAULT '0000-00-00 00:00:00',
  `core_publish_down` datetime NOT NULL DEFAULT '0000-00-00 00:00:00',
  `core_content_item_id` int unsigned NOT NULL DEFAULT '0' COMMENT 'ID from the individual type table',
  `asset_id` int unsigned NOT NULL DEFAULT '0' COMMENT 'FK to the #__assets table.',
  `core_images` text NOT NULL,
  `core_urls` text NOT NULL,
  `core_hits` int unsigned NOT NULL DEFAULT '0',
  `core_version` int unsigned NOT NULL DEFAULT '1',
  `core_ordering` int NOT NULL DEFAULT '0',
  `core_metakey` text NOT NULL,
  `core_metadesc` text NOT NULL,
  `core_catid` int unsigned NOT NULL DEFAULT '0',
  `core_xreference` varchar(50) NOT NULL DEFAULT '' COMMENT 'A reference to enable linkages to external data sets.',
  `core_type_id` int unsigned NOT NULL DEFAULT '0',
  PRIMARY KEY (`core_content_id`),
  KEY `tag_idx` (`core_state`,`core_access`),
  KEY `idx_access` (`core_access`),
  KEY `idx_language` (`core_language`),
  KEY `idx_modified_time` (`core_modified_time`),
  KEY `idx_created_time` (`core_created_time`),
  KEY `idx_core_modified_user_id` (`core_modified_user_id`),
  KEY `idx_core_checked_out_user_id` (`core_checked_out_user_id`),
  KEY `idx_core_created_user_id` (`core_created_user_id`),
  KEY `idx_core_type_id` (`core_type_id`),
  KEY `idx_alias` (`core_alias`(100)),
  KEY `idx_title` (`core_title`(100)),
  KEY `idx_content_type` (`core_type_alias`(100))
) ENGINE=MyISAM AUTO_INCREMENT=13 DEFAULT CHARSET=utf8mb3 COMMENT='Contains core content data in name spaced fields';

--
-- Dumping data for table `jos_ucm_content`
--

INSERT INTO `jos_ucm_content` (`core_content_id`, `core_type_alias`, `core_title`, `core_alias`, `core_body`, `core_state`, `core_checked_out_time`, `core_checked_out_user_id`, `core_access`, `core_params`, `core_featured`, `core_metadata`, `core_created_user_id`, `core_created_by_alias`, `core_created_time`, `core_modified_user_id`, `core_modified_time`, `core_language`, `core_publish_up`, `core_publish_down`, `core_content_item_id`, `asset_id`, `core_images`, `core_urls`, `core_hits`, `core_version`, `core_ordering`, `core_metakey`, `core_metadesc`, `core_catid`, `core_xreference`, `core_type_id`) VALUES (1,'com_content.article','T3 Framework video – Introducing Megamenu ','t3-framework-video-introducing-megamenu','<p>Platea Aliquam gravida Vestibulum pede vitae Mauris sociis metus Duis Curabitur. Consequat tempor laoreet mauris consectetuer venenatis amet laoreet tortor ridiculus nunc. Elit felis interdum congue sem vestibulum lacus Ut orci semper malesuada. Justo Cum Curabitur leo .</p>\r\n',2,'',0,1,'{\"show_title\":\"\",\"link_titles\":\"\",\"show_tags\":\"\",\"show_intro\":\"\",\"info_block_position\":\"\",\"show_category\":\"\",\"link_category\":\"\",\"show_parent_category\":\"\",\"link_parent_category\":\"\",\"show_author\":\"\",\"link_author\":\"\",\"show_create_date\":\"\",\"show_modify_date\":\"\",\"show_publish_date\":\"\",\"show_item_navigation\":\"\",\"show_icons\":\"\",\"show_print_icon\":\"\",\"show_email_icon\":\"\",\"show_vote\":\"\",\"show_hits\":\"\",\"show_noauth\":\"\",\"urls_position\":\"\",\"alternative_readmore\":\"\",\"article_layout\":\"\",\"show_publishing_options\":\"\",\"show_article_options\":\"\",\"show_urls_images_backend\":\"\",\"show_urls_images_frontend\":\"\",\"extra-class\":\"\"}',0,'{\"robots\":\"\",\"author\":\"\",\"rights\":\"\",\"xreference\":\"\"}',42,'','2017-11-06 07:13:53',42,'2017-11-06 07:13:53','*','2017-11-06 07:13:53','0000-00-00 00:00:00',125,313,'{\"image_intro\":\"images\\/joomlart\\/blog-layout\\/bl-10.jpg\",\"float_intro\":\"\",\"image_intro_alt\":\"T3 Framework video\",\"image_intro_caption\":\"T3 Framework video\",\"image_fulltext\":\"images\\/joomlart\\/blog-layout\\/bl-10.jpg\",\"float_fulltext\":\"\",\"image_fulltext_alt\":\"T3 Framework video\",\"image_fulltext_caption\":\"T3 Framework video\"}','{\"urla\":false,\"urlatext\":\"\",\"targeta\":\"\",\"urlb\":false,\"urlbtext\":\"\",\"targetb\":\"\",\"urlc\":false,\"urlctext\":\"\",\"targetc\":\"\"}',0,5,3,'','',94,'',1),(2,'com_content.article','JA Business is compatible with Joomla 2.5 & 3.0','ja-business-is-compatible-with-joomla-2-5-3-0','<p>Lacinia risus massa urna sem Aliquam justo justo Phasellus et turpis. Tristique orci massa pellentesque vitae lobortis consequat amet fringilla libero ante. Lacus enim et laoreet ut elit Aenean pellentesque amet Vestibulum justo. Adipiscing cursus sem odio In sagittis elit at Ut .</p>\r\n',2,'',0,1,'{\"show_title\":\"\",\"link_titles\":\"\",\"show_tags\":\"\",\"show_intro\":\"\",\"info_block_position\":\"\",\"show_category\":\"\",\"link_category\":\"\",\"show_parent_category\":\"\",\"link_parent_category\":\"\",\"show_author\":\"\",\"link_author\":\"\",\"show_create_date\":\"\",\"show_modify_date\":\"\",\"show_publish_date\":\"\",\"show_item_navigation\":\"\",\"show_icons\":\"\",\"show_print_icon\":\"\",\"show_email_icon\":\"\",\"show_vote\":\"\",\"show_hits\":\"\",\"show_noauth\":\"\",\"urls_position\":\"\",\"alternative_readmore\":\"\",\"article_layout\":\"\",\"show_publishing_options\":\"\",\"show_article_options\":\"\",\"show_urls_images_backend\":\"\",\"show_urls_images_frontend\":\"\",\"extra-class\":\"\"}',0,'{\"robots\":\"\",\"author\":\"\",\"rights\":\"\",\"xreference\":\"\"}',42,'','2017-11-06 07:13:53',42,'2017-11-06 07:13:53','*','2017-11-06 07:13:53','0000-00-00 00:00:00',127,316,'{\"image_intro\":\"images\\/joomlart\\/blog-layout\\/bl-17.jpg\",\"float_intro\":\"\",\"image_intro_alt\":\"JA Business\",\"image_intro_caption\":\"JA Business\",\"image_fulltext\":\"images\\/joomlart\\/blog-layout\\/bl-17.jpg\",\"float_fulltext\":\"right\",\"image_fulltext_alt\":\"JA Business\",\"image_fulltext_caption\":\"JA Business\"}','{\"urla\":false,\"urlatext\":\"\",\"targeta\":\"\",\"urlb\":false,\"urlbtext\":\"\",\"targetb\":\"\",\"urlc\":false,\"urlctext\":\"\",\"targetc\":\"\"}',0,7,1,'','',94,'',1),(3,'com_content.article','Sneakpeek - JoomlArt\'s New Demo Toolbar','sneakpeek-joomlart-s-new-demo-toolbar','<p>Platea Aliquam gravida Vestibulum pede vitae Mauris sociis metus Duis Curabitur. Consequat tempor laoreet mauris consectetuer venenatis amet laoreet tortor ridiculus nunc. Elit felis interdum congue sem vestibulum lacus Ut orci semper malesuada. Justo Cum .</p>\r\n',2,'',0,1,'{\"show_title\":\"\",\"link_titles\":\"\",\"show_tags\":\"\",\"show_intro\":\"\",\"info_block_position\":\"\",\"show_category\":\"\",\"link_category\":\"\",\"show_parent_category\":\"\",\"link_parent_category\":\"\",\"show_author\":\"\",\"link_author\":\"\",\"show_create_date\":\"\",\"show_modify_date\":\"\",\"show_publish_date\":\"\",\"show_item_navigation\":\"\",\"show_icons\":\"\",\"show_print_icon\":\"\",\"show_email_icon\":\"\",\"show_vote\":\"\",\"show_hits\":\"\",\"show_noauth\":\"\",\"urls_position\":\"\",\"alternative_readmore\":\"\",\"article_layout\":\"\",\"show_publishing_options\":\"\",\"show_article_options\":\"\",\"show_urls_images_backend\":\"\",\"show_urls_images_frontend\":\"\",\"extra-class\":\"\"}',0,'{\"robots\":\"\",\"author\":\"\",\"rights\":\"\",\"xreference\":\"\"}',42,'','2017-11-06 07:13:53',42,'2017-11-06 07:13:53','*','2017-11-06 07:13:53','0000-00-00 00:00:00',133,326,'{\"image_intro\":\"images\\/joomlart\\/blog-layout\\/bl-11.jpg\",\"float_intro\":\"\",\"image_intro_alt\":\"Sneakpeek - JoomlArt\'s New Demo Toolbar\",\"image_intro_caption\":\"Sneakpeek - JoomlArt\'s New Demo Toolbar\",\"image_fulltext\":\"images\\/joomlart\\/blog-layout\\/bl-11.jpg\",\"float_fulltext\":\"\",\"image_fulltext_alt\":\"Sneakpeek - JoomlArt\'s New Demo Toolbar\",\"image_fulltext_caption\":\"Sneakpeek - JoomlArt\'s New Demo Toolbar\"}','{\"urla\":false,\"urlatext\":\"\",\"targeta\":\"\",\"urlb\":false,\"urlbtext\":\"\",\"targetb\":\"\",\"urlc\":false,\"urlctext\":\"\",\"targetc\":\"\"}',1,6,0,'','',94,'',1),(4,'com_content.article','Review: Responsive Joomla template for book stores- JA Bookshop','review-responsive-joomla-template-for-book-stores-ja-bookshop','<p>Building up a responsive Joomla template for e-commerce site can be a lot of work. Choosing the right shopping cart extension again can be a hard decision. So far we have been providing support for JoomShopping and Virtuemart extension in our Joomla templates. </p>\r\n\r\n',1,'',0,1,'{\"show_title\":\"\",\"link_titles\":\"\",\"show_tags\":\"\",\"show_intro\":\"\",\"info_block_position\":\"\",\"show_category\":\"\",\"link_category\":\"\",\"show_parent_category\":\"\",\"link_parent_category\":\"\",\"show_author\":\"\",\"link_author\":\"\",\"show_create_date\":\"\",\"show_modify_date\":\"\",\"show_publish_date\":\"\",\"show_item_navigation\":\"\",\"show_icons\":\"\",\"show_print_icon\":\"\",\"show_email_icon\":\"\",\"show_vote\":\"\",\"show_hits\":\"\",\"show_noauth\":\"\",\"urls_position\":\"\",\"alternative_readmore\":\"\",\"article_layout\":\"\",\"show_publishing_options\":\"\",\"show_article_options\":\"\",\"show_urls_images_backend\":\"\",\"show_urls_images_frontend\":\"\",\"extra-class\":\"\"}',0,'{\"robots\":\"\",\"author\":\"\",\"rights\":\"\",\"xreference\":\"\"}',42,'','2017-11-06 07:13:53',42,'2017-11-06 07:13:53','*','2017-11-06 07:13:53','0000-00-00 00:00:00',134,328,'{\"image_intro\":\"images\\/joomlart\\/blog\\/sam-2.jpg\",\"float_intro\":\"\",\"image_intro_alt\":\"JA Bookshop\",\"image_intro_caption\":\"JA Bookshop\",\"image_fulltext\":\"images\\/joomlart\\/blog\\/sam-2.jpg\",\"float_fulltext\":\"\",\"image_fulltext_alt\":\"JA Bookshop\",\"image_fulltext_caption\":\"JA Bookshop\"}','{\"urla\":false,\"urlatext\":\"\",\"targeta\":\"\",\"urlb\":false,\"urlbtext\":\"\",\"targetb\":\"\",\"urlc\":false,\"urlctext\":\"\",\"targetc\":\"\"}',13,12,1,'','',95,'',1),(6,'com_content.article','How to style modules in Joomla - OSTraining Video Tutorial','how-to-style-modules-in-joomla-ostraining-video-tutorial','<p>Lorem ipsum dolor sit amet consectetuer sem ligula Morbi nulla wisi. Ornare cursus orci pretium pharetra vel ac Quisque quis pretium eros. Magna In vitae Aenean Sed sem augue a Aenean Donec Nullam. Est sapien venenatis pede nibh quam feugiat et tristique.</p>\r\n',2,'',0,1,'{\"show_title\":\"\",\"link_titles\":\"\",\"show_tags\":\"\",\"show_intro\":\"\",\"info_block_position\":\"\",\"show_category\":\"\",\"link_category\":\"\",\"show_parent_category\":\"\",\"link_parent_category\":\"\",\"show_author\":\"\",\"link_author\":\"\",\"show_create_date\":\"\",\"show_modify_date\":\"\",\"show_publish_date\":\"\",\"show_item_navigation\":\"\",\"show_icons\":\"\",\"show_print_icon\":\"\",\"show_email_icon\":\"\",\"show_vote\":\"\",\"show_hits\":\"\",\"show_noauth\":\"\",\"urls_position\":\"\",\"alternative_readmore\":\"\",\"article_layout\":\"\",\"show_publishing_options\":\"\",\"show_article_options\":\"\",\"show_urls_images_backend\":\"\",\"show_urls_images_frontend\":\"\",\"extra-class\":\"\"}',0,'{\"robots\":\"\",\"author\":\"\",\"rights\":\"\",\"xreference\":\"\"}',42,'','2017-11-06 07:13:53',42,'2017-11-06 07:13:53','*','2017-11-06 07:13:53','0000-00-00 00:00:00',136,332,'{\"image_intro\":\"images\\/joomlart\\/blog-layout\\/bl-5.jpg\",\"float_intro\":\"\",\"image_intro_alt\":\"Joomla - OSTraining Video Tutorial\",\"image_intro_caption\":\"Joomla - OSTraining Video Tutorial\",\"image_fulltext\":\"images\\/joomlart\\/blog-layout\\/bl-5.jpg\",\"float_fulltext\":\"\",\"image_fulltext_alt\":\"Joomla - OSTraining Video Tutorial\",\"image_fulltext_caption\":\"Joomla - OSTraining Video Tutorial\"}','{\"urla\":false,\"urlatext\":\"\",\"targeta\":\"\",\"urlb\":false,\"urlbtext\":\"\",\"targetb\":\"\",\"urlc\":false,\"urlctext\":\"\",\"targetc\":\"\"}',0,5,0,'','',95,'',1),(7,'com_content.article','Easy to use Google translate or Bing translator for your Joomla','easy-to-use-google-translate-or-bing-translator-for-your-joomla','<p>Lorem ipsum dolor sit amet consectetuer sem ligula Morbi nulla wisi. Ornare cursus orci pretium pharetra vel ac Quisque quis pretium eros. Magna In vitae Aenean Sed sem augue a Aenean Donec Nullam. Est sapien venenatis pede nibh quam feugiat et  vestibulum.</p>\r\n',1,'',0,1,'{\"show_title\":\"\",\"link_titles\":\"\",\"show_tags\":\"\",\"show_intro\":\"\",\"info_block_position\":\"\",\"show_category\":\"\",\"link_category\":\"\",\"show_parent_category\":\"\",\"link_parent_category\":\"\",\"show_author\":\"\",\"link_author\":\"\",\"show_create_date\":\"\",\"show_modify_date\":\"\",\"show_publish_date\":\"\",\"show_item_navigation\":\"\",\"show_icons\":\"\",\"show_print_icon\":\"\",\"show_email_icon\":\"\",\"show_vote\":\"\",\"show_hits\":\"\",\"show_noauth\":\"\",\"urls_position\":\"\",\"alternative_readmore\":\"\",\"article_layout\":\"\",\"show_publishing_options\":\"\",\"show_article_options\":\"\",\"show_urls_images_backend\":\"\",\"show_urls_images_frontend\":\"\",\"extra-class\":\"\"}',0,'{\"robots\":\"\",\"author\":\"\",\"rights\":\"\",\"xreference\":\"\"}',42,'','2017-11-06 07:13:53',42,'2017-11-06 07:13:53','*','2017-11-06 07:13:53','0000-00-00 00:00:00',137,334,'{\"image_intro\":\"images\\/joomlart\\/blog-layout\\/blog-3.jpg\",\"float_intro\":\"\",\"image_intro_alt\":\"use Google translate or Bing translator \",\"image_intro_caption\":\"use Google translate or Bing translator \",\"image_fulltext\":\"images\\/joomlart\\/blog-layout\\/blog-3.jpg\",\"float_fulltext\":\"right\",\"image_fulltext_alt\":\"use Google translate or Bing translator \",\"image_fulltext_caption\":\"use Google translate or Bing translator \"}','{\"urla\":false,\"urlatext\":\"\",\"targeta\":\"\",\"urlb\":false,\"urlbtext\":\"\",\"targetb\":\"\",\"urlc\":false,\"urlctext\":\"\",\"targetc\":\"\"}',5,6,6,'','',97,'',1),(8,'com_content.article','Introducing JA Multilingual extension for Joomla 2.5 & Joomla 3','introducing-ja-multilingual-extension-for-joomla-2-5-joomla-3','<p>Quisque dui netus Phasellus ligula tellus enim Phasellus euismod leo Phasellus. Nisl et massa turpis mollis Vestibulum nulla justo leo Nullam quis. Volutpat tellus eros amet semper a metus eu libero auctor dis. Suspendisse augue sagittis Phasellus turpis parturient </p>\r\n',2,'',0,1,'{\"show_title\":\"\",\"link_titles\":\"\",\"show_tags\":\"\",\"show_intro\":\"\",\"info_block_position\":\"\",\"show_category\":\"\",\"link_category\":\"\",\"show_parent_category\":\"\",\"link_parent_category\":\"\",\"show_author\":\"\",\"link_author\":\"\",\"show_create_date\":\"\",\"show_modify_date\":\"\",\"show_publish_date\":\"\",\"show_item_navigation\":\"\",\"show_icons\":\"\",\"show_print_icon\":\"\",\"show_email_icon\":\"\",\"show_vote\":\"\",\"show_hits\":\"\",\"show_noauth\":\"\",\"urls_position\":\"\",\"alternative_readmore\":\"\",\"article_layout\":\"\",\"show_publishing_options\":\"\",\"show_article_options\":\"\",\"show_urls_images_backend\":\"\",\"show_urls_images_frontend\":\"\",\"extra-class\":\"\"}',0,'{\"robots\":\"\",\"author\":\"\",\"rights\":\"\",\"xreference\":\"\"}',42,'','2017-11-06 07:13:53',42,'2017-11-06 07:13:53','*','2017-11-06 07:13:53','0000-00-00 00:00:00',138,336,'{\"image_intro\":\"images\\/joomlart\\/blog-layout\\/bl-6.jpg\",\"float_intro\":\"\",\"image_intro_alt\":\"Introducing JA Multilingual extension \",\"image_intro_caption\":\"Introducing JA Multilingual extension \",\"image_fulltext\":\"images\\/joomlart\\/blog-layout\\/bl-6.jpg\",\"float_fulltext\":\"right\",\"image_fulltext_alt\":\"Introducing JA Multilingual extension \",\"image_fulltext_caption\":\"Introducing JA Multilingual extension \"}','{\"urla\":false,\"urlatext\":\"\",\"targeta\":\"\",\"urlb\":false,\"urlbtext\":\"\",\"targetb\":\"\",\"urlc\":false,\"urlctext\":\"\",\"targetc\":\"\"}',0,5,5,'','',97,'',1),(9,'com_content.article','Meet JA Magz - The Joomla magazine template in 41 languages','meet-ja-magz-the-joomla-magazine-template-in-41-languages','<p>Tincidunt Sed Ut hendrerit ipsum vitae Quisque sapien facilisi et ac. Id justo Proin urna dapibus ligula Nullam dui consectetuer Curabitur et. Et vel at neque amet et nibh accumsan In magnis et. Id Nulla orci congue a nibh vel Curabitur tincidunt Curabitur ornare.</p>\r\n\r\n',1,'',0,1,'{\"show_title\":\"\",\"link_titles\":\"\",\"show_tags\":\"\",\"show_intro\":\"\",\"info_block_position\":\"\",\"show_category\":\"\",\"link_category\":\"\",\"show_parent_category\":\"\",\"link_parent_category\":\"\",\"show_author\":\"\",\"link_author\":\"\",\"show_create_date\":\"\",\"show_modify_date\":\"\",\"show_publish_date\":\"\",\"show_item_navigation\":\"\",\"show_icons\":\"\",\"show_print_icon\":\"\",\"show_email_icon\":\"\",\"show_vote\":\"\",\"show_hits\":\"\",\"show_noauth\":\"\",\"urls_position\":\"\",\"alternative_readmore\":\"\",\"article_layout\":\"\",\"show_publishing_options\":\"\",\"show_article_options\":\"\",\"show_urls_images_backend\":\"\",\"show_urls_images_frontend\":\"\",\"extra-class\":\"\"}',0,'{\"robots\":\"\",\"author\":\"\",\"rights\":\"\",\"xreference\":\"\"}',42,'','2017-11-06 07:13:53',42,'2017-11-06 07:13:53','*','2017-11-06 07:13:53','0000-00-00 00:00:00',141,340,'{\"image_intro\":\"images\\/joomlart\\/blog-layout\\/bl-9.jpg\",\"float_intro\":\"\",\"image_intro_alt\":\"JA Magz\",\"image_intro_caption\":\"JA Magz\",\"image_fulltext\":\"images\\/joomlart\\/blog-layout\\/bl-9.jpg\",\"float_fulltext\":\"right\",\"image_fulltext_alt\":\"Meet JA Magz - The Joomla Magazine Template in 41 languages\",\"image_fulltext_caption\":\"Meet JA Magz - The Joomla Magazine Template in 41 languages\"}','{\"urla\":false,\"urlatext\":\"\",\"targeta\":\"\",\"urlb\":false,\"urlbtext\":\"\",\"targetb\":\"\",\"urlc\":false,\"urlctext\":\"\",\"targetc\":\"\"}',1,12,2,'','',97,'',1),(10,'com_content.article','Joomla extension - JA Multilingual extension for Joomla 2.5 & Joomla 3','joomla-extension-ja-multilingual-extension-for-joomla-2-5-joomla-3','<p>Building a Joomla 2.5 or 3.x multilingual site can be tricky, we encountered difficulties while trying to setup multi-language demo site to demonstrate our RTL language layouts for our latest templates. We developed a internal tool to overcome the problems we faced .</p>\r\n',1,'',0,1,'{\"show_title\":\"\",\"link_titles\":\"\",\"show_tags\":\"\",\"show_intro\":\"\",\"info_block_position\":\"\",\"show_category\":\"\",\"link_category\":\"\",\"show_parent_category\":\"\",\"link_parent_category\":\"\",\"show_author\":\"\",\"link_author\":\"\",\"show_create_date\":\"\",\"show_modify_date\":\"\",\"show_publish_date\":\"\",\"show_item_navigation\":\"\",\"show_icons\":\"\",\"show_print_icon\":\"\",\"show_email_icon\":\"\",\"show_vote\":\"\",\"show_hits\":\"\",\"show_noauth\":\"\",\"urls_position\":\"\",\"alternative_readmore\":\"\",\"article_layout\":\"\",\"show_publishing_options\":\"\",\"show_article_options\":\"\",\"show_urls_images_backend\":\"\",\"show_urls_images_frontend\":\"\",\"extra-class\":\"\"}',0,'{\"robots\":\"\",\"author\":\"\",\"rights\":\"\",\"xreference\":\"\"}',42,'','2017-11-06 07:13:53',42,'2017-11-06 07:13:53','*','2017-11-06 07:13:53','0000-00-00 00:00:00',142,342,'{\"image_intro\":\"images\\/joomlart\\/blog-layout\\/bl-11.jpg\",\"float_intro\":\"\",\"image_intro_alt\":\"JA Multilingual\",\"image_intro_caption\":\"JA Multilingual\",\"image_fulltext\":\"images\\/joomlart\\/blog-layout\\/bl-11.jpg\",\"float_fulltext\":\"right\",\"image_fulltext_alt\":\"Joomla extension - JA Multilingual extension for Joomla 2.5 & Joomla 3\",\"image_fulltext_caption\":\"Joomla extension - JA Multilingual extension for Joomla 2.5 & Joomla 3\"}','{\"urla\":false,\"urlatext\":\"\",\"targeta\":\"\",\"urlb\":false,\"urlbtext\":\"\",\"targetb\":\"\",\"urlc\":false,\"urlctext\":\"\",\"targetc\":\"\"}',3,12,1,'','',97,'',1),(11,'com_content.article','Review: Responsive Joomla template for portfolio - JA Appolio','review-responsive-joomla-template-for-portfolio-ja-appolio','<p>Developing a portfolio or showcasing Joomla site from scratch? JA Appolio will definitely help cutting down the time and efforts of the whole process with its upto date features : latest Joomla version, updated Joomla extensions, interactive UI & UX, social login authentication,</p>\r\n ',1,'',0,1,'{\"show_title\":\"\",\"link_titles\":\"\",\"show_tags\":\"\",\"show_intro\":\"\",\"info_block_position\":\"\",\"show_category\":\"\",\"link_category\":\"\",\"show_parent_category\":\"\",\"link_parent_category\":\"\",\"show_author\":\"\",\"link_author\":\"\",\"show_create_date\":\"\",\"show_modify_date\":\"\",\"show_publish_date\":\"\",\"show_item_navigation\":\"\",\"show_icons\":\"\",\"show_print_icon\":\"\",\"show_email_icon\":\"\",\"show_vote\":\"\",\"show_hits\":\"\",\"show_noauth\":\"\",\"urls_position\":\"\",\"alternative_readmore\":\"\",\"article_layout\":\"\",\"show_publishing_options\":\"\",\"show_article_options\":\"\",\"show_urls_images_backend\":\"\",\"show_urls_images_frontend\":\"\",\"extra-class\":\"\"}',0,'{\"robots\":\"\",\"author\":\"\",\"rights\":\"\",\"xreference\":\"\"}',42,'','2017-11-06 07:13:53',42,'2017-11-06 07:13:53','*','2017-11-06 07:13:53','0000-00-00 00:00:00',97,350,'{\"image_intro\":\"images\\/joomlart\\/blog-layout\\/bl-15.jpg\",\"float_intro\":\"\",\"image_intro_alt\":\"JA Appolio\",\"image_intro_caption\":\"JA Appolio\",\"image_fulltext\":\"images\\/joomlart\\/blog-layout\\/bl-15.jpg\",\"float_fulltext\":\"right\",\"image_fulltext_alt\":\"JA Appolio\",\"image_fulltext_caption\":\"JA Appolio\"}','{\"urla\":false,\"urlatext\":\"\",\"targeta\":\"\",\"urlb\":false,\"urlbtext\":\"\",\"targetb\":\"\",\"urlc\":false,\"urlctext\":\"\",\"targetc\":\"\"}',6,15,0,'','',96,'',1),(12,'com_content.article','Purity III - The best free responsive Joomla template for 2014','purity-iii-the-best-free-responsive-joomla-template-for-2014','<p>Responsive Joomla template JA Purity III marks the next milestone of us in crafting the best Joomla templates for our techie users. \r\nFollowing up with Purity series, JA Purity III heritages the outstanding advantages of its pioneers: brilliant adaptation for multi-purpos</p>\r\n',1,'',0,1,'{\"show_title\":\"\",\"link_titles\":\"\",\"show_tags\":\"\",\"show_intro\":\"\",\"info_block_position\":\"\",\"show_category\":\"\",\"link_category\":\"\",\"show_parent_category\":\"\",\"link_parent_category\":\"\",\"show_author\":\"\",\"link_author\":\"\",\"show_create_date\":\"\",\"show_modify_date\":\"\",\"show_publish_date\":\"\",\"show_item_navigation\":\"\",\"show_icons\":\"\",\"show_print_icon\":\"\",\"show_email_icon\":\"\",\"show_vote\":\"\",\"show_hits\":\"\",\"show_noauth\":\"\",\"urls_position\":\"\",\"alternative_readmore\":\"\",\"article_layout\":\"\",\"show_publishing_options\":\"\",\"show_article_options\":\"\",\"show_urls_images_backend\":\"\",\"show_urls_images_frontend\":\"\",\"extra-class\":\"\"}',0,'{\"robots\":\"\",\"author\":\"\",\"rights\":\"\",\"xreference\":\"\"}',42,'','2017-11-06 07:13:53',42,'2017-11-06 07:13:53','*','2017-11-06 07:13:53','0000-00-00 00:00:00',124,360,'{\"image_intro\":\"images\\/joomlart\\/blog\\/sam-1.jpg\",\"float_intro\":\"\",\"image_intro_alt\":\"Purity III\",\"image_intro_caption\":\"Purity III\",\"image_fulltext\":\"images\\/joomlart\\/blog\\/sam-1.jpg\",\"float_fulltext\":\"right\",\"image_fulltext_alt\":\"Purity III - The best free Responsive Joomla template for 2014\",\"image_fulltext_caption\":\"Purity III - The best free Responsive Joomla template for 2014\"}','{\"urla\":false,\"urlatext\":\"\",\"targeta\":\"\",\"urlb\":false,\"urlbtext\":\"\",\"targetb\":\"\",\"urlc\":false,\"urlctext\":\"\",\"targetc\":\"\"}',93,19,4,'','',94,'',1);

--
-- Table structure for table `jos_ucm_history`
--

CREATE TABLE `jos_ucm_history` (
  `version_id` int unsigned NOT NULL AUTO_INCREMENT,
  `ucm_item_id` int unsigned NOT NULL,
  `ucm_type_id` int unsigned NOT NULL,
  `version_note` varchar(255) NOT NULL DEFAULT '' COMMENT 'Optional version name',
  `save_date` datetime NOT NULL DEFAULT '0000-00-00 00:00:00',
  `editor_user_id` int unsigned NOT NULL DEFAULT '0',
  `character_count` int unsigned NOT NULL DEFAULT '0' COMMENT 'Number of characters in this version.',
  `sha1_hash` varchar(50) NOT NULL DEFAULT '' COMMENT 'SHA1 hash of the version_data column.',
  `version_data` longtext NOT NULL COMMENT 'json-encoded string of version data',
  `keep_forever` tinyint NOT NULL DEFAULT '0' COMMENT '0=auto delete; 1=keep',
  PRIMARY KEY (`version_id`),
  KEY `idx_ucm_item_id` (`ucm_type_id`,`ucm_item_id`),
  KEY `idx_save_date` (`save_date`)
) ENGINE=MyISAM DEFAULT CHARSET=utf8mb3;

--
-- Dumping data for table `jos_ucm_history`
--


--
-- Table structure for table `jos_update_sites`
--

CREATE TABLE `jos_update_sites` (
  `update_site_id` int NOT NULL AUTO_INCREMENT,
  `name` varchar(100) DEFAULT '',
  `type` varchar(20) DEFAULT '',
  `location` mediumtext NOT NULL,
  `enabled` int DEFAULT '0',
  `last_check_timestamp` bigint DEFAULT '0',
  `extra_query` varchar(1000) DEFAULT '',
  PRIMARY KEY (`update_site_id`)
) ENGINE=InnoDB AUTO_INCREMENT=30 DEFAULT CHARSET=utf8mb3 COMMENT='Update Sites';

--
-- Dumping data for table `jos_update_sites`
--

INSERT INTO `jos_update_sites` (`update_site_id`, `name`, `type`, `location`, `enabled`, `last_check_timestamp`, `extra_query`) VALUES (1,'Joomla! Core','collection','https://update.joomla.org/core/sts/list_sts.xml',1,1757421897,''),(5,'Joomla! Update Component Update Site','extension','https://update.joomla.org/core/extensions/com_joomlaupdate.xml',1,1757421897,''),(6,'Accredited Joomla! Translations','collection','https://update.joomla.org/language/translationlist_3.xml',0,0,''),(21,'Aimy Charts Update Server','extension','http://updates.aimy-extensions.com/joomla/plg_aimycharts.xml',1,1757421897,''),(22,'Image Upload Fields Plugin Updates','extension','http://netamity.com/updates/field_imageupload.xml',1,1757421899,''),(23,'','extension','http://update.joomlart.com/service/tracking/j31/plg_system_jabuilder.xml',1,1757421899,''),(24,'','extension','http://update.joomlart.com/service/tracking/j16/plg_system_t3.xml',1,1757421900,''),(25,'Image Upload Ajax Plugin Updates','extension','http://netamity.com/updates/ajax_imageupload.xml',1,1757421901,''),(26,'','extension','http://update.joomlart.com/service/tracking/j31/purity_iii.xml',1,1757421902,''),(27,'','extension','http://update.joomlart.com/service/tracking/j31/mod_jabuilder_quickicons.xml',1,1757421902,''),(28,'Kunena 5.2 Update Site','collection','https://update.kunena.org/5.2/list.xml',1,1757421903,''),(29,'Unknown Site','extension','http://www.atomtech.com.br/update',1,1757421945,'');

--
-- Table structure for table `jos_update_sites_extensions`
--

CREATE TABLE `jos_update_sites_extensions` (
  `update_site_id` int NOT NULL DEFAULT '0',
  `extension_id` int NOT NULL DEFAULT '0',
  PRIMARY KEY (`update_site_id`,`extension_id`)
) ENGINE=InnoDB DEFAULT CHARSET=utf8mb3 COMMENT='Links extensions to update sites';

--
-- Dumping data for table `jos_update_sites_extensions`
--

INSERT INTO `jos_update_sites_extensions` (`update_site_id`, `extension_id`) VALUES (1,700),(2,700),(5,28),(6,802),(21,10314),(22,10320),(23,10298),(24,10001),(25,10321),(26,10004),(27,10300),(28,10126),(29,10339);

--
-- Table structure for table `jos_updates`
--

CREATE TABLE `jos_updates` (
  `update_id` int NOT NULL AUTO_INCREMENT,
  `update_site_id` int DEFAULT '0',
  `extension_id` int DEFAULT '0',
  `name` varchar(100) DEFAULT '',
  `description` mediumtext NOT NULL,
  `element` varchar(100) DEFAULT '',
  `type` varchar(20) DEFAULT '',
  `folder` varchar(20) DEFAULT '',
  `client_id` tinyint DEFAULT '0',
  `version` varchar(32) DEFAULT '',
  `data` mediumtext NOT NULL,
  `detailsurl` mediumtext NOT NULL,
  `infourl` mediumtext NOT NULL,
  `extra_query` varchar(1000) DEFAULT '',
  PRIMARY KEY (`update_id`)
) ENGINE=InnoDB AUTO_INCREMENT=2646 DEFAULT CHARSET=utf8mb3 COMMENT='Available Updates';

--
-- Dumping data for table `jos_updates`
--

INSERT INTO `jos_updates` (`update_id`, `update_site_id`, `extension_id`, `name`, `description`, `element`, `type`, `folder`, `client_id`, `version`, `data`, `detailsurl`, `infourl`, `extra_query`) VALUES (2636,1,700,'Joomla','','joomla','file','',0,'4.4.13','','https://update.joomla.org/core/sts/extension_sts.xml','',''),(2637,24,10001,'T3 System Plugin','','t3','plugin','system',0,'3.2.3','','http://update.joomlart.com/service/tracking/j16/plg_system_t3.xml','http://www.joomlart.com/update-steps',''),(2638,26,10004,'Purity III Template','','purity_iii','template','',0,'2.1.1','','http://update.joomlart.com/service/tracking/j31/purity_iii.xml','http://www.joomlart.com/update-steps',''),(2639,27,0,'JA Builder Quickicons Module','','mod_jabuilder_quickicons','module','',0,'1.0.2','','http://update.joomlart.com/service/tracking/j31/mod_jabuilder_quickicons.xml','http://www.joomlart.com/update-steps',''),(2640,28,0,'Kunena Language Pack','Language Pack for Kunena Forum','pkg_kunena_languages','package','',0,'5.2.14','','https://update.kunena.org/5.2/pkg_kunena_languages.xml','',''),(2641,28,0,'Kunena Latest Module','','mod_kunenalatest','module','',0,'5.2.2','','https://update.kunena.org/5.2/mod_kunenalatest.xml','',''),(2642,28,0,'Kunena Login Module','','mod_kunenalogin','module','',0,'5.2.2','','https://update.kunena.org/5.2/mod_kunenalogin.xml','',''),(2643,28,0,'Kunena Search Module','','mod_kunenasearch','module','',0,'5.2.2','','https://update.kunena.org/5.2/mod_kunenasearch.xml','',''),(2644,28,0,'Kunena Statistics Module','','mod_kunenastats','module','',0,'5.2.2','','https://update.kunena.org/5.2/mod_kunenastats.xml','',''),(2645,28,0,'Content - Kunena Discuss','','kunenadiscuss','plugin','content',0,'5.2.2','','https://update.kunena.org/5.2/plg_content_kunenadiscuss.xml','','');

--
-- Table structure for table `jos_user_keys`
--

CREATE TABLE `jos_user_keys` (
  `id` int unsigned NOT NULL,
  `user_id` varchar(150) NOT NULL,
  `token` varchar(255) NOT NULL,
  `series` varchar(191) NOT NULL,
  `invalid` tinyint NOT NULL,
  `time` varchar(200) NOT NULL,
  `uastring` varchar(255) NOT NULL,
  PRIMARY KEY (`id`),
  UNIQUE KEY `series` (`series`),
  KEY `user_id` (`user_id`)
) ENGINE=MyISAM DEFAULT CHARSET=utf8mb3;

--
-- Dumping data for table `jos_user_keys`
--


--
-- Table structure for table `jos_user_notes`
--

CREATE TABLE `jos_user_notes` (
  `id` int unsigned NOT NULL,
  `user_id` int unsigned NOT NULL DEFAULT '0',
  `catid` int unsigned NOT NULL DEFAULT '0',
  `subject` varchar(100) NOT NULL DEFAULT '',
  `body` mediumtext NOT NULL,
  `state` tinyint NOT NULL DEFAULT '0',
  `checked_out` int unsigned NOT NULL DEFAULT '0',
  `checked_out_time` datetime NOT NULL DEFAULT '0000-00-00 00:00:00',
  `created_user_id` int unsigned NOT NULL DEFAULT '0',
  `created_time` datetime NOT NULL DEFAULT '0000-00-00 00:00:00',
  `modified_user_id` int unsigned NOT NULL,
  `modified_time` datetime NOT NULL DEFAULT '0000-00-00 00:00:00',
  `review_time` datetime NOT NULL DEFAULT '0000-00-00 00:00:00',
  `publish_up` datetime NOT NULL DEFAULT '0000-00-00 00:00:00',
  `publish_down` datetime NOT NULL DEFAULT '0000-00-00 00:00:00',
  PRIMARY KEY (`id`),
  KEY `idx_user_id` (`user_id`),
  KEY `idx_category_id` (`catid`)
) ENGINE=InnoDB DEFAULT CHARSET=utf8mb3;

--
-- Dumping data for table `jos_user_notes`
--


--
-- Table structure for table `jos_user_profiles`
--

CREATE TABLE `jos_user_profiles` (
  `user_id` int NOT NULL AUTO_INCREMENT,
  `profile_key` varchar(100) NOT NULL,
  `profile_value` mediumtext NOT NULL,
  `ordering` int NOT NULL DEFAULT '0',
  UNIQUE KEY `idx_user_id_profile_key` (`user_id`,`profile_key`)
) ENGINE=InnoDB DEFAULT CHARSET=utf8mb3 COMMENT='Simple user profile storage table';

--
-- Dumping data for table `jos_user_profiles`
--


--
-- Table structure for table `jos_user_usergroup_map`
--

CREATE TABLE `jos_user_usergroup_map` (
  `user_id` int unsigned NOT NULL DEFAULT '0' COMMENT 'Foreign Key to #__users.id',
  `group_id` int unsigned NOT NULL DEFAULT '0' COMMENT 'Foreign Key to #__usergroups.id',
  PRIMARY KEY (`user_id`,`group_id`)
) ENGINE=InnoDB DEFAULT CHARSET=utf8mb3;

--
-- Dumping data for table `jos_user_usergroup_map`
--

INSERT INTO `jos_user_usergroup_map` (`user_id`, `group_id`) VALUES (0,23),(42,8),(55,2),(56,2),(57,2),(58,2),(59,2),(60,21),(61,22),(62,23),(63,24),(64,26),(65,24),(66,26),(67,22),(68,22),(69,23),(70,23),(71,8),(72,2),(72,24),(73,23),(74,24),(75,27),(76,2),(76,6),(76,27),(76,28),(77,26),(78,22),(79,22),(80,2),(80,6),(80,27),(80,28),(81,29),(82,26),(83,26),(84,2),(84,25),(84,27),(84,28),(85,28),(86,26),(87,26),(88,22),(89,22),(90,22),(91,23),(92,23),(93,23),(94,23),(95,23),(96,23),(97,23),(98,23),(99,23),(100,23),(101,23),(102,23),(103,23),(104,23),(105,23),(106,23),(107,23),(108,23),(109,23),(110,23),(111,23),(112,23),(113,23),(114,23),(115,23),(116,23),(117,23),(118,23),(119,23),(120,23),(121,23),(122,23),(123,23),(124,23),(125,23),(126,23),(127,23),(128,23),(129,23),(130,23),(131,23),(132,23),(133,23),(134,23),(135,23),(136,23),(137,23),(138,23),(139,23),(140,23),(141,23),(142,23),(143,23),(144,23),(145,23),(146,23),(147,23),(148,23),(149,23),(150,23),(151,23),(152,23),(153,23),(154,23),(155,23),(156,23),(157,23),(158,23),(159,23),(160,23),(161,23),(162,23),(163,23),(164,23),(165,23),(166,23),(167,23),(168,23),(169,25),(170,23),(171,23),(172,23),(173,23),(174,23),(175,23),(176,23),(177,23),(178,23),(179,23),(180,23),(181,23),(182,23),(183,23),(184,23),(185,23),(186,23),(187,23),(188,23),(189,23),(190,23),(191,23),(192,23),(193,23),(194,23),(195,23),(196,23),(197,23),(198,23),(199,2),(199,26),(200,26),(201,26),(202,26),(203,26),(204,26),(205,26),(206,26),(207,26),(208,23),(209,23),(210,23),(211,23),(212,23),(213,23),(214,23),(215,23),(216,23),(217,23),(218,23),(219,23),(220,23),(221,23),(222,23),(223,23),(224,23),(225,23),(226,23),(227,23),(228,23),(229,23),(230,23),(231,23),(232,23),(233,23),(234,23),(235,23),(236,23),(237,23),(238,23),(239,23),(240,23),(241,23),(242,23),(243,23),(244,23),(245,23),(246,23),(247,23),(248,23),(249,23),(250,23),(251,23),(252,23),(253,23),(254,23),(255,23),(256,23),(257,23),(258,23),(259,23),(260,23),(261,23),(262,23),(263,23),(264,23),(265,23),(266,27),(267,27),(268,22),(269,22),(270,26),(271,23),(273,27),(274,2),(274,6),(274,27),(275,23),(276,23),(277,23),(278,23),(279,6),(281,26),(282,27),(283,27),(284,27),(285,28),(286,28),(287,28),(288,27),(289,26),(290,27),(291,26),(292,27),(293,28),(294,26),(295,26),(296,27),(297,27),(298,26),(299,27),(300,26),(301,26),(302,26),(303,27),(304,26),(305,33),(306,32),(307,26),(308,28),(309,28),(310,2),(310,6),(310,27),(312,28),(313,2),(313,6),(313,27),(314,26),(317,22),(318,2),(318,6),(318,27),(319,26),(320,27),(321,2),(321,6),(321,27),(322,0),(325,35),(326,36),(327,41),(330,27),(331,26),(332,27),(333,26),(334,27),(335,23),(336,23),(337,23),(338,23),(339,26),(340,23),(341,23),(342,23),(343,0),(344,23),(345,23),(346,23),(347,23),(348,23),(349,23),(350,23),(351,23),(352,23),(353,0),(354,23),(355,23),(356,23),(357,23),(358,23),(359,23),(360,23),(361,23),(362,23),(363,23),(364,23),(365,0),(366,23),(367,23),(368,23),(369,23),(370,23),(371,23),(372,23),(373,27),(374,27),(375,26),(376,23),(377,23),(378,23),(379,23),(380,23),(381,23),(382,23),(383,23),(384,23),(385,23),(386,23),(387,23),(388,23),(389,23),(390,23),(391,23),(392,23),(393,26),(394,26),(395,23),(396,23),(397,23),(398,23),(399,23),(400,23),(401,23),(402,23),(403,26),(404,23),(405,27),(406,23),(407,23),(408,23),(409,23),(410,23),(411,23),(412,23),(413,23),(414,23),(415,23),(416,23),(417,23),(418,23),(419,23),(420,23),(421,23),(422,23),(423,23),(424,23),(425,23),(426,23),(427,23),(428,23),(429,23),(430,23),(431,23),(432,23),(433,23),(434,23),(435,23),(436,23),(437,23),(438,23),(439,23),(440,23),(441,23),(442,23),(443,23),(444,0),(445,23),(446,23),(447,23),(448,23),(449,23),(450,23),(451,23),(457,26),(458,26),(459,26),(460,27),(461,27),(462,27),(463,23),(464,23),(465,23),(466,23),(467,23),(468,23),(470,23),(471,23),(472,23),(473,23),(474,2),(474,6),(474,27),(474,28),(475,2),(475,6),(475,27),(475,28),(476,2),(476,6),(476,27),(476,28),(477,2),(477,6),(477,27),(477,28),(478,27);

--
-- Table structure for table `jos_usergroups`
--

CREATE TABLE `jos_usergroups` (
  `id` int unsigned NOT NULL AUTO_INCREMENT COMMENT 'Primary Key',
  `parent_id` int unsigned NOT NULL DEFAULT '0' COMMENT 'Adjacency List Reference Id',
  `lft` int NOT NULL DEFAULT '0' COMMENT 'Nested set lft.',
  `rgt` int NOT NULL DEFAULT '0' COMMENT 'Nested set rgt.',
  `title` varchar(100) NOT NULL DEFAULT '',
  PRIMARY KEY (`id`),
  UNIQUE KEY `idx_usergroup_parent_title_lookup` (`parent_id`,`title`),
  KEY `idx_usergroup_title_lookup` (`title`),
  KEY `idx_usergroup_adjacency_lookup` (`parent_id`),
  KEY `idx_usergroup_nested_set_lookup` (`lft`,`rgt`)
) ENGINE=InnoDB AUTO_INCREMENT=42 DEFAULT CHARSET=utf8mb3;

--
-- Dumping data for table `jos_usergroups`
--

INSERT INTO `jos_usergroups` (`id`, `parent_id`, `lft`, `rgt`, `title`) VALUES (1,0,1,58,'Public'),(2,1,42,51,'Registered'),(3,2,43,48,'Author'),(4,3,44,47,'Editor'),(5,4,45,46,'Publisher'),(6,1,12,33,'Manager'),(7,6,13,14,'Administrator'),(8,1,56,57,'Super Users'),(19,2,49,50,'Office admin'),(20,1,36,41,'Parent'),(21,6,23,24,'Inventive Admin'),(22,6,29,30,'Report Viewer'),(23,6,31,32,'Staff'),(24,6,15,16,'Design'),(25,6,25,28,'Operation'),(26,40,3,4,'App Admin'),(27,6,21,22,'Human resource'),(28,6,17,18,'developeradmin1'),(29,6,19,20,'HR Manager'),(31,25,26,27,'Supervisor'),(32,20,37,38,'Assistant Manager'),(33,20,39,40,'Hr Assistants'),(34,1,34,35,'Manager new'),(35,37,53,54,'Request'),(36,38,9,10,'Approval'),(37,1,52,55,'Requeatparent'),(38,1,8,11,'approvalparent'),(40,1,2,7,'App Admin Parent'),(41,40,5,6,'Production Supervisor');

--
-- Table structure for table `jos_users`
--

CREATE TABLE `jos_users` (
  `id` int NOT NULL AUTO_INCREMENT,
  `name` varchar(400) COLLATE utf8mb4_general_ci NOT NULL DEFAULT '',
  `username` varchar(150) COLLATE utf8mb4_general_ci NOT NULL DEFAULT '',
  `code` varchar(255) COLLATE utf8mb4_general_ci NOT NULL,
  `gid` int NOT NULL,
  `subgid` int NOT NULL,
  `email` varchar(100) COLLATE utf8mb4_general_ci NOT NULL DEFAULT '',
  `password` varchar(100) COLLATE utf8mb4_general_ci NOT NULL DEFAULT '',
  `block` tinyint NOT NULL DEFAULT '0',
  `sendEmail` tinyint DEFAULT '0',
  `registerDate` datetime NOT NULL DEFAULT '0000-00-00 00:00:00',
  `lastvisitDate` datetime NOT NULL DEFAULT '0000-00-00 00:00:00',
  `activation` varchar(100) COLLATE utf8mb4_general_ci NOT NULL DEFAULT '',
  `params` longtext COLLATE utf8mb4_general_ci NOT NULL,
  `lastResetTime` datetime NOT NULL DEFAULT '0000-00-00 00:00:00' COMMENT 'Date of last password reset',
  `resetCount` int NOT NULL DEFAULT '0' COMMENT 'Count of password resets since lastResetTime',
  `otpKey` varchar(1000) COLLATE utf8mb4_general_ci NOT NULL DEFAULT '' COMMENT 'Two factor authentication encrypted keys',
  `otep` varchar(1000) COLLATE utf8mb4_general_ci NOT NULL DEFAULT '' COMMENT 'One time emergency passwords',
  `requireReset` tinyint NOT NULL DEFAULT '0' COMMENT 'Require user to reset password on next login',
  `image` varchar(100) COLLATE utf8mb4_general_ci NOT NULL,
  `image2` mediumtext COLLATE utf8mb4_general_ci NOT NULL,
  `image3` mediumtext COLLATE utf8mb4_general_ci NOT NULL,
  `plainpaswd` varchar(100) COLLATE utf8mb4_general_ci NOT NULL,
  `apprvdate` date NOT NULL,
  `empid` varchar(200) COLLATE utf8mb4_general_ci NOT NULL,
  `fcm_token` varchar(500) CHARACTER SET utf8mb4 COLLATE utf8mb4_general_ci NOT NULL,
  `adminOrglocation` varchar(255) COLLATE utf8mb4_general_ci NOT NULL,
  `terminal` varchar(100) COLLATE utf8mb4_general_ci NOT NULL,
  `subbranch` varchar(100) COLLATE utf8mb4_general_ci NOT NULL,
  `payroll` varchar(100) COLLATE utf8mb4_general_ci NOT NULL,
  `department` varchar(255) COLLATE utf8mb4_general_ci NOT NULL,
  `addpayroll` varchar(100) COLLATE utf8mb4_general_ci NOT NULL,
  `filterby` varchar(255) COLLATE utf8mb4_general_ci NOT NULL,
  `authProvider` varchar(100) COLLATE utf8mb4_general_ci NOT NULL DEFAULT '' COMMENT 'Name of used authentication plugin',
  `identified_img_status` int NOT NULL,
  PRIMARY KEY (`id`),
  UNIQUE KEY `idx_username` (`username`),
  KEY `idx_block` (`block`),
  KEY `email` (`email`),
  KEY `idx_name` (`name`(100))
) ENGINE=InnoDB AUTO_INCREMENT=479 DEFAULT CHARSET=utf8mb4 COLLATE=utf8mb4_general_ci;

--
-- Dumping data for table `jos_users`
--

INSERT INTO `jos_users` (`id`, `name`, `username`, `code`, `gid`, `subgid`, `email`, `password`, `block`, `sendEmail`, `registerDate`, `lastvisitDate`, `activation`, `params`, `lastResetTime`, `resetCount`, `otpKey`, `otep`, `requireReset`, `image`, `image2`, `image3`, `plainpaswd`, `apprvdate`, `empid`, `fcm_token`, `adminOrglocation`, `terminal`, `subbranch`, `payroll`, `department`, `addpayroll`, `filterby`, `authProvider`, `identified_img_status`) VALUES (42,'Siddhi Wheels','admin','0',0,0,'Administrator','21232f297a57a5a743894a0e4a801fc3',0,1,'2017-11-06 07:13:56','2026-04-03 11:38:09','','{\"admin_style\":\"\",\"admin_language\":\"\",\"language\":\"\",\"editor\":\"\",\"helpsite\":\"\",\"timezone\":\"\"}','0000-00-00 00:00:00',0,'','',0,'','','','admin','0000-00-00','','fQjPWLiIQbOwo5iOrlkyLf:APA91bEsEOdbHeh3aWuejZ0c2O5wkRqWNO40gN5Ds64XgNrP54peLBy9b1zPwRh2Sm3rHaR17HtN0YE3GCvkG0ZMrphHLZeV371yA6cgc0aLOVnmL6Plxq4','0','','','','0','','','',0),(76,'developeradmin','developeradmin','',0,0,'developeradmin@gmail.com','$2y$10$j7bL/rDJGdzsu2xBVVIRzeuVQZ0nnEj2wVbQDH3JY5Xd5lhrL3nHG',0,0,'2023-10-17 08:05:55','2026-03-25 11:44:40','','{}','0000-00-00 00:00:00',0,'','',0,'','','','developer','0000-00-00','','','0','0','0','0','0','0','0','',1),(77,'inventiveomkar','inventiveomkar','',0,0,'inventiveomkar@gmail.com','$2y$10$I9nH7R82SjJHBqzi.JP.pO0e9W5345fOXROpz2rZWvVtxEJRJizQC',0,0,'2023-10-05 06:15:41','0000-00-00 00:00:00','','{}','0000-00-00 00:00:00',0,'','',0,'','','','appadmin','0000-00-00','','','0','0','0','0','0','0','6','',0),(88,'Report Viewer 1','reportviewer1','',0,0,'reportviewer1@gmail.com','$2y$10$xlRvdf/LK68z2QP9pVRrvuuo8FHG8IGWW9JJGyWVO.4UpNYz3m9P.',0,0,'2023-08-28 10:04:09','0000-00-00 00:00:00','','{}','0000-00-00 00:00:00',0,'','',0,'','','','reportviewer1','0000-00-00','','','0','0','0','0','0','0','0','',0),(266,'Hr Admin 1','hradmin1','',0,0,'hradmin1@gmail.com','920cead9a20bb197bf74ccc23e6eb3fa',0,0,'2024-04-20 05:22:42','2025-02-14 05:07:17','','{}','0000-00-00 00:00:00',0,'','',0,'','','','hradmin1','0000-00-00','','','0','0','0','0','0','0','0','',0),(310,'tejasvi','tejasvi','',0,0,'tejasvi@gmail.com','$2y$10$Q0jBB3WwpCOa8zHjbo02S.Jt1cITW9hC99IEjn9mEvKwpBEJuXdcC',0,0,'2023-09-07 06:05:42','2024-09-14 09:46:33','','{}','0000-00-00 00:00:00',0,'','',0,'','','','tejasvi','0000-00-00','','','0','0','0','0','0','0','0','',0),(322,'Ms.Reshma Vashant Patil','suhel','',0,0,'','d053812bed5781afccb0c1e94b928ad6',0,0,'0000-00-00 00:00:00','2023-07-28 03:27:24','','','0000-00-00 00:00:00',0,'','',0,'','','','suhel','0000-00-00','69','fWS_5CwDQkKY1LcCsfMQa-:APA91bGeGBCzsRauu1-EoDKS6ZoYQETceh9dTC_sNbbqA_l0JuN2HHStumufHSAe5hxKRQJiOyK_ZwV_bwWR06yD1JZLtoSEuLcAKWMwa7VaUmJE4CpdgbG-9OtA2v6adqaC0xSuceLb','','','','','0','','','',0),(325,'Request','supriya','',0,0,'supriya@gamil.com','$2y$10$O/QEVEAEUp15qHdFymDEweyEuwCb7JaoDSUdjwvLTxudVxiuSQ3WG',0,0,'2023-08-05 12:28:25','2023-08-28 11:23:50','','{\"admin_style\":\"\",\"admin_language\":\"\",\"language\":\"\",\"editor\":\"\",\"helpsite\":\"\",\"timezone\":\"\"}','0000-00-00 00:00:00',0,'','',0,'','','','','0000-00-00','','','','','','','0','','','',0),(326,'Approval','approval123','',0,0,'approval123@gmail.com','$2y$10$IVHJSDlgv8MLgNXJ56YMXuTLsO5ifjkV.8wex1cA.S9rRz7sr2qoW',0,0,'2023-08-05 12:39:11','2023-08-08 09:49:11','','{\"admin_style\":\"\",\"admin_language\":\"\",\"language\":\"\",\"editor\":\"\",\"helpsite\":\"\",\"timezone\":\"\"}','0000-00-00 00:00:00',0,'','',0,'','','','','0000-00-00','','','','','','','0','','','',0),(327,'Production','production1','',0,0,'production1@gmail.com','$2y$10$/FwpPMs943F6vIYb06JYmucaFIOOAtFf4HNadO9ykS/sH3OLTV.9e',0,0,'2023-08-28 12:49:26','0000-00-00 00:00:00','','{}','0000-00-00 00:00:00',0,'','',0,'','','','production1','0000-00-00','','','0','0','0','0','0','0','0','',0),(328,'test','test','',0,0,'test@gmail.com','$2y$10$JSX2lqeM8pgfkiResSoWXOAWqwSFt5Q/a7QB7JnV4bjl7XrvheHA.',0,0,'2023-08-28 12:45:02','0000-00-00 00:00:00','','{}','0000-00-00 00:00:00',0,'','',0,'','','','test','0000-00-00','','','0','0','0','0','0','0','0','',0),(329,'test1','test1','',0,0,'test1@gmail.com','$2y$10$nwtStQz/qlrOqHF1Fc5MxOnD8ySYuckz3nYXJG8yEfROclBMBSpGq',0,0,'2023-08-28 12:46:31','0000-00-00 00:00:00','','{}','0000-00-00 00:00:00',0,'','',0,'','','','test','0000-00-00','','','0','0','0','0','0','0','0','',0),(330,'test12','test12','',0,0,'test12@gmail.com','$2y$10$xnfjFThymhd3Ym7yCgDneO9AyYxxC1HfFJ3kULVd65rid/LV0.Me2',1,0,'2023-08-28 12:46:58','2023-10-07 05:39:12','','{}','0000-00-00 00:00:00',0,'','',0,'','','','test12','0000-00-00','','','0','0','0','0','0','0','0','',0),(332,'hrpatki','hrpatki','',0,0,'hrpatki@gmail.com','$2y$10$nUqJzuo6twV6k1PcaHrb.OAasUB5XZDRWiC1.kMxhKEsNi0iIxtPO',0,0,'2023-10-05 06:14:35','2024-08-01 11:38:05','','{}','0000-00-00 00:00:00',0,'','',0,'','','','123456','0000-00-00','','','0','0','','0','0','','0','',0),(333,'inventiveajit','inventiveajit','',0,0,'inventiveajit@gmail.com','$2y$10$LlwtAyvQS7aYt3Xp353h5unjFlOc6KG6cM8mJpLDpywJOcDfi7Btu',0,0,'2023-10-07 05:43:08','2024-07-24 09:27:38','','{}','0000-00-00 00:00:00',0,'','',0,'','','','inventiveajit','0000-00-00','','','0','0','','0','0','','6','',0),(334,'techajit','techajit','',0,0,'techajit@gmail.com','$2y$10$YU.SfMb9DOWdPaJ/VgEsVedBTkv3eAwt8tcdl..ToMe/N8jOfyj1G',0,0,'2023-10-07 05:56:03','2023-10-07 07:42:59','','{}','0000-00-00 00:00:00',0,'','',0,'','','','techajit','0000-00-00','','','0','0','','0','0','','0','',0),(335,'Mr Santosh Vasantrao Jadhav ','Santosh ','',0,0,'','e10adc3949ba59abbe56e057f20f883e',0,0,'0000-00-00 00:00:00','0000-00-00 00:00:00','','','0000-00-00 00:00:00',0,'','',0,'','','','123456','0000-00-00','123','','','','','','','','','',0),(336,'Mr Prasad Anil Waydande ','Prasad ','',0,0,'','e10adc3949ba59abbe56e057f20f883e',0,0,'0000-00-00 00:00:00','0000-00-00 00:00:00','','','0000-00-00 00:00:00',0,'','',0,'','','','123456','0000-00-00','122','csMyAwAXTRab_CLdgqIvzg:APA91bGSD4XeLk4Uv2L7KS-1UFSvYhT0HhtIZorL0nX1o6kJtfm_KFORzPdkiHx8UiX3ZCBjbXnNV4xxa49hZGKqs8XIDqPuIB4nfUWy0Wc89-U2fYiNpF_dUIJogI_qF7SEMoFEaLsK','','','','','','','','',0),(337,'Mr Aditya Naresh Navale','Aditya ','',0,0,'','e10adc3949ba59abbe56e057f20f883e',0,0,'0000-00-00 00:00:00','0000-00-00 00:00:00','','','0000-00-00 00:00:00',0,'','',0,'','','','123456','0000-00-00','141','fbqLLcy7SwaEsPI4Q8UeQ5:APA91bEIWrvIpcJ1PbzUa8_gRKDQ7B9aA-SAHgUMw-mXO1wfsSIE9eLcVJVGX_Uf-mK7QdbUHQ0bm6aQ_KMkJu5DO-kw59FL11krfiOJfQ2KewHOhxzglDGosW2-yL_kPZk_3dj9TXQX','','','','','','','','',0),(338,'Mr Omkar Sanjay Jamdade','Omkar ','',0,0,'','e10adc3949ba59abbe56e057f20f883e',0,0,'0000-00-00 00:00:00','0000-00-00 00:00:00','','','0000-00-00 00:00:00',0,'','',0,'','','','123456','0000-00-00','142','evzw9a_wTDiYC6gvUb97lw:APA91bEzytsbyKiwld-goSCtshdkRvPgPNT78MuJ3bQq6BOkXyooLbgqtmYKL0bs9cO-Q4qJtCevSEqJmZWVahFaiNxFvNoxvShgELyJijzgHdhUqGNHrl6_N5O8hjIDGQ_iYocJgR4I','','','','','','','','',0),(339,'Santosh jadhav','Santoshj','',0,0,'Santoshj@gmail.com','$2y$10$ShNtK9efkIEKZS/TZlifE.43M1SOzKeEYtcWYZkEWuI4ES.YMroZC',0,0,'2023-10-17 07:31:44','0000-00-00 00:00:00','','{}','0000-00-00 00:00:00',0,'','',0,'','','','123456','0000-00-00','','','4','4','','0','0','','6','',0),(340,'Mrs Arya Omkar Kakade','Arya@1234','',0,0,'','944159d1f7be954bba1272a3e1cce55a',0,0,'0000-00-00 00:00:00','0000-00-00 00:00:00','','','0000-00-00 00:00:00',0,'','',0,'','','','Arya@1234','0000-00-00','143','c4sZu9URSLKdHbgqR5NI-J:APA91bFeCa5jxZUo94Fn5nuswLzaCjh7SjsOy9ohB2Rxufu_B_I4QzS1A_DCNetptEpNJbL8yncWkyBhCPjeYJstsaXsutU-qoMvbbFeX8rVEizkKjE5Oes','','','','','','','','',0),(341,'Mr Sagar Balaso Nikam','Sagar@123','',0,0,'','cf299ba19ce28e89a055d8db3e5578a0',0,0,'0000-00-00 00:00:00','0000-00-00 00:00:00','','','0000-00-00 00:00:00',0,'','',0,'','','','Sagar@123','0000-00-00','77','funVULleQVOtJ-raqCzk4F:APA91bHh7P5uGOohyNAo23ySrt-ob6M8S2y4xV59A30CZ6VYOnXkZMQvMIQK6na7A4TViqlGBXce9SN_jsYW3f3AWRtxBFDfLQEWPZy6Rwf8k4KJjr2tKZh6rYKSzE9snb8EAAStV895','','','','','','','','',0),(342,'Mr Sandeep Krushna Kalekar','Sandeep@1234','',0,0,'','8d89deab528cc42d2f1787fbbba7c319',0,0,'0000-00-00 00:00:00','0000-00-00 00:00:00','','','0000-00-00 00:00:00',0,'','',0,'','','','Sandeep@1234','0000-00-00','145','fxZtUhklSoeBhEfbl0lh3y:APA91bG3kgKrqhW-1FfN1q0uuL68MbO-AJFu4kvZ2UpM4r-0_gBuHS5kYrY8F_7caHWW1WgmNQAVEQAvO5-BxEFCiEt5XceVw8ob9JaethC9ILPGuvg6uGc','','','','','','','','',0),(343,'Mr Bhaskar Adhikrao Pawar','Bhaskar@123','',0,0,'','ea156c055ec258f485442b49eff2e021',0,0,'0000-00-00 00:00:00','0000-00-00 00:00:00','','','0000-00-00 00:00:00',0,'','',0,'','','','Bhaskar@123','0000-00-00','146','ejYA9qE7RuuggUUaGH97CE:APA91bGHlOQDpocUZgkOpVyOKnlZPQrlyWPhi48YNAGtIi5EFDzNWPBE03NLsWv6JTCg1k4P5t5APcHX90EygzkA5W3WqYLdZFirBHcKY_imWkYFXGW96h8','','','','','','','','',0),(344,'Mr Sammed Subhash Chinchawade ','sammed','',0,0,'','e10adc3949ba59abbe56e057f20f883e',0,0,'0000-00-00 00:00:00','0000-00-00 00:00:00','','','0000-00-00 00:00:00',0,'','',0,'','','','123456','0000-00-00','78','fWCWBY6STcq6WJsKl7Ny7s:APA91bH3eud2aohi62uvMBYVnlD2ZAWreKFbXtsHq4J8_NTEoadB3VAxTugG5v3g1Y_kI9SfmtGN1aPBIBp1l-WzknMKe7FZU-4QoxPbBFTNNXDsmeiY8YHvzu-r61L0zGIkBWvzA2CI','','','','','','','','',0),(345,'Mr Nilesh Shivaji Patil','Nilesh@1234','',0,0,'','3d7f1519654de9db7a5090ad95d5d01e',0,0,'0000-00-00 00:00:00','0000-00-00 00:00:00','','','0000-00-00 00:00:00',0,'','',0,'','','','Nilesh@1234','0000-00-00','152','d6yhKE4CSYWUi_SCreiLO7:APA91bE-zBFww8-yoSpLr22Ve1U9p-YOaGRnrUlzhTYSiS7ivbE2Dq7GvW96lVRZina1mnWeaS6TLdt-691zASifT3yeoLO0DufkDLA1B2ePjCSoOq2Wk3AmYPP8tVXb2ybefbRnS6Cz','','','','','','','','',0),(346,'Mr Nikhil Appaso Kadam','Nikhil@123','',0,0,'','102eb1ef188b1a24e1a3e2621298702a',0,0,'0000-00-00 00:00:00','0000-00-00 00:00:00','','','0000-00-00 00:00:00',0,'','',0,'','','','Nikhil@123','0000-00-00','151','djhPTNz3RKWp6mAW-Zwavz:APA91bF4C7T4BaQF6CEuJFQ-ktWLw-D2B5mErF-Q07Of_tzKJGhC5Mwsg45bgHR3D9RNikd5vHh2bezVvvu8WDsj7Zwbev6MLVI25BiCyw6lHMXYDAHO0otEJD_jwt-qQMW_Hzht4zpx','','','','','','','','',0),(347,'Mr Rahul Rajaram Ghatage','Rahul@123','',0,0,'','7b7f71bff78951c020e9c647a32bb839',0,0,'0000-00-00 00:00:00','0000-00-00 00:00:00','','','0000-00-00 00:00:00',0,'','',0,'','','','Rahul@123','0000-00-00','147','dFbp_ScoSR6TEJI0AVXgRH:APA91bEzsux160m9Z5vzvxWluRfzJDfGSMtCXAVt5cesXcwXDd2_XaUmK_L1G5F2Gx0XRzl0jc0TeUcX-1YzQkNnu-jhyZCJ9j6_YWhTLvB6G6i3UERNpHmOmkThrkQd914f1OYIrrhQ','','','','','','','','',0),(348,'Mr Sagar Dagadu Sadakale','sagars','',0,0,'','e10adc3949ba59abbe56e057f20f883e',0,0,'0000-00-00 00:00:00','0000-00-00 00:00:00','','','0000-00-00 00:00:00',0,'','',0,'','','','123456','0000-00-00','148','','','','','','','','','',0),(349,'Mr Kunal Vijay Kamble','kunal','',0,0,'','e10adc3949ba59abbe56e057f20f883e',0,0,'0000-00-00 00:00:00','0000-00-00 00:00:00','','','0000-00-00 00:00:00',0,'','',0,'','','','123456','0000-00-00','150','do1ehhfBRKehU1nsVMXdP6:APA91bEEXq5RGNUMF6EmcqIRYn4UZVDE9vJTJYQdI2wvauN4oII2oPND4wKWXZcKpCBEIPm1hnX7EfbxtP9wbyIEVn_U0p7kbSV4vCC-1mHoHahHcOhKBrZ5NJZt2JPhhC-OCHuqbRRN','','','','','','','','',0),(350,'Mr Sahil Sanjay Kamble','Sahil@123','',0,0,'','e8c8f45019430b6f79862746e96d6e70',0,0,'0000-00-00 00:00:00','0000-00-00 00:00:00','','','0000-00-00 00:00:00',0,'','',0,'','','','Sahil@123','0000-00-00','149','e2zu8dp0Tm-oLI47WZld88:APA91bGBGb3zN7AdeUeHG2lz5yyPteIjWxyRDl-0CJdeAmAR2kDl-fCqGThVgaONkJhzswYLNLxcCryFXf5Z6cV_sU9E8az8uNpoSfmwaW6YQDtw1X-0_xa2-KlPEa1wIZ56M7pnwOFW','','','','','','','','',0),(351,'Mrs Pragati Sambhaji Patil','Pragati@123','',0,0,'','9c90977c44809700bc82d41fe7988bbe',0,0,'0000-00-00 00:00:00','0000-00-00 00:00:00','','','0000-00-00 00:00:00',0,'','',0,'','','','Pragati@123','0000-00-00','154','emAujEbEQ4ioCpsa7M1gnd:APA91bENfRtXo6N6mVx6k9W9MmTOxzsWMxHsbjK53qvmctJ5ReBS03ynTWHh0_C9Yng04NfpuEpNPFWyNlPelBiYDnleeJUsuLleDy9pi5CudGQmWG-0-TuPP0ULauLPP7jMHGD8UXOz','','','','','','','','',0),(352,'Mrs Reshma Balaso Vadar','Reshma@12345','',0,0,'','9c8b377376c124e22cd1c140870713be',0,0,'0000-00-00 00:00:00','0000-00-00 00:00:00','','','0000-00-00 00:00:00',0,'','',0,'','','','Reshma@12345','0000-00-00','153','eLx5zgwKTW2PM0zqWN5OXy:APA91bF994GjZMBB3M2eNMi6aUZWWupCQQw_68_FwOm2HK3IxarMi_02f4vnAvnMsBWLWcP4qkA-ei7EDr1BDtluISQvdlju0aZAgryzeI4k4RPKtoGo__x2BCqImrtwX8atleqq4kkq','','','','','','','','',0),(353,'Mr Yogesh Dattatray Patil','yogesh','',0,0,'','e10adc3949ba59abbe56e057f20f883e',0,0,'0000-00-00 00:00:00','0000-00-00 00:00:00','','','0000-00-00 00:00:00',0,'','',0,'','','','123456','0000-00-00','13','etxQJWtJSEuTHRMLg5WbeX:APA91bG44sEXI_qxbT7C3WDfFqPxiBfG289xovYoaIoG9AoHCg1i8Q_oDgv0RY5AVU-pwD36njNRfA6bdmQHWljqUqP9bJzQRjCoq_lQGS92AdfwrCGdQIDw5YvhBDbUy5wSwGJPaS4d','','','','','','','','',0),(354,'Mr Vishal Ambanna Kore','Vishal ','',0,0,'','7887f3cd8e6bc1e00e82be56307c47fd',0,0,'0000-00-00 00:00:00','0000-00-00 00:00:00','','','0000-00-00 00:00:00',0,'','',0,'','','','Vishal1234','0000-00-00','157','cRuhJG-STAq3VtmRcut3W_:APA91bEhYdsc220aX7feY4IndSZPcyMgprjxqNop2G-4S_X49OybtEdLX1IoKyUDxfxSPAvk2WsXZQKxEjpMmdPpuHsMsvUtvuJC6hgheJOyuLkzgXQFJWLkmAYvB6K7x6UpgwZOkOuE','','','','','','','','',0),(355,'Mr Suvarna Sachin Torane','Suvarna ','',0,0,'','981407dc0d99fce329ab2d9eb9ab47d1',0,0,'0000-00-00 00:00:00','0000-00-00 00:00:00','','','0000-00-00 00:00:00',0,'','',0,'','','','Suvarna1234','0000-00-00','159','fmL_78zMTtyenmEyqpzI-R:APA91bHv88GmMZA0APZt7G1BP9_O0Gl3cpUByTvrIxEG9Ne78PoXilcAVBO7bAqvvXmmagH1WAPSsrmzJJjQFXGUZAz9el1ESJDAqXVnueKLRF4rvgeEvm7HH3rQcqv4yVfZmoXIHj_K','','','','','','','','',0),(356,'Mr Dipika Ambanna Kore','Dipika@123','',0,0,'','7bcfa17a101cd7731028940ae1321117',0,0,'0000-00-00 00:00:00','0000-00-00 00:00:00','','','0000-00-00 00:00:00',0,'','',0,'','','','Dipika@123','0000-00-00','158','cfs6TzZAQN6bOvgHRwBNRS:APA91bGYY-O9q6Tho4uXFg5-cDMlHDUyYZdYwIlPVIFdh4sIsl4JS_EknRhgGCXc7t1YHSe_t0opT6r4IzSYvpMgQv68yUDoxUdyHaYPSwXwZT7BRMLkDQV97OStkCiphgnv-S0IdaBa','','','','','','','','',0),(357,'Mr Shashikant Vilas Kharat','Shashikant@123','',0,0,'','f13bc77531539e9104315e4a51767489',0,0,'0000-00-00 00:00:00','0000-00-00 00:00:00','','','0000-00-00 00:00:00',0,'','',0,'','','','Shashikant@123','0000-00-00','160','fKcsRAM4R3qTaj9ou1tDdR:APA91bGBCmBlwXG_KzWDUIukJLhyU76bWjSjNJCKgtW5pHThzO5r_ohYGw6X80KpOLWydb31fVfHliMpWXreQMBhOSvC-EwUUI1dCoeRQLST6j6WDmqFJUvOHEyWANvxO71uVn6cYO9d','','','','','','','','',0),(358,'Mr Rohan Prakash Shelar','Rohan ','',0,0,'','59d2aea911a301cccee5c56260c26cac',0,0,'0000-00-00 00:00:00','0000-00-00 00:00:00','','','0000-00-00 00:00:00',0,'','',0,'','','','Rohan1234','0000-00-00','161','cgICJLGeRKCXiZ9_2cDf8m:APA91bGEpTQXpc_blcOJgX9YIrdS8xJuf2sMrpov4RCwS2yJ5dPGZ6GwtHWLdkyjAZJbrgvu14Oh_l4eJvdjnvHOaio1iJlEimZp7YEZNCUQEQDHJGn_C50uwPyD7ZsF3S1huWdg31kC','','','','','','','','',0),(359,'Mr Sunil Shridhar Potdar','Sunil@123','',0,0,'','0016eef2827ac2424d9e96fc40ffc5fb',0,0,'0000-00-00 00:00:00','0000-00-00 00:00:00','','','0000-00-00 00:00:00',0,'','',0,'','','','Sunil@123','0000-00-00','162','cXBEQyVyS0S2ct39bfr5Ig:APA91bFTK3tVyl3PQ8aHVICMmmKZ_h7PKOk01GfyReAKSc982Ji7e94mHnqgoLFmIHZ3KNoBEfNlM7Zp1K-UaDuBF-9k5k8DzshJlYmHYsNeO18ZRZ-JYFE8PxRL03ogIWQofSlOgdIO','','','','','','','','',0),(360,'Mr Jalindar Nanaso Pawar','Jalindar@123','',0,0,'','466a9ecbec90d3994b37ff7f09430c7d',0,0,'0000-00-00 00:00:00','0000-00-00 00:00:00','','','0000-00-00 00:00:00',0,'','',0,'','','','Jalindar@123','0000-00-00','163','euPawsSsTumn6NTWEh9ZYQ:APA91bFwZeIMeW4atLWdlLIvpaxHoYXRX_5J7WWfjPZX0B5sxEuIAWh3m5GqxdOUquLtde1LhK4sC-4QB393k1MMKKluI3tXhSNzhBN6sCC443te3FtX8C179j4eaA7yh6PxTdqRkpX3','','','','','','','','',0),(361,'Mr Satish Annu Koli','Satish@123','',0,0,'','89668d97bc2281951a871d2170f5149d',0,0,'0000-00-00 00:00:00','0000-00-00 00:00:00','','','0000-00-00 00:00:00',0,'','',0,'','','','Satish@123','0000-00-00','164','cdsVLCXfSfuIBGHt_GpWlV:APA91bFnGV3OS7xCHfW7uwvpdfqZqFrhXMK937X0FPKcrNPxY6B2CzqF1ds_C13HUsHJ8MEGOC_so_6y1qtD9fCpbUlfg_IytiQ1bvxKFUdBS3YEyhIHTjbWo8jsSvl7kPQgzTPevW7b','','','','','','','','',0),(362,'Mr Sandip Shankar Harale','Sandip@123','',0,0,'','43cf0e644bc499b253da515ee6e71363',0,0,'0000-00-00 00:00:00','0000-00-00 00:00:00','','','0000-00-00 00:00:00',0,'','',0,'','','','Sandip@123','0000-00-00','165','eGUztWDhTQiPcZBa_4KX2h:APA91bHDMdEi3_XuwR9MhfE_dBaDiXtuP0cM7AaNNb4zKsFqLzuXLjgk0bIr_eye2KWUcMzYTCFnjbgzM63T2Mwsb758w_e-KevP0IEzu7iugNLfz_Xr9DSji0CIrMSJFDc03ycl0I3o','','','','','','','','',0),(363,'Mr Suhas Ajay Waydande','Suhas@1234','',0,0,'','b068a1258fbe2d173b609bf479a8b53c',0,0,'0000-00-00 00:00:00','0000-00-00 00:00:00','','','0000-00-00 00:00:00',0,'','',0,'','','','Suhas@1234','0000-00-00','119','etA1oAjwSxSH8MkBx8ZLR8:APA91bEm7igOzJRkWHSJKGSCyGwRsQVGy6kJf2dM2Q8CN2YpHZi9cYWMnm4lO09y5-jMc8qkRD3Ea7nzQCWHXOvQkODYThSP2b67EMmBWQEbax6RGfH8OS8','','','','','','','','',0),(364,'Mr Suraj Laxman Pujari','Suraj ','',0,0,'','71bcbc59b72af918a78340f0e7bc265a',0,0,'0000-00-00 00:00:00','0000-00-00 00:00:00','','','0000-00-00 00:00:00',0,'','',0,'','','','Suraj1234','0000-00-00','166','eYyHCBmfRlekPHPYA5I6z5:APA91bHeeGCytGoASPE0FV1aa6BlRa_rm8gZ4qGGWVoXaG1JdkufWHLRzENSWUmanetNMaVrkaE_xsuFmD7lZhC7sJJZnZ9ge46WPui4rBEtDjjniZmZULCEzNirPB0ftG0LXVkORzx5','','','','','','','','',0),(365,'Mr Vishal Krushnadev Waghmare','Vishal@123','',0,0,'','ae1285ab8aaaca3c8fb0f140c815a983',0,0,'0000-00-00 00:00:00','0000-00-00 00:00:00','','','0000-00-00 00:00:00',0,'','',0,'','','','Vishal@123','0000-00-00','167','fup64TjqTreS02kqOb-Y1Z:APA91bELcls4xjGRkEeSu4slkQCGoafyLOelbQnnSiGxZFcU5_udy_pMxqAJhh3DBaU7waBaPoBox2G7t3rtMBUSfGkfZR0BygL35-jq2FpIrUs9yE8jSeQ8P10np8SS7FtRbJHytquf','','','','','','','','',0),(366,'Mr Chetan Rushi Kawade','Chetan ','',0,0,'','3891b03dcae94154e718a597c7ffac6e',0,0,'0000-00-00 00:00:00','0000-00-00 00:00:00','','','0000-00-00 00:00:00',0,'','',0,'','','','Chetan1234','0000-00-00','169','ccu1OGHwSrSBIBIviETrxC:APA91bHy1LqWpf6r2Gxc09XyN-kN3ML0O2znc2CVfoTTYAZ6r581K1XlRnVhs6FkWLMXUi0rcE5slpxz53PTxGhMqg2LLEJcoaxhYMJG8mGIQnc5cZgxvwjCOGHaBWQDpu4f9OH1NMyu','','','','','','','','',0),(367,'Mr Aryan Suresh Mote','Aryan ','',0,0,'','180d2fa112123973f3d64a4252cebaa5',0,0,'0000-00-00 00:00:00','0000-00-00 00:00:00','','','0000-00-00 00:00:00',0,'','',0,'','','','Aryan1234','0000-00-00','171','cmSAkVVRRTS7mPx5s2qBt6:APA91bHNpYuT8FWT-l2OvO1E5vcU8kl8tt2Hav8doqVPS0e2vA8b8WGia-ejE8lxsGVbJ6xYiFSfGNk4KnpZCfS-vB-3NPFvIMxS-JeSjoNybaiXnoorW3mjqxNEEJvdhZo3MDwfaeUa','','','','','','','','',0),(368,'Mr Saurabh Anna Tale','Saurabh ','',0,0,'','417ff7fe9677725d2f6ee6e062f93a77',0,0,'0000-00-00 00:00:00','0000-00-00 00:00:00','','','0000-00-00 00:00:00',0,'','',0,'','','','Saurabh1234','0000-00-00','172','dw3r2FpiTjCYiqZHWkB6k3:APA91bFlQvIb9OPwdKtusotRggPTxPDw3kaPb5zoBuWxIrc_TSjoTt_427762-315nNs2v0fAI0vSotdX6qza8HqwjtYR0KE-eNXWEj9-NS1EGCcyt64DF3fgvHAIGuks--6KgmwAYqp','','','','','','','','',0),(369,'Mr Shushant Balaso Budhvale','Sushant1234','',0,0,'','1c001be54fd141d5cc3998426b7537e2',0,0,'0000-00-00 00:00:00','0000-00-00 00:00:00','','','0000-00-00 00:00:00',0,'','',0,'','','','Sushant1234','0000-00-00','168','chrxFJ_bRLSJBMRNqQyvmi:APA91bHX2f-AEGaBkVUsJzWDhajejPrIGql2CaVwoQk3THhALmG1-jx7E_Tuttz5L7OqacNNiB545XjcUpXuWeSN93zwE6iJMvKKA2naW3QLT6tCf6b7gxI','','','','','','','','',0),(370,'Mrs Amruta Chandrakant Jadhav','Amruta ','',0,0,'','e04e3ff14fd1a6b0fa601e67fe6ff0f6',0,0,'0000-00-00 00:00:00','0000-00-00 00:00:00','','','0000-00-00 00:00:00',0,'','',0,'','','','Amruta1234','0000-00-00','170','dSaNxf2rQny0Fs68urhtu1:APA91bE6KsAHlxpWjWUXYDBZDpofwL6xZ5VXyoIdC3rmnZ4h6dAY7-S7nI5T397PNBDxcRoThhPKOm-8NYJ2Jy7br743tXmXrd-V9752KietL0sC8nM1L8B5zRbC6fXsQ6zsXlhae6pf','','','','','','','','',0),(371,'Mrs Anita Rajentra Aiwale','Anita@123','',0,0,'','098fb561add82a8bd20ef0869dd5c7cf',0,0,'0000-00-00 00:00:00','0000-00-00 00:00:00','','','0000-00-00 00:00:00',0,'','',0,'','','','Anita@123','0000-00-00','173','fIoKF3gSQleMfQpnWsLAz1:APA91bEsExgGgMysTko8PRReYVqRXO8GoiAQyWYvyn-v0xkVY8bwIMB-_0Aq2z8bD33818vpxAnpulXjHpgiJSE-0vhBlFc2crqkJzPDnM45Med9CfAX_FI','','','','','','','','',0),(372,'vaibhav Vilas Narute ','vaibhav ','',0,0,'','8e9e129b663f6cb89ff83970b82f2f25',0,0,'0000-00-00 00:00:00','0000-00-00 00:00:00','','','0000-00-00 00:00:00',0,'','',0,'','','','vaibhav1234','0000-00-00','174','cT39VfUuTwyxwBZqiSIJuX:APA91bEHCqZaw4k_Y9ouSMDWYxH81OG-yLt3HuXdTcVd9ndYKZC_nlu4aQGlJrLd3W8tHW7SH3U6Yk14rmBOXZnfxURCooAEyyj2wqgcvOCEDfVwp7dbKir76ly5L9Qa6xUQOMziGYwp','','','','','','','','',0),(373,'Nikhil tarlekar','nikhilt','',0,0,'nikhilt@gmail.com','$2y$10$.8kBL5sK/KnlV6v6/tqez.8rnFqk9Y1BWbNK1PW2U8F/wWEaKRf66',0,0,'2024-07-02 08:31:31','2025-02-06 06:34:48','','{}','0000-00-00 00:00:00',0,'','',0,'','','','nikhilt','0000-00-00','','cGt_7YGtTxKRd5AoGw7PvB:APA91bFPccYGfc_tHXKvPSvASQ_GTXPawFJ4WqZLpqpoypdKnNWWEP7A_0cSLINirPdv0Uryl8cpi4LHalPR8LqSEqtivYQao1vCtSSRRDkDeJ4cWnO6O99eBp_PVSH-m6y_DfA2u9Yo','0','0','','0','0','','0','',0),(374,'Vaishnavi Shinde','vaishnavi','',0,0,'vaishnavi@gmail.com','$2y$10$chmr0Rp6LsmqNOXns6c1eeruBdAefEZOm17u9gtVCFSNhjaulL8py',0,0,'2024-04-20 09:55:52','2024-09-20 06:43:33','','{}','0000-00-00 00:00:00',0,'','',0,'','','','vaishnavi','0000-00-00','','eKXz1jeNSASZDArhCylXDu:APA91bGXzPUdjjv45aGCBeuQK906t-ekhzk-de0p0l-8nE398idCnwE51MINw4W6y3bHZoQlQUEbBm8UZTHIfkef8moTec0wIeTtvZ7dqchxMjaN_CSENYaQTkLGNqrN3xioAiOCOhGc','0','0','','0','0','','0','',1),(375,'asif','asiftech','',0,0,'asiftech@gmail.com','$2y$10$Sn7pGKcWXa0JDGJFVsz13.3HngF4H27Ey/Ei7CyysntHpZ4R3vwFS',0,0,'2023-12-26 08:23:01','0000-00-00 00:00:00','','{}','0000-00-00 00:00:00',0,'','',0,'','','','asiftech','0000-00-00','','','0','0','','0','0','','1,2,3,4,5,6','',0),(376,'Tasim Asad Belif','Tasif@123','',0,0,'','feffdf2b002c32c06a1e197f3b5a2754',0,0,'0000-00-00 00:00:00','0000-00-00 00:00:00','','','0000-00-00 00:00:00',0,'','',0,'','','','Tasif@123','0000-00-00','197','','','','','','','','','',0),(377,'Yogesh Pandurang  Shinde','yogesh12','',0,0,'','a71eff0543eb86fe93f5047ce41620c5',0,0,'0000-00-00 00:00:00','0000-00-00 00:00:00','','','0000-00-00 00:00:00',0,'','',0,'','','','9226268392','0000-00-00','198','fJtd-1eiQd2ehAb9671RZV:APA91bEpbPmpQEU3-ECbVmKoeYCegL_6pECR8Lyx8NC6gt8IBh0qtNxGh7IQy23gQajJUyC4iOVEAZcY1mM4gUa4AOn3hOzXozl-oXJr3EIfqOD0wl1oslkN1TTs5IxBjOFcXdELO_6j','','','','','','','','',0),(378,'Anil Kumar Patil','anil','',0,0,'','dcbab91600755afd8c74b7d1cc0efa62',0,0,'0000-00-00 00:00:00','0000-00-00 00:00:00','','','0000-00-00 00:00:00',0,'','',0,'','','','7273097070','0000-00-00','199','cLHYmi7VTESwgJusMo1OqA:APA91bGVwfKIHdvcmr7w4HVG_fuB07CNdfm5GXt36QYkAUqjDc47y50YoT7Vz-gmrKwqvDjggtUWTRnjY7EMZbQr7DqI0o4pa5T_GNhTdAImyGX7X4KGf5jM6NzU0cNvtK4mXufa5OfK','','','','','','','','',0),(379,'Swati kashiling Surywanshi','swati','',0,0,'','1fec1c063acfc2496a5937380db3f58d',0,0,'0000-00-00 00:00:00','0000-00-00 00:00:00','','','0000-00-00 00:00:00',0,'','',0,'','','','8888242967','0000-00-00','200','dUv1I4bDT9q3ek4Aysl5X0:APA91bEWgmxn-X7B9-JStW16E15ZsnRtRafLcIUXQW96yYriNOMH8dxUkGAQjSHjyTGgCMlgXBkKOsUWcm13FjD0dtRZjK_5guFvTEAmWYSFmCmMDFDNPYIZSKohUcla_HgKs7zLnQpj','','','','','','','','',0),(380,'Mr Ashoka Tukaram Nalavade','ashoka','',0,0,'','b07c363691ba2e5d7ce7589b363eb8b2',0,0,'0000-00-00 00:00:00','0000-00-00 00:00:00','','','0000-00-00 00:00:00',0,'','',0,'','','','8459630453','0000-00-00','139','eA410yz3QqOZzaDisPrV5X:APA91bH6HMhJ8hmj1TFG5Hg526lb0kVCEt1wXP1B4OTUZlKVCVd-Z7CvwUrWtYHmS0Kxo8_YCEN1fzoXsTORBEFjURyMVGwse0ehG7Xbbob9YbThvk0qmKMv899RmQNlYZVtjgyJeZm5','','','','','','','','',0),(381,'Mr Ketan Mahaveer Patil','ketan','',0,0,'','177b3d238464324df8f9c950e4c13a23',0,0,'0000-00-00 00:00:00','0000-00-00 00:00:00','','','0000-00-00 00:00:00',0,'','',0,'','','','9011582373','0000-00-00','140','f5ZgRVIZQjiMVkmPCC_Qgr:APA91bFdNwWlgr-M2mdG75ZcTd4vUu1hOieKKeQtVZyk2VN0JOEUoyRxf2vCkmZgDW5NBq0n9ctuBlTdtKX5BxCYCqz3PtDmbJolUgqR9VPHwlt6WUOSrvCByC-nvo8uosOk3mdo6iMr','','','','','','','','',0),(382,'Mr Jagdish Hanamant Salunkhe ','Jagdish','',0,0,'','61ec19e9a0d3de959de218dc44ff843b',0,0,'0000-00-00 00:00:00','0000-00-00 00:00:00','','','0000-00-00 00:00:00',0,'','',0,'','','','Jagdish@123','0000-00-00','156','eIWmvQZ6SpGIi0lbAVPu1c:APA91bGKkInSIISnsXXgifta7X86LpyVmGDAzqHQ09Xs-Zyaj37pCvb-9omCPtYscZbMcOYpHpxgHOgRa0veEamkbQsYYIf8W9ssGXhDDV-YvfEBvIU-DQU','','','','','','','','',0),(383,'Anurag Anil kamble','Anuragk','',0,0,'','e94c963e1b188414a929f00fa5bdd7fd',0,0,'0000-00-00 00:00:00','0000-00-00 00:00:00','','','0000-00-00 00:00:00',0,'','',0,'','','','Anurag1234','0000-00-00','201','fsF6xXPrRt6RnCD7W_wNYR:APA91bGJvynTt4eiJfSP8fo7g4-Zu_QQQuaY9DY-SM6mROvVBS2sHdbRTy8mTF5fiqCAnJknQdhYYrB0DG56Iv-a6Fe6TDT9uWeGiowDP4w1n9vOxtkn6RvHNE4CWfGJXUdWV8CF2naj','','','','','','','','',0),(384,'Uday Vilas Shinde','Uday@12345','',0,0,'','9ba657e07cf481d0aea255cb1b070e49',0,0,'0000-00-00 00:00:00','0000-00-00 00:00:00','','','0000-00-00 00:00:00',0,'','',0,'','','','Uday@12345','0000-00-00','203','cBfyrzuoQaaJr51CkC9aGh:APA91bGj2pGQ2XxL4e6Vp-GF-rM8LtH5YiGtxMk1v9OL3Fekg1_YM1x19tXbu33qG9_hDqw1GsRQ0tdb1Nz47RMzApXRGriChK5CGGSw3qNV11bfe3sMwZG9rvO20GQ9YO9ehfLEBEzQ','','','','','','','','',0),(385,'Mr Sagar Shamkant Naik','Sagar@123456','',0,0,'','d4933addc51b0628b11de0feaf24b428',0,0,'0000-00-00 00:00:00','0000-00-00 00:00:00','','','0000-00-00 00:00:00',0,'','',0,'','','','Sagar@123456','0000-00-00','24','fOSmyBA-RJK2rAaIHHo5q-:APA91bHGyiFiZsIV-n-7n1GcaXnU3DHiNqgcQjsZ6yNkzLNgSXe35_XZ77DgK4LLfResaIX9Z7RK3r_e-FObr6HoXv7ppDH_ARSb1lxkIvrulNNJtKHoQ9bH7bpvUfzmKsTZ9djyCr_B','','','','','','','','',0),(386,'Sagar Balaso Todakar','Sagar@12345','',0,0,'','b15ade356dbd4e658345a326fe63770c',0,0,'0000-00-00 00:00:00','0000-00-00 00:00:00','','','0000-00-00 00:00:00',0,'','',0,'','','','Sagar@12345','0000-00-00','204','fTZ7zhuCSOeT0J4fp5SbQf:APA91bF21K_7-FSNcY0nVVFHR_kxtg1lprqJCZ_4ilrs4YKr6l56hSHDFMarEtXskECCNFdd_OhtoCSbtj2QoRQvWRJ2MEhF-J1ZidsbKydUhyWCtsfB0IedZb5FE2NfbB9hUWvIA1VF','','','','','','','','',0),(387,'Prashant Prakash rakate','Prashantr','',0,0,'','91229517fa809fb0b7d101a3a4c829d7',0,0,'0000-00-00 00:00:00','0000-00-00 00:00:00','','','0000-00-00 00:00:00',0,'','',0,'','','','Prashant1234','0000-00-00','202','dGyCEdoLQdyJXBSHHJ95EH:APA91bEQFaVjYx5pEw9haI5CeLct1grDh-HS4os52zjqaOPyB8fGpVCKayr7eZFKB6u7hHUIaqzF10pZQGbEXO3J6nPwc-BCCOgGWiqGBU5S04r_wsTqfL0S42UbSrvy2wJh3hwbezY3','','','','','','','','',0),(388,'Shubham Rajaram khandekar','Shubhamk','',0,0,'','ad8fe74a15a2be95d2e1a59ba7c695d1',0,0,'0000-00-00 00:00:00','0000-00-00 00:00:00','','','0000-00-00 00:00:00',0,'','',0,'','','','Shubham1234','0000-00-00','205','et5IKaDaR3-UVUK0ukBI5t:APA91bGwCVKIksXS_WayS6xIHL7iCCS1AOfmxF7Yl1VF-laUeOw1wF1ucVgycP1cWIgh4XQTHqJZdHGVouTZGJjrdCtWTMYwPKq4TU8-DlTnaY_AZVaCqZA21OLTzUiHTuI9PlX07W13','','','','','','','','',0),(389,'Mr Rohit Balaso Thote','Rohitt','',0,0,'','60f507c80c6900616d343f2bcc9e6e46',0,0,'0000-00-00 00:00:00','0000-00-00 00:00:00','','','0000-00-00 00:00:00',0,'','',0,'','','','Rohit1234','0000-00-00','89','dQNtf7uwRB263BFHSPmVKe:APA91bH55oJEUwIKilPrEnl5IiN_nZ1QEJEEEQjQ4Q--VwjZyy8W7o9o9mHl25dNanO6Dh15cHmJW4aa-st84lEU_a5oyNomaqarhLG9P3-PG4HI3lJ4jZS2lcJ3lwK_yYpO1Zex1pcj','','','','','','','','',0),(390,'Mr Gaurav Shrikant Joshi','gauravj','',0,0,'','b3f8e0479f73ada7025c6f8715268c74',0,0,'0000-00-00 00:00:00','0000-00-00 00:00:00','','','0000-00-00 00:00:00',0,'','',0,'','','','9665149671','0000-00-00','138','fzad4KueSmqveq6c8tVjbP:APA91bHHL1muhcN9G8pbdt4ylqqsfJ6pBaLCXOrc0O_HcA4RU2eT-h8nAEovIqNMq-DTSxl37TTDMOWUXHT-hi8zYHX4xcqtYr_VOTZ8IritpFfZSj2nOt0Z4QByEmUuaBS0cQg8nmVS','','','','','','','','',0),(391,'Prasanna Mahavir Bhilwade','prasannab','',0,0,'','bb1923f766057e1d39618493501ba6b5',0,0,'0000-00-00 00:00:00','0000-00-00 00:00:00','','','0000-00-00 00:00:00',0,'','',0,'','','','9325709040','0000-00-00','206','fOdCUTajTSeevK3J0HKmgn:APA91bEMQgEuykWoR0bXiyE6ZhNr5t5of3WBcknrjCSXBeMZFyz8tRauG1Dtra6y1kMbfkIDzMdzojwHbygRdgMR_-OcHYqF_skzQZWvUwS4kaQuACEKW7Q39P7MRHvyy0s6e9POACAv','','','','','','','','',0),(392,'Mr Jaydhaval Suryakant Nimbalkar ','Jay@123','',0,0,'','cd2e5239aa2ec4bba574bba4dbe6543c',0,0,'0000-00-00 00:00:00','0000-00-00 00:00:00','','','0000-00-00 00:00:00',0,'','',0,'','','','Jay@123','0000-00-00','120','dkphytsGTueEX8DHUIk-SH:APA91bHlOJlzPkv3capGg0r1y0JIHJux9INsRCST9MJ23DHbKnQf2cW5ipjT9uMKUGo1aW68VoleqNc9SI3_e9iDw7WiVGobh-Yzi5WIIQa1z2qkICeldWSS_z7l85Gs-7aaFeq4NVvh','','','','','','','','',0),(393,'Sneha Patki','sneha','',0,0,'sneha@gmail.com','$2y$10$g.klRKN1eRe5OERVU.TGU.iWupnDHpPDm4ZXxsrs3uM0j6lX6HGTS',0,0,'2024-03-19 09:49:15','0000-00-00 00:00:00','','{}','0000-00-00 00:00:00',0,'','',0,'','','','sneha','0000-00-00','','d7RjiarPSAWM2V768Y6pla:APA91bGyPWY2Fx9loQE0idsPZrNlWYmic-STXKGEkJxOmZphsMzxtSESXaptyKsmyNcSzG9anG2Gxk1jquGxD6CLiOZ5-Y2TObj9X1dy7dEB7zpagRewt4M','0','0','','0','0','','6','',0),(394,'App Admin','appadmin','',0,0,'appadmin@gmail.com','$2y$10$SGD6OfvKRkkTooNBUGKaTuyMIWIuT00GYHixCz5DSSCTYuQouUhaq',0,0,'2024-03-25 12:56:11','0000-00-00 00:00:00','','{}','0000-00-00 00:00:00',0,'','',0,'','','','appadmin','0000-00-00','','dcGLL1wqQgO83jxobRKHxS:APA91bEFPNIdAdniPoQF5O5Z_hTagzAKzirTODamB0tB8-QH817TTypd2vv5qdXpHMQlGbXdmqujn4qOOJv-gbgcV2t5hcGGPqk6AQgQ9IT8SUJY29C_-fk','0','0','','0','0','','6','',0),(395,'Mr Shubham Rajagonda Patil','shubhamrajgondapatil','',0,0,'','4a6203e6cded122ec0422401ed9f1c26',0,0,'0000-00-00 00:00:00','0000-00-00 00:00:00','','','0000-00-00 00:00:00',0,'','',0,'','','','shubhamrajgondapatil','0000-00-00','132','dJ2M7hKWQMuGwJvLpdB7a0:APA91bG_ajLAw3wpOZe-a-IVZxtAV16iw15M7n7uDwxQfwtT-3qodCqiKNYanTLiY7-pJchwrsGE0OtN-13j9glUxQHixlZBz_2kuh8HEag5x_-zi6R2GZJnQsZdELUvxZ5moX2XgwhM','','','','','','','','',0),(396,'Mr Sajjan Shamrao Topkar','Sajjan@123','',0,0,'','dfdd50ae28de6432a21477ac5aaf092f',0,0,'0000-00-00 00:00:00','0000-00-00 00:00:00','','','0000-00-00 00:00:00',0,'','',0,'','','','Sajjan@123','0000-00-00','56','cW2DoXNpRbK8Sec3EQl5GU:APA91bFOvPOT-ywuqdCAwbZPGcvWSulyTKw96oWAzADgI74bsoMXNCmJ0e2H2OTosUM0DKuTTSimu1-3dYyANIXWLcgI77wOi6geQhPtVO4Okt19kQSW2tsr1eRSaiDO_SOPXoldZtiq','','','','','','','','',0),(397,'Aniket Rajendra Mali','Aniket@12345','',0,0,'','fddf1a61736aa111edd0067188762ab6',0,0,'0000-00-00 00:00:00','0000-00-00 00:00:00','','','0000-00-00 00:00:00',0,'','',0,'','','','Aniket@12345','0000-00-00','222','fH8nr3T9StWwNmckiGrjPF:APA91bHSqSwQBJsM_KkT38kXEyZmwbxocfSqjrlk1RxSKQNINjlSsSsOgIPxZE71VzSkFTtAQrB70EGoZTJGriP2iel2mCmRH_6aokks97xymRGPz3sujeOqCuIbMcgSYt0m8ZtLD4_Q','','','','','','','','',0),(398,'Mr Vikas Mallikarjun Swami','vikas','',0,0,'','bebe68374a49cb41b7c9219e97250044',0,0,'0000-00-00 00:00:00','0000-00-00 00:00:00','','','0000-00-00 00:00:00',0,'','',0,'','','','vikas','0000-00-00','117','cd1Wqvh6QV6qNaeKJGWoHh:APA91bEqDCitufvqbjC4Pf8hEqQ2HCnJZhoXSNlvClm4UQtNj2SpMidKSeV_dDJPXrEwhY2ffSzkanDZ1nRlpmrjXsJVW5W9J1TII7lyaqRSDUNoGMhAN0nEjzrRFpfvdBkc01-RQDf2','','','','','','','','',0),(399,'Mr Shrenik Balgonda Patil','shrenik ','',0,0,'','1eb13b1f7cdee1a8ffab9cdeae703d32',0,0,'0000-00-00 00:00:00','0000-00-00 00:00:00','','','0000-00-00 00:00:00',0,'','',0,'','','','shrenik ','0000-00-00','114','e8958beDRW-yOHu8-c-Bb1:APA91bGJg8PjOxIn5ofTdRHpz64Trr5A0ORbFqxdoMfiqThOwjGFb7psw3-rc8R7fqoHjiff-3vTxvhxOvoOyFAGGMIx7O6h38036qP5PnHOwcMKWMGt94roIcDFgOhHiLynIx0GV-GK','','','','','','','','',0),(400,'Mr Chaitanya Parashwnath Awati','chaitanya ','',0,0,'','ad2cc65dd208c8bb36e5d44a69cb03b6',0,0,'0000-00-00 00:00:00','0000-00-00 00:00:00','','','0000-00-00 00:00:00',0,'','',0,'','','','chaitanya ','0000-00-00','116','eV8RjXOxSoSXXmgumQedXQ:APA91bG73e1t1H7w3hFLFApQJABLYOqn_yYR4S-YnNdZe5XY71eo0lzvrUIpL9Bz8wqK4_80BXYi6GzdY4agyhIMhkd1YINRFk_443IHoOCm9wAaZB9VMR4-q5IMXf7zKvKZCqeXGSin','','','','','','','','',0),(401,'Mr Irfan Rafik Pendhari','Irfan','',0,0,'','f98746b7e160091120e7d27ab1dee7f2',0,0,'0000-00-00 00:00:00','0000-00-00 00:00:00','','','0000-00-00 00:00:00',0,'','',0,'','','','Irfan','0000-00-00','181','','','','','','','','','',0),(402,'Mr Aadil Jailabiddin Momin','Aadil ','',0,0,'','1a3c0e73a29632c81ae8677ba7f83e27',0,0,'0000-00-00 00:00:00','0000-00-00 00:00:00','','','0000-00-00 00:00:00',0,'','',0,'','','','Aadil ','0000-00-00','105','e8U71OdWS_uUjDshuB-E-k:APA91bHGLWuTG3_DVV9G_A5cvbuaWDoV8WualQsVgZayG7uF_Hc6IpVpxgUSYA1taDnWWqD5N_zI1gptBSwpcGtVGW1FvqkDDG18Ef2LzvIP3M-CQkhmo-HcIFYE9Z75bz3Wsde66TIm','','','','','','','','',0),(403,'Aniket','Aniket9191','',0,0,'Aniket9191@gmail.com','$2y$10$hUfhyvbLfbAVuOiahR8fyOQ7/glu1FC7WP0CQaWU3HzQgugTXyhVy',0,0,'2025-01-01 06:44:32','0000-00-00 00:00:00','','{}','0000-00-00 00:00:00',0,'','',0,'','','','Aniket9191','0000-00-00','','','0','0','','0','0','','1,2,3,4,6','',0),(404,'Mr Sandip Babasaheb Waghmare','sandip','',0,0,'','2cb6f36ec7f3b88d5574c78a31ccecd5',0,0,'0000-00-00 00:00:00','0000-00-00 00:00:00','','','0000-00-00 00:00:00',0,'','',0,'','','','sandip','0000-00-00','79','dr2MGNQ3RM6dNWtJIrpYzu:APA91bErXy-ZH7BvJiKCHGmxYcoW3kH3A7aroUid77pglwOznXsjW9607vJ8IJRYGNBBuF087L7hY2FSh_VZDkhNGPO5g5OM6Z6sgw2WQmWPc3ghyNFm21bG0p8iyGgp-GeGqpPPRQ76','','','','','','','','',0),(405,'Aniket','aniket1','',0,0,'aniket1@gmail.com','$2y$10$mzkndaXIIKVD8sj09hwvo.KVp3KfnZPBfPOoWUmGyZkzkERxcCp0G',0,0,'2024-04-16 11:00:55','0000-00-00 00:00:00','','{}','0000-00-00 00:00:00',0,'','',0,'','','','aniket1','0000-00-00','','','0','0','','0','0','','0','',0),(406,'Aniket Rajkumar Vhonmore','anikevhonmore','',0,0,'','dac9afb1b29132ea658a71583bf85ce3',0,0,'0000-00-00 00:00:00','0000-00-00 00:00:00','','','0000-00-00 00:00:00',0,'','',0,'','','','anikevhonmore','0000-00-00','236','fZnZOQkcREeHncq93zA_sA:APA91bEUNEZ-TbK67XA3AsUbQY3nLUewzh4pfItS8TW-BxoN6Tjpv9sA3IHwnNpnMGI3Ow1oJ5QOuiNn7CCACcplZ4UaNFX9HDIrUIa6jfsyY_VZH10l_fmJoGIKhrlYEXBU_oTjhXNn','','','','','','','','',0),(407,'Aniket Sanjay Sutar','sutaraniket','',0,0,'','9f277ddaf58fd7180137b08b8db0fb6a',0,0,'0000-00-00 00:00:00','0000-00-00 00:00:00','','','0000-00-00 00:00:00',0,'','',0,'','','','maruti','0000-00-00','215','fQEzNttbSNyTxbbeAz43Gm:APA91bG6SorSKZhWmsJozuWbqMRhhzTOownJ92cqK3I7FwTrQRqYLGJHEgGNFsSmU9MZ14KQmFIZJ2mYX-medomLLbl-IivU02Hdma2KXEC4Uoao27r0vAOsRXLPzfsrbRwL4IVbvAEv','','','','','','','','',0),(408,'Amol Bhimrao Ubale','Amol@123','',0,0,'','7eb62a173a590b6f97f15b1303b857f4',0,0,'0000-00-00 00:00:00','0000-00-00 00:00:00','','','0000-00-00 00:00:00',0,'','',0,'','','','Amol@123','0000-00-00','238','dgHrrRB3QpKK2wX__7tf5E:APA91bGRk8OkLAN2EDUInApKyQPH8oOnducumjjAIl-AB3-SU_yeQxWl0bTWo4jm6yW5LevruqNgHZjG4_etoYQQo2Y5fzqDogx-uHBs6dm98samY2vCQwIYgAjQc5-cZTjJCsGHYQdX','','','','','','','','',0),(409,'inv test','omkar1','',0,0,'','e10adc3949ba59abbe56e057f20f883e',0,0,'0000-00-00 00:00:00','0000-00-00 00:00:00','','','0000-00-00 00:00:00',0,'','',0,'','','','123456','0000-00-00','137','','','','','','','','','',0),(410,'Indrajeet Vijaykumar Patil','indrajeet','',0,0,'','bc0b5ef1656fdc812ba9d6f156275c0f',0,0,'0000-00-00 00:00:00','0000-00-00 00:00:00','','','0000-00-00 00:00:00',0,'','',0,'','','','9423372996','0000-00-00','245','cfZ_w_LcRmCkVIVvIZsGF0:APA91bF6bhkXEoq3j0zbPsmJscYsBfZEgIiLsrz_GYRY_sB2rVDDSo70EHaou4pn-0Zb6xybGbi2CinYLXiYAQw9k5NbMgnmQouIamfrpCVQcFhKbKBy9OeAAqgLcVtGJFWN8NC8vECr','','','','','','','','',0),(411,'Vaishnavi Test ','omkar2','',0,0,'','e10adc3949ba59abbe56e057f20f883e',0,0,'0000-00-00 00:00:00','0000-00-00 00:00:00','','','0000-00-00 00:00:00',0,'','',0,'','','','123456','0000-00-00','246','eKXz1jeNSASZDArhCylXDu:APA91bFWtAN-JCLmRNxzJGysPQZ0ajubIx0GB2eF4qOhP0-wcWWrYf1XX7TmWMm-WkW64a9WECyo31mu2ZJnoEUiYU51RPHgPs4VWAKuSAGpGzLwDFEhz5wZskxv64q1xrp1P3bY7TDx','','','','','','','','',0),(412,'Suhas Balasaheb Nigade','suhasn','',0,0,'','e418172a817adec71a6262a4d49f7686',0,0,'0000-00-00 00:00:00','0000-00-00 00:00:00','','','0000-00-00 00:00:00',0,'','',0,'','','','suhasn','0000-00-00','247','dNR8-5_rSO6JnFwx51m1LX:APA91bGzaRFW0_4MIkB1qr9OjeFW2Fl2GSCuBqs4AbCNV1tfa86gdAs2W6NsMxvAx-U_vwCk1E3O7yshXqRdNVUmYvQtZ2rWFZf2Rx5iuqkzbjTmAzomqy3CvToK5f0-6VrT2Bd7ZHcm','','','','','','','','',0),(413,'Akshay Pawar','akshay1','',0,0,'','995927ba1c3e95ee39f24b02e4b2a199',0,0,'0000-00-00 00:00:00','0000-00-00 00:00:00','','','0000-00-00 00:00:00',0,'','',0,'','','','akshay1','0000-00-00','248','cPitFnHRRvG5S_kt8LekY3:APA91bEhJtPY7M0SN1rgzj-CljMYiVgDZ9EEXm_Sifox1jjfDT2pI_kMblPwc5298VzFXPgtFqoeN1VSk9iYf1DnBuwvcKumUGdrphAnL1dH8y0hMRbFrKI','','','','','','','','',0),(414,'Digvijay Kalidas Sapkal ','Digvijay@123','',0,0,'','0366d2a5f4ac9a541fa9fea406b52b6c',0,0,'0000-00-00 00:00:00','0000-00-00 00:00:00','','','0000-00-00 00:00:00',0,'','',0,'','','','Digvijay@123','0000-00-00','252','daX3IZHLQAGxnYuNgrS-45:APA91bFvF30CVNCFV8K1J58RiUCGfgOq1otjKAupQX8OQcEgHwhCFvGeT7rg7YmLlNZLj4uOycEin-lsD2ObQYLAqaCehcZVDU3v81OM4c9taQGjHFsPwS2KhdUtlzCEliJNn4dJ7fXO','','','','','','','','',0),(415,'Suhas Dhanaji Ghatage','Suhas@123456','',0,0,'','a0468344e7557714aba1414483b7cd06',0,0,'0000-00-00 00:00:00','0000-00-00 00:00:00','','','0000-00-00 00:00:00',0,'','',0,'','','','Suhas@123456','0000-00-00','257','etA1oAjwSxSH8MkBx8ZLR8:APA91bEm7igOzJRkWHSJKGSCyGwRsQVGy6kJf2dM2Q8CN2YpHZi9cYWMnm4lO09y5-jMc8qkRD3Ea7nzQCWHXOvQkODYThSP2b67EMmBWQEbax6RGfH8OS8','','','','','','','','',0),(416,'swapnjeet palshikar ','Swapnjit@123','',0,0,'','5ecc82d877ff9bc1a42aca2f065f1245',0,0,'0000-00-00 00:00:00','0000-00-00 00:00:00','','','0000-00-00 00:00:00',0,'','',0,'','','','Swapnjit@123','0000-00-00','209','d63d5LnBS32SU42Cs0YA6Z:APA91bE_VM9MhwA53AxNt69cwZ3jE1rKXqVpycDKirOE9YAcglHBVyN-REMCGelt1gm4K2HbLOJXf6i1BPsnH2LBrvbnksOhpasZ30Q3AVFee7WN-tn86fkAinabmyuMLoXY2HMrItvw','','','','','','','','',0),(417,'Ganesh Tukaram Kadam','Ganesh@123','',0,0,'','0c09803542850718277b10fd17d5ebd4',0,0,'0000-00-00 00:00:00','0000-00-00 00:00:00','','','0000-00-00 00:00:00',0,'','',0,'','','','Ganesh@123','0000-00-00','259','fRgcFxNPTuqFvsrOn-LYYg:APA91bHxRuFs0T_n8qNc2p6mpMXLNRjgGUSnQLo52OVEsbJf5U1IrylD4n_lc5zhLxe5LTXwg8HQMl-7peuaHiGBP0q30-Vvq1BQFpxfMWO4HqBTtzu6kE6Jv2y80Pvp114h0rtHds2J','','','','','','','','',0),(418,'Revan Shahaji Desai','Revan@123','',0,0,'','954ed96cad10d0ff872c0ffe3f5853ad',0,0,'0000-00-00 00:00:00','0000-00-00 00:00:00','','','0000-00-00 00:00:00',0,'','',0,'','','','Revan@123','0000-00-00','253','dyxC9KPQQXqkG9Um5V4M6v:APA91bEzam4wjOA2vWdZOwX1Fhk4MKP_i27sHEy5njLQhPiJZbFf4ir3qQ68eGNodYghSErQhTcIXDktTgiNX0VG9u4FMH9l84d-3f_mIV5AEYV5N15LzXI','','','','','','','','',0),(419,'Pravin Subhash Kadam','Pravin@123','',0,0,'','4ddcde9be70b9d82a134b213213a6466',0,0,'0000-00-00 00:00:00','0000-00-00 00:00:00','','','0000-00-00 00:00:00',0,'','',0,'','','','Pravin@123','0000-00-00','249','cCha_RMJQoO4QMMDk0s4hE:APA91bEIAx2ovKqAk4a7ZjzHZBMx6DTnNa6i9NwC-Trj6zXfyLpoa9d6sxO6qu_fd-uUUeRAdYc5cIL3RDjp6tYXUiA4IkhyPiukJIBbpBOnZCaY4kUcBzlMecf-duYyxzxeMh7sWiAe','','','','','','','','',0),(420,'Manohar Damodar Mote','manoharmote','',0,0,'','e346947ca50c417ae97619692b7395d5',0,0,'0000-00-00 00:00:00','0000-00-00 00:00:00','','','0000-00-00 00:00:00',0,'','',0,'','','','manoharmote','0000-00-00','279','eKZfiXqTQhmNV8K1R-ZdaG:APA91bG4mNvKYP12eZybozkO21uZMmT2LPM9wDyxhn8lEbm4BX2qnU0D1PfKAJdpHC7uBcYTxuCgv5VtuTTYHIo_Hv2EyEwMED1bnb4vqD5B5yljKOVPIcz-yZJ9BXlZiN4tlIibS70Y','','','','','','','','',0),(421,'Kiran Sambhaji Shejal','kiransejal','',0,0,'','6ea40841e0a38e7193ab866048f16ea8',0,0,'0000-00-00 00:00:00','0000-00-00 00:00:00','','','0000-00-00 00:00:00',0,'','',0,'','','','kiransejal','0000-00-00','280','','','','','','','','','',0),(422,'Shubham Tukaram Patil','patilshubhamt','',0,0,'','1b61ef083e34b69660a70edcc4cadd9b',0,0,'0000-00-00 00:00:00','0000-00-00 00:00:00','','','0000-00-00 00:00:00',0,'','',0,'','','','patilshubhamt','0000-00-00','281','fkRQxDNWR2KsTieHm8JAY3:APA91bEbYTLKVp61Imj_q0sdcKUF3gBlqCzh1imzpSj9nxUcFEDmGSJhmUicToPWMTn0Jk_qGmf2t8pB5fUYFHPh7PYJNRpqz3sNWytJLq-bRrlqnOMN3sDmEzT1MY3bRvzcgpMwWZ3A','','','','','','','','',0),(423,'Manish Appasaheb Deshpande','Manish@1234','',0,0,'','2096595e8dcba1b299bce524504e23f5',0,0,'0000-00-00 00:00:00','0000-00-00 00:00:00','','','0000-00-00 00:00:00',0,'','',0,'','','','Manish@1234','0000-00-00','277','cYJgY0wUTGC2v8NcM-SJ4x:APA91bFQqfY70H5rvCDph9IhSq6EFki8WSeSs_3laZo35zJ2qdfL5LsFSyroTBoGuy68AsKd6QBJllJCYDB6KHXbXNMMjN9bPX3BFw_RlcdEnH8cO6ozcCDn-fOLq72bWQsziJu8v6uM','','','','','','','','',0),(424,'Pankaj Jaypal Sadamte ','Pankajs@1234','',0,0,'','8cf342a41b3512e7f2b4f0325aea1b95',0,0,'0000-00-00 00:00:00','0000-00-00 00:00:00','','','0000-00-00 00:00:00',0,'','',0,'','','','Pankajs@1234','0000-00-00','263','dlJ9ObAuRfqE8-jzF8Da_n:APA91bF8W3iULJlODjDk1YWBOWnipLTlvr341HselIZClvFQ6E_OjC5hlUN42mHOGq3ZocvWvsIltcZcW0kSM_p5yULdopst0P6F85m6hvSd7GO7Y7hpudXhkBxbLylNpcG7CwYnzFGD','','','','','','','','',0),(425,'Rajesh Shinde ','Rajesh@12345','',0,0,'','a4e3628731c28dd25165ffe8cb0b916f',0,0,'0000-00-00 00:00:00','0000-00-00 00:00:00','','','0000-00-00 00:00:00',0,'','',0,'','','','Rajesh@12345','0000-00-00','283','cDG9a0OaSUG_Mk8id4x-5I:APA91bH1a61icycIeD2UcGgGHHdxoIzGP-xl1_Rxd23QSUTFMNB1o6r7M1szYRaD9r8n_w3yNGLb0h5vb9gj3ynmvg95JcC3PcRDalGy56zgvTxAdI9QhM4','','','','','','','','',0),(426,'Anuja Vishrant Dhanwade','Anuja@123','',0,0,'','3635a2876480f66a448b7fea42f3959d',0,0,'0000-00-00 00:00:00','0000-00-00 00:00:00','','','0000-00-00 00:00:00',0,'','',0,'','','','Anuja@123','0000-00-00','275','dAUMk8GJSdSkcp-0FOA7wo:APA91bFtozQGdwuYR9_6SLms61RunEuK3rwynkNJZAo9oXDzwwJC5pW84LAL6LAfaYwOz4_pRfef3v3q-W15OgKby0TMdClHEtC6Pb2QASyRKI_HdYM_H3Q-GlSieAGcM4hCapv9Airs','','','','','','','','',0),(427,'Jyoti Suresh More','Jyoti@123','',0,0,'','a24a8fc3bbfb515d73918c61b6d9e9a0',0,0,'0000-00-00 00:00:00','0000-00-00 00:00:00','','','0000-00-00 00:00:00',0,'','',0,'','','','Jyoti@123','0000-00-00','268','c4qmKnqkT5mHri2Si-1PCe:APA91bE1LdoeTcD9obR-f1_HcTpZdPlqZxOAEXguGafcKdPsCBe293jFK4kExYBI12YTW5dTwH_c9bCqkCdNSWyLXbA6eE7OkyNFpWgAf6GDKCGIXCVeYIEklqI8mZn43dMqrYmzXqQL','','','','','','','','',0),(428,'Charushila Sunil Pawar','Charu@1234','',0,0,'','f0b9a6adcec5c2cbaffd65b5011246c0',0,0,'0000-00-00 00:00:00','0000-00-00 00:00:00','','','0000-00-00 00:00:00',0,'','',0,'','','','Charu@1234','0000-00-00','290','fIlxjrK-TMGxnuWlFG0BYU:APA91bHqkUoLXRVTja7wtaGV73512uisrymtCDp0a4kmfltAbpoT4PyiU4dQsnDMkEGPcAKhv8L708z8YCOsFAQpS96w9FVpB89omUfBwcqZwAb1JVnNWMt5I4LyCZ8QD8kbTpDJQVdp','','','','','','','','',0),(429,'Prasad Ramchandra Koli ','Prasad@123','',0,0,'','38d145f092a60fe9a195f714be415aa8',0,0,'0000-00-00 00:00:00','0000-00-00 00:00:00','','','0000-00-00 00:00:00',0,'','',0,'','','','Prasad@123','0000-00-00','291','c4M2HCZ2Rx-46wmJ3TvX7k:APA91bFJ_HHEVsLcmuHAeeIC36hJCbpZffGvn8fc6HS50RlZRpGlNH_HacvJ21BaH5FIguFZ53klLfu4flaiHR-pwI6YZmnTE0TDcGe-JdRnz5Mh4_pKZBw','','','','','','','','',0),(430,'Shreyash Mukund Mali','Shreyash123','',0,0,'','cbcc7bccce59c2e02564b92b5bbec4c7',0,0,'0000-00-00 00:00:00','0000-00-00 00:00:00','','','0000-00-00 00:00:00',0,'','',0,'','','','Shreyash123','0000-00-00','288','cG0TS-jTQECAM1TD_Lfnrz:APA91bGZ6HSss9hrCkN5ah1M5FZIyIB87WX3F60oM2TRkfyFi_p8C6uwl_lo_fLUoxEBc6OT1til2P8qGXx6b5e7yU-Ps7eCioEpFGHwJxXwGC4ygGlLQH_M3PRQ7QsXnMwwN6rS-iX0','','','','','','','','',0),(431,'Ajit RamdasGuthale','Ajit@123','',0,0,'','12f397816f7d9d1048ba73e381b5b581',0,0,'0000-00-00 00:00:00','0000-00-00 00:00:00','','','0000-00-00 00:00:00',0,'','',0,'','','','Ajit@123','0000-00-00','294','eMPovjA3SWG927lUwjaBx1:APA91bHcfSY_C0pQHONAX7udV3Yzuiqu2wMbyKiGvvZBO44nVziT4YcvlQUqdgAQifa3JF25U96ri3cg7R2kqwpsGEfKEmtfQwufXMQQOZfo_EV23-eyjkMMJm8tBsRMqmC9v380YrSF','','','','','','','','',0),(432,'Rohan Rajan Baratakke','Rohan@123','',0,0,'','e4d9b646b046fbe1dbcde2eb9949b60e',0,0,'0000-00-00 00:00:00','0000-00-00 00:00:00','','','0000-00-00 00:00:00',0,'','',0,'','','','Rohan@123','0000-00-00','295','dPrD-SKPTn6QbCLASfFPOC:APA91bGhi42MuoT3hHOvdKmz67VIQl4FzOuROJsBM9YCLhHCoAKANlQG1ZxKY4H5au0Xyp4gblPhqgskVdYAsvRA4r_7f99wVawbaB7WX2N5nZ6tfWa8Vok9nRzKMdE2xmmAj7ajt4KT','','','','','','','','',0),(433,'Kedar Mahadev Shevale ','Kedar@123','',0,0,'','34f791090cf087b958486f01fbdcb868',0,0,'0000-00-00 00:00:00','0000-00-00 00:00:00','','','0000-00-00 00:00:00',0,'','',0,'','','','Kedar@123','0000-00-00','296','evEigws2REa2HSe0gPYvvf:APA91bEsds6nHcUdzWC04tv1HpUGedn0eU6iMMf0pVXOH27-REXlz6Ovz8phAUS8aaVW5Rl952dW0m5haix_Nj5Z2QZIJ2NhIAzN9G4-u7ZJJFF9QHquSWLLsvgrxQbSKTt1EuUsmvcZ','','','','','','','','',0),(434,'Pratap Shivaji Kumbhar ','Pratap@123','',0,0,'','a56d6cf1b7b9c621427636d8a00d7b52',0,0,'0000-00-00 00:00:00','0000-00-00 00:00:00','','','0000-00-00 00:00:00',0,'','',0,'','','','Pratap@123','0000-00-00','297','fndAuO-rQui6Tn0FrPDIl5:APA91bFF9jzCAGFGaPXDWx43aI19HXat_OFOQZjzqDyc4ajM_1yH3D2cDF-8kWzbqjRlJjZCg8kewmxdIApR4TJIS1fIg09xFv6uskOZnYtJ7uoWvUxzFnuIAQrxoONNEpoFQD0hLTsw','','','','','','','','',0),(435,'Harsha Vijay Solanki','Harsha@123','',0,0,'','37879d257299e178042b3c232a037c43',0,0,'0000-00-00 00:00:00','0000-00-00 00:00:00','','','0000-00-00 00:00:00',0,'','',0,'','','','Harsha@123','0000-00-00','308','dp6f-E6URCiCxiOoIH_Ede:APA91bEyzz_3_HeKQ5YEDCT1XzaRQH29xeH9wQNJMcP_6MH4bEQOETH4IlIZxz2O2fVqvGjncSqFlHu8R9uHXL8jkiM-8KTL37amZ4jeSyBLKYioZksXoekrRQ0yYVhxz6B8SCdgy16n','','','','','','','','',0),(436,'Supriya Pruthviraj Dhanwade ','Supriya@123','',0,0,'','f96cb4aadfb5768c9eaf5243c6d1808d',0,0,'0000-00-00 00:00:00','0000-00-00 00:00:00','','','0000-00-00 00:00:00',0,'','',0,'','','','Supriya@123','0000-00-00','307','','','','','','','','','',0),(437,'Pravin Patole','Patole@123','',0,0,'','d7d69b047109a6b8c79d3200a5d8410a',0,0,'0000-00-00 00:00:00','0000-00-00 00:00:00','','','0000-00-00 00:00:00',0,'','',0,'','','','Patole@123','0000-00-00','313','cCha_RMJQoO4QMMDk0s4hE:APA91bGFsbPjEmGertjE7atFhmb__td6U40tdw_atokB24qLkSjWgEwEIDJNnPbbRMEwp8O4kJ1WdGleXNIqkISAhomb2mREfvh-UWo4yJkIsu8mv9Y1sm_P5wAuMvuhTznpxZPAMy1M','','','','','','','','',0),(438,'Ramesh Jalindar Patil','Ramesh@1234','',0,0,'','ce70cf6968aa2cd5fdb1b779815f1962',0,0,'0000-00-00 00:00:00','0000-00-00 00:00:00','','','0000-00-00 00:00:00',0,'','',0,'','','','Ramesh@1234','0000-00-00','316','djbvRlsxRKSrRA0moDNyh3:APA91bG58rhKJJzP7Cs-sLUTzidBA_1aQtB5br4fZ523IfWd3YRHNZzwviYuGrTQ4MCNU57v7tYlc1KUuRjTdslssRg04fIWNX1UtbVYRuepdBt6z42gywo116GhAg5hCp8HGsxhXzgk','','','','','','','','',0),(439,'Vijay Tanaji Gidde','vijayg','',0,0,'','416ba1c3099cc307ddb1495dfe063144',0,0,'0000-00-00 00:00:00','0000-00-00 00:00:00','','','0000-00-00 00:00:00',0,'','',0,'','','','vijayg','0000-00-00','321','cFAkn6ASSaKYKjyQWBlqHf:APA91bFazWTmk2slFqpoE0D65RHu6B2A1yzntZQngHaPKAV36muY9kmAE4yXoanucOIqYyhj3DRMY_Zjok_Yf9ZPne3OtP54rFcwzelKB_GATMygEiHlNvKhyAsiO9qUID2avREWBEUm','','','','','','','','',0),(440,'Suraj Ganesh Sutar','surajsutar','',0,0,'','3b396f5d6588fc6e89ca30eb43a5d6e8',0,0,'0000-00-00 00:00:00','0000-00-00 00:00:00','','','0000-00-00 00:00:00',0,'','',0,'','','','surajsutar','0000-00-00','320','fqE_6WWUS6-0s4OhyPMrk0:APA91bFsiymxr4CQJ3ToBSr5wkStr2swbfgt1uUF5aJ7IWNRHq6C7JsnVj2JJOujfDXoS4tr_E1AMwTJ6mF7uJZN_NDt_987Y-DhaUwAxmm_db1WoJsntw3r4UzA743ZVPKWOseWGOsK','','','','','','','','',0),(441,'Prathamesh Santosh Sargar','sargar@123','',0,0,'','a2f31147b3385e5943acb67742fe2385',0,0,'0000-00-00 00:00:00','0000-00-00 00:00:00','','','0000-00-00 00:00:00',0,'','',0,'','','','sargar@123','0000-00-00','322','fbUZmv-AQtG9etmyC99dET:APA91bEuskYDXDTMV6Jqzx6qAxMRGEFik_HdiG2NbCfvaKbK-Zf1JS1sG2deBdOsdw6qLi2h4XC2izaADUGJQ46UxB0Xk4qUVyBiiYEIYQlRMpudNrmTsX9z4YYrgs4W8qCcoJ11ZmHz','','','','','','','','',0),(442,'Sunil Dada Budhavale','sunilbudhvale@123','',0,0,'','06ae8c6ad04616f4a0af8fe82c9196f9',0,0,'0000-00-00 00:00:00','0000-00-00 00:00:00','','','0000-00-00 00:00:00',0,'','',0,'','','','sunilbudhvale@123','0000-00-00','323','cIsnWmKYRy-o2g3wEoD5lv:APA91bGHPiA1HeLRXX58lPztaX5TOVSYPZCUkXlWAGFU76JKbVpSDsA5TRc7LX-2DaWOnzRAS2jp6sg4z2t8ayCqg4QrlGo5_jVrugF7Nlykj1KaqOzKSgtXUS29aq8BHEVyjhx-WcFd','','','','','','','','',0),(443,'Ajinkya Teli','Ajinkya123','',0,0,'','0aa3bf4ffa71eddcb67dc7e51fe3e559',0,0,'0000-00-00 00:00:00','0000-00-00 00:00:00','','','0000-00-00 00:00:00',0,'','',0,'','','','Ajinkya123','0000-00-00','325','eTn7FNpWSha5rb3aMTOLkv:APA91bEf4fHWJnweWvvZWt2REp8gSa9O7CnLKR5f00X_jhMtywgtoqUQlellb0qyfjvmZfpZX7Ra7Ecnkl56GyDeDZODYPdGix-gtvO3-tlaTLatiyJK094','','','','','','','','',0),(444,'Vishal Vilas Pol','vishalp@123','',0,0,'','36e01171a814bc0c4558929656ecbeec',0,0,'0000-00-00 00:00:00','0000-00-00 00:00:00','','','0000-00-00 00:00:00',0,'','',0,'','','','vishalp@123','0000-00-00','324','eP3rOyOmScGNzYZFxkVTEv:APA91bFcDvfWO7dvatyAgZ5_tBR545W91gRxt4vv6j4JPdOAEyi-7CzhFZhhOU8mOyLn9u6_GPSuPNW7cF9gs4tBLUjzsxP7zV87r44mmgthzFNRN7KF1tI','','','','','','','','',0),(445,'Vishwajeet Dattatray More','more123','',0,0,'','bf23a4a2651df3d4aed5f45231c4663e',0,0,'0000-00-00 00:00:00','0000-00-00 00:00:00','','','0000-00-00 00:00:00',0,'','',0,'','','','more123','0000-00-00','336','f7AuFESkQKG-FismQ_yyae:APA91bEKs-PmfdEjmZyzs-cefBNEh9ifZu44ekulBN2K6FcFqJ09eutw6uPFH5GEST2pNuBadiWi6zoV5Aht9ntw3LYALM42ZAg54TJ8CUpOG42eXjlfMbs','','','','','','','','',0),(446,'Aniket Pavan Macharekar ','Aniket@9191','',0,0,'','7c73ca8b43c8a71bb26ba11694b5a49d',0,0,'0000-00-00 00:00:00','0000-00-00 00:00:00','','','0000-00-00 00:00:00',0,'','',0,'','','','Aniket@9191','0000-00-00','235','','','','','','','','','',0),(447,'Tushar Patil ','Tushar@123','',0,0,'','fb6eccb0fec9379d089159ac4ab7bb37',0,0,'0000-00-00 00:00:00','0000-00-00 00:00:00','','','0000-00-00 00:00:00',0,'','',0,'','','','Tushar@123','0000-00-00','355','eXJZzN1pTJWDfEyqA8KBaU:APA91bGzq2UyWNe8-VCOtUCXRKBiXiier7gAuRIz204ALW6QyCEbGI4mhwD7dqSZJdFxaOcEoZm8bfKAjzWU8DSs78VQWMVsMSKZL-Lk4hgeQOkILC5oOGU','','','','','','','','',0),(448,'Pradip Avaji Pawar ','Pradip@123','',0,0,'','27d08f6364695a5f286897d13be7fbcf',0,0,'0000-00-00 00:00:00','0000-00-00 00:00:00','','','0000-00-00 00:00:00',0,'','',0,'','','','Pradip@123','0000-00-00','346','','','','','','','','','',0),(449,'Sohel Rajuddin Mulla','Sohel@123','',0,0,'','d5d8aa8a35a03523a44ec06b0a9cd6cf',0,0,'0000-00-00 00:00:00','0000-00-00 00:00:00','','','0000-00-00 00:00:00',0,'','',0,'','','','Sohel@123','0000-00-00','372','eIn2ocNGSgSrjqg9aQFWct:APA91bEq2I1tGgaA4dUa4oAGwd0TMmAjDMXX_2eD7Yvhnf3wyQknt1KTNo7rVYLdFQNz6N_cs0NAu3FJPm2zqKrYFExjMPaaw9PprGikJq8VLGFHv5Sy5-0','','','','','','','','',0),(450,'Abhishek Avinash Mhetar','Abhishekm@123','',0,0,'','f80cab16b3419c61ed9a2601e93877ff',0,0,'0000-00-00 00:00:00','0000-00-00 00:00:00','','','0000-00-00 00:00:00',0,'','',0,'','','','Abhishekm@123','0000-00-00','373','fF7I5b4lQL-OFcHlUpQBE0:APA91bHFE18AGSTo6tj29jrjGDH_TVTOfZtgzFRiDesrSLgvlheiszp2phxnWaiNotMNWnMKvXgVzqo24VhXs7gae6eDOdORz8_F5vUDwfvqLpTdiZ5NgXk','','','','','','','','',0),(451,'Prasad Sanjay Chawan','Chavan@123','',0,0,'','37c320516d4cd6c3d2dbd70d3992733e',0,0,'0000-00-00 00:00:00','0000-00-00 00:00:00','','','0000-00-00 00:00:00',0,'','',0,'','','','Chavan@123','0000-00-00','377','dH6YjoKBQBm-8Jz3AuLFzV:APA91bG15RAleertPjBgdyr2mXZ3n0NxIZfzFvvcJZqY3wzxSY1YCZ-tlI-gOebvWPtBshnM03_S506CMsXz30AUC59aXlwu0ZsQpsgRX2sX1xsMS2dZPss','','','','','','','','',0),(452,'vikram','vikram','',0,0,'vikram@gmail.com','$2y$10$BKuKwD38g1cb2w.aO.5VaedwwKbLc0Ii6yyck6OnCima5IBDkM1TK',0,0,'2025-03-22 10:53:45','0000-00-00 00:00:00','','{}','0000-00-00 00:00:00',0,'','',0,'','','','vikram','0000-00-00','','','0','0','','0','0','','1,2,3,4,5,6','',0),(453,'Dattatray','dattatray','',0,0,'dattatray@gmail.com','$2y$10$LKwXWMAISFy1Cr3n7DPiwusUt2xUaLkshgtpeen8u1oeZdrx8DAie',0,0,'2025-03-22 10:54:45','0000-00-00 00:00:00','','{}','0000-00-00 00:00:00',0,'','',0,'','','','dattatray','0000-00-00','','','0','0','','0','0','','1,2,3,4,5,6','',0),(454,'Sanjay','sanjay','',0,0,'sanjay@gmail.com','$2y$10$TzRzn8bqWUAqPStwUSoBeeLnYEBRyBUtswpbo13tSuX3tP22pjwT2',0,0,'2025-03-22 10:55:57','0000-00-00 00:00:00','','{}','0000-00-00 00:00:00',0,'','',0,'','','','sanjay','0000-00-00','','','0','0','','0','0','','1,2,3,4,5,6','',0),(455,'vikram','vikram1','',0,0,'vikram1@gmail.com','$2y$10$lZl5s6LKjVqr85I01jgnEulKtJLQ5xUInvNj8bTqwoWHJ7XEEn0/u',0,0,'2025-03-22 10:57:37','0000-00-00 00:00:00','','{}','0000-00-00 00:00:00',0,'','',0,'','','','vikram1','0000-00-00','','','0','0','','0','0','','0','',0),(456,'Datttray Web','dattatray1','',0,0,'dattatray1@gmail.com','$2y$10$w9qEucqoYCNsbEE.Go.U3.Upmi5Ov0YLPqFJv0qEr7BuG44EYLNu.',0,0,'2025-03-22 10:58:06','0000-00-00 00:00:00','','{}','0000-00-00 00:00:00',0,'','',0,'','','','dattatray1','0000-00-00','','','0','0','','0','0','','0','',0),(457,'vikram','vikram12','',0,0,'vikram12@gmail.com','$2y$10$nTkf/IBNPU5eCTp/diZQcuagV1NtV.r4fhTOKB0NHP7W4BX8qq.Iq',0,0,'2025-03-22 11:05:11','0000-00-00 00:00:00','','{}','0000-00-00 00:00:00',0,'','',0,'','','','vikram12','0000-00-00','','','0','0','','0','0','','1,2,3,4,5,6','',0),(458,'Dattatray','dattatray12','',0,0,'dattatray12@gmail.com','$2y$10$0dOVMcd27bmqbnQJI1vlIe06wk0gayUJ7M5N4rb4Z4GZlvtSpISD6',0,0,'2025-03-22 11:07:16','0000-00-00 00:00:00','','{}','0000-00-00 00:00:00',0,'','',0,'','','','dattatray12','0000-00-00','','','0','0','','0','0','','1,2,3,4,5,6','',0),(459,'Sanjay','sanjay12','',0,0,'sanjay12@gmail.com','$2y$10$oISYICPlcdRi9OkROr8pt.CQlf7Tnxf3yl69D.TY8iWNUPWymsn5u',0,0,'2025-03-22 11:08:35','0000-00-00 00:00:00','','{}','0000-00-00 00:00:00',0,'','',0,'','','','sanjay12','0000-00-00','','','0','0','','0','0','','1,2,3,4,5,6','',0),(460,'Vikram','vikram5','',0,0,'vikram5@gmail.com','$2y$10$YoAF0EO7Fyj/qe6pfbndJeG5kG8x/WwP19rWf7tIHhIh6puNxfzZ2',0,0,'2025-06-09 06:37:58','2025-12-21 06:01:01','','{}','0000-00-00 00:00:00',0,'','',0,'','','','vikram5','0000-00-00','','','0','0','','0','0','','0','',0),(461,'Sanjay','sanjay5','',0,0,'sanjay5@gmail.com','$2y$10$TVrrWba1qQ9ODi6Te1IjV.HnnYQRVpE7qzqXctMPRcHm2fF40eD/G',0,0,'2026-03-04 05:19:41','2026-03-05 09:16:58','','{}','0000-00-00 00:00:00',0,'','',0,'','','','sanjay5','0000-00-00','','','0','0','','0','0','','0','',0),(462,'Dattatray','dattatray5','',0,0,'dattatray5@gmail.com','$2y$10$.WKaP7kylVI7DxIOR2aRROd/SxvIobHho6du1vCF2KsHa1dVMPwde',0,0,'2025-03-22 11:12:25','2025-03-22 11:13:10','','{}','0000-00-00 00:00:00',0,'','',0,'','','','dattatray5','0000-00-00','','','0','0','','0','0','','0','',0),(463,'Vikram Ramesh Dabhade','vikramd','',0,0,'','40cc278bf554df20fbdb3861f0b2c2a2',0,0,'0000-00-00 00:00:00','0000-00-00 00:00:00','','','0000-00-00 00:00:00',0,'','',0,'','','','vikramd','0000-00-00','22','e0-NsfM4TgGOLhs2PG4qJN:APA91bGOvd6bw3L71x4wQkkNnNLqd0Iv85umPalU2f3zisxKLi_M1CSp50zSXV5OGP0tt9v9RMU_023ek2ey6HcFIdXT9VaaCI6laxyHYms5IMuTWA3fths','','','','','','','','',0),(464,'Mohan Ramchandra Yadav','mohany','',0,0,'','c63540944890bae66af76dc748387fae',0,0,'0000-00-00 00:00:00','0000-00-00 00:00:00','','','0000-00-00 00:00:00',0,'','',0,'','','','mohany','0000-00-00','26','fU3Z91YoSEq2gMr8JGOqDG:APA91bH5qLmBMOuFX49BwZpTCvfgiW5jsIiNPNYqqnLRgCYZ8GsXwJtshYkiytDepZ5oGR4d_OVAlQw_jiIzMxvxwcTeM--JVtYB1MvHpt-K-2QwsRGet8o','','','','','','','','',0),(465,'Sanjay Vasantrao Patil','sanjayp','',0,0,'','caa53b0372b77737db8c5b13ab818ee6',0,0,'0000-00-00 00:00:00','0000-00-00 00:00:00','','','0000-00-00 00:00:00',0,'','',0,'','','','sanjayp','0000-00-00','29','et0Y7gPMRjGuuZnOBA5H9S:APA91bFKp5QX0IeJE0DWZprr2vVz3BhzMWIck5rLysQRRnEyrZ17t1KVCm62GCQo1-aCT4-woyazJDvDPeSUfhGuY1T0blknLTJVTis9uujZ_uXSg1X1XGU','','','','','','','','',0),(466,'Shrikant Hanmant Pawar','shrikantp','',0,0,'','f9179f17c233c4573359840205adfc62',0,0,'0000-00-00 00:00:00','0000-00-00 00:00:00','','','0000-00-00 00:00:00',0,'','',0,'','','','shrikantp','0000-00-00','28','ftGeXhk1SF2IrsfENJAh0O:APA91bEp_bxxD_Q81dSBItI0E0-PiZwGl4GcZ-8LJu2kTIRqHYlKeHazuozsMHGMVf3RQBRcyr0lbx_nK4zX5Wnzxqj3-6QXpgkSx2sr_Hhyb40WmvZvlTQ','','','','','','','','',0),(467,'Ganesh Popat Mane','ganeshm','',0,0,'','a8ae5ac7a0d34c0b5d841e8a71a6c953',0,0,'0000-00-00 00:00:00','0000-00-00 00:00:00','','','0000-00-00 00:00:00',0,'','',0,'','','','ganeshm','0000-00-00','27','eP44f3-bTwWne4ues--6p9:APA91bHJc5gH_ndZ1NYw_DjLyiQb0V61iyAQkAmuOBJrXqQ4GX_D69E1N7rPOsohT3YnPGIrrYoYjIKj1Qzax_1JG8FwRbE4oAiAPiDdi9cbps4_vfdqcFA','','','','','','','','',0),(468,'Manoj Bhalchandra Mohite','manojm','',0,0,'','10135ce78c879cf4ae8e35dbd2897557',0,0,'0000-00-00 00:00:00','0000-00-00 00:00:00','','','0000-00-00 00:00:00',0,'','',0,'','','','manojm','0000-00-00','30','eXwOMNI7QhCjSd3IIe2agI:APA91bHyR3xHmDDS54fpFo270FQb2xNxwdyZCIFvTVA07IlKmaAAnTOoenRQybFHqgVbBNX7qO7RY3YFW4EPrgTd55YrS8470K3A2p0ss2RdVBLtP1JK_tc','','','','','','','','',0),(470,'inventive test','invtest','',0,0,'','e10adc3949ba59abbe56e057f20f883e',0,0,'0000-00-00 00:00:00','0000-00-00 00:00:00','','','0000-00-00 00:00:00',0,'','',0,'','','','123456','0000-00-00','34','es52HefIRT6J0yRUu1LuC6:APA91bEk6vFpETx_wFswfk_BuZVJFh8tHj169q_rdNp5_KHJteMnvuTBNmjR9NczVvGdQZeN4WJQHDPBC8_i65QKY8mPZzCwrsBEn8_e8TUY72s_3JBxfmo','','','','','','','','',0),(471,'Santosh Vishnu Gawade','santoshp','',0,0,'','6fc955458bccbdc8b595b131ca0b4c15',0,0,'0000-00-00 00:00:00','0000-00-00 00:00:00','','','0000-00-00 00:00:00',0,'','',0,'','','','santoshp','0000-00-00','31','cW8j8uhiSBu-WXDz76YOUN:APA91bEjjRYNBt1NBMDLAvh7LUgi_uz5MmNTUMeOfkLvjCjCg-jUkFeJlbyZIgLnMTx38zNDc6yvGQ7jtimoxmZJwI0WHbxnTztPOCY32VP__8yXqF1rAUo','','','','','','','','',0),(472,'Vishal Sayaji Chavan','vishalj','',0,0,'','854cdedbe8784d5ac7445273176ea086',0,0,'0000-00-00 00:00:00','0000-00-00 00:00:00','','','0000-00-00 00:00:00',0,'','',0,'','','','vishalj','0000-00-00','33','fahx6TafQ9mb8cB10XBX4i:APA91bEvYF0GTgbwTx6VkxKqsJYhEWbCpCLJ6dLuOMxhPtnYIphyXLUYZrzz5J66bq4x3yUmg8xlJt6IusQpZ4zpp7cLClFZt0Of9SflSNvtpxyT3zmxRlU','','','','','','','','',0),(473,'Rakesh Jagganath Mane','rakesh','',0,0,'','e10adc3949ba59abbe56e057f20f883e',0,0,'0000-00-00 00:00:00','0000-00-00 00:00:00','','','0000-00-00 00:00:00',0,'','',0,'','','','123456','0000-00-00','32','','','','','','','','','',0),(475,'megha','megha','',0,0,'megha@gmail.com','$2y$10$ob.efEG.kapeE.d/wu81NuoP1d/0yFr/.gtFpOXZt6UrhfHSCHeo6',0,0,'2025-06-27 05:05:36','2025-10-31 06:51:13','','{}','0000-00-00 00:00:00',0,'','',0,'','','','12345','0000-00-00','','','0','0','','0','0','','0','',0),(476,'pramila','pramila','',0,0,'pramila@gmail.com','$2y$10$mPd5LFf2R0BVnFGM09L.kuxhFWxrY8KGyAk0YRpcrwzRBrQReC7Tq',0,0,'2025-06-30 04:53:42','2025-12-15 04:26:09','','{}','0000-00-00 00:00:00',0,'','',0,'','','','pramila123','0000-00-00','','','0','0','','0','0','','0','',0),(477,'pramila','pramilabhise','',0,0,'pramilabhise@gmail.com','$2y$10$3vX5rjkmG39kdZdcIFMYbugU1k9VjfXQ/Ch5wl6Xx3o9QWuB8CfOq',0,0,'2025-07-22 05:32:23','2025-07-30 05:24:09','','{}','0000-00-00 00:00:00',0,'','',0,'','','','pramila123','0000-00-00','','','0','0','','0','0','','0','',0),(478,'misbah','misbahweb','',0,0,'misbahweb@gmail.com','$2y$10$ex5ASRGSvn.P1GHOj6oXYOHkON9SugxvMZSH532t10sFoOXiAWqoi',0,0,'2025-12-05 07:43:15','2025-12-05 07:43:31','','{}','0000-00-00 00:00:00',0,'','',0,'','','','misbahweb','0000-00-00','','','0','0','','0','0','','0','',1);

--
-- Table structure for table `jos_users_editlog`
--

CREATE TABLE `jos_users_editlog` (
  `id` int NOT NULL AUTO_INCREMENT,
  `userid` int NOT NULL,
  `editdate` datetime NOT NULL,
  `groups` varchar(255) NOT NULL,
  `name` varchar(400) NOT NULL DEFAULT '',
  `username` varchar(150) NOT NULL DEFAULT '',
  `code` varchar(255) NOT NULL,
  `gid` int NOT NULL,
  `subgid` int NOT NULL,
  `email` varchar(100) NOT NULL DEFAULT '',
  `password` varchar(100) NOT NULL DEFAULT '',
  `block` tinyint NOT NULL DEFAULT '0',
  `sendEmail` tinyint DEFAULT '0',
  `registerDate` datetime NOT NULL DEFAULT '0000-00-00 00:00:00',
  `lastvisitDate` datetime NOT NULL DEFAULT '0000-00-00 00:00:00',
  `activation` varchar(100) NOT NULL DEFAULT '',
  `params` mediumtext NOT NULL,
  `lastResetTime` datetime NOT NULL DEFAULT '0000-00-00 00:00:00' COMMENT 'Date of last password reset',
  `resetCount` int NOT NULL DEFAULT '0' COMMENT 'Count of password resets since lastResetTime',
  `otpKey` varchar(1000) NOT NULL DEFAULT '' COMMENT 'Two factor authentication encrypted keys',
  `otep` varchar(1000) NOT NULL DEFAULT '' COMMENT 'One time emergency passwords',
  `requireReset` tinyint NOT NULL DEFAULT '0' COMMENT 'Require user to reset password on next login',
  `image` varchar(100) NOT NULL,
  `image2` text NOT NULL,
  `image3` text NOT NULL,
  `plainpaswd` varchar(100) NOT NULL,
  `apprvdate` date NOT NULL,
  `empid` varchar(200) NOT NULL,
  `fcm_token` varchar(200) NOT NULL,
  `adminOrglocation` varchar(255) NOT NULL,
  `terminal` varchar(100) NOT NULL,
  `subbranch` varchar(100) NOT NULL,
  `payroll` varchar(100) NOT NULL,
  `addpayroll` varchar(100) NOT NULL,
  `department` varchar(255) NOT NULL,
  `filterby` varchar(255) NOT NULL,
  `modify_by` int NOT NULL,
  PRIMARY KEY (`id`),
  KEY `idx_block` (`block`),
  KEY `username` (`username`),
  KEY `email` (`email`),
  KEY `idx_name` (`name`(100))
) ENGINE=InnoDB AUTO_INCREMENT=58 DEFAULT CHARSET=utf8mb3;

--
-- Dumping data for table `jos_users_editlog`
--

INSERT INTO `jos_users_editlog` (`id`, `userid`, `editdate`, `groups`, `name`, `username`, `code`, `gid`, `subgid`, `email`, `password`, `block`, `sendEmail`, `registerDate`, `lastvisitDate`, `activation`, `params`, `lastResetTime`, `resetCount`, `otpKey`, `otep`, `requireReset`, `image`, `image2`, `image3`, `plainpaswd`, `apprvdate`, `empid`, `fcm_token`, `adminOrglocation`, `terminal`, `subbranch`, `payroll`, `addpayroll`, `department`, `filterby`, `modify_by`) VALUES (1,331,'2023-09-30 14:32:11','','App Admin','inventiveajit','',0,0,'inventiveajit','$2y$10$Eh5YfyB6EjOViHrLw93SqenJxBDPTi3foPrklF0qwObuqlCkK2m06',0,0,'0000-00-00 00:00:00','0000-00-00 00:00:00','','','0000-00-00 00:00:00',0,'','',0,'','','','inventiveajit','0000-00-00','','','0','0','','0','','0','0',76),(2,332,'2023-10-05 11:44:35','','hrpatki','hrpatki','',0,0,'hrpatki','$2y$10$nUqJzuo6twV6k1PcaHrb.OAasUB5XZDRWiC1.kMxhKEsNi0iIxtPO',0,0,'0000-00-00 00:00:00','0000-00-00 00:00:00','','','0000-00-00 00:00:00',0,'','',0,'','','','123456','0000-00-00','','','0','0','','0','','0','0',310),(3,77,'2023-10-05 11:45:41','','inventiveomkar','inventiveomkar','',0,0,'inventiveomkar','$2y$10$I9nH7R82SjJHBqzi.JP.pO0e9W5345fOXROpz2rZWvVtxEJRJizQC',0,0,'0000-00-00 00:00:00','0000-00-00 00:00:00','','','0000-00-00 00:00:00',0,'','',0,'','','','appadmin','0000-00-00','','','0','0','0','0','0','0','6',310),(4,331,'2023-10-07 10:47:17','','App Admin','inventiveajit','',0,0,'inventiveajit','$2y$10$98y5e.s.XiKZh0txyRZmZegL3SDoUEwzyHO3XcFZ3noJOy..wS8Eu',0,0,'0000-00-00 00:00:00','0000-00-00 00:00:00','','','0000-00-00 00:00:00',0,'','',0,'','','','inventiveajit','0000-00-00','','','0','0','','0','','0','6',310),(5,331,'2023-10-07 10:49:34','','App Admin','inventiveajit','',0,0,'inventiveajit','$2y$10$0fXUb4zgDW7DepXldiV9aep8D7eAVLvwKmgbVVLJ42hOjXp0RlRDe',0,0,'0000-00-00 00:00:00','0000-00-00 00:00:00','','','0000-00-00 00:00:00',0,'','',0,'','','','inventiveajit','0000-00-00','','','0','0','','0','','0','1,3,4,5,6',310),(6,331,'2023-10-07 10:53:43','','App Admin','inventiveajit','',0,0,'inventiveajit','$2y$10$b7onIWJRtisoF/8EbYzcgeKE0lgYycFM/kLAJA.oBg4/PWZxfCH7O',0,0,'0000-00-00 00:00:00','0000-00-00 00:00:00','','','0000-00-00 00:00:00',0,'','',0,'','','','inventiveajit','0000-00-00','','','0','0','','0','','0','1,3,4,5,6',310),(7,333,'2023-10-07 11:09:14','','inventiveajit','inventiveajit','',0,0,'inventiveajit','$2y$10$3DIQLS359RHT2RqhE4Ocyus1.1OkuRxHjog5J8TT2rTbhLUD3MdMO',0,0,'0000-00-00 00:00:00','0000-00-00 00:00:00','','','0000-00-00 00:00:00',0,'','',0,'','','','123456','0000-00-00','','','0','0','','0','','0','6',310),(8,333,'2023-10-07 11:11:28','','inventiveajit','inventiveajit','',0,0,'inventiveajit','$2y$10$DFT.60C9DqkxIbHEcKFOG.9CiMcbpwQIAKY//Tk7oZISbvG1zbp2.',0,0,'0000-00-00 00:00:00','0000-00-00 00:00:00','','','0000-00-00 00:00:00',0,'','',0,'','','','123456','0000-00-00','','','1,2,3,4,5,6','0','','1','','0','6',310),(9,333,'2023-10-07 11:13:08','','inventiveajit','inventiveajit','',0,0,'inventiveajit','$2y$10$LlwtAyvQS7aYt3Xp353h5unjFlOc6KG6cM8mJpLDpywJOcDfi7Btu',0,0,'0000-00-00 00:00:00','0000-00-00 00:00:00','','','0000-00-00 00:00:00',0,'','',0,'','','','inventiveajit','0000-00-00','','','0','0','','0','','0','6',310),(10,334,'2023-10-07 11:26:03','','techajit','techajit','',0,0,'techajit','$2y$10$YU.SfMb9DOWdPaJ/VgEsVedBTkv3eAwt8tcdl..ToMe/N8jOfyj1G',0,0,'0000-00-00 00:00:00','0000-00-00 00:00:00','','','0000-00-00 00:00:00',0,'','',0,'','','','techajit','0000-00-00','','','0','0','','0','','0','0',310),(11,339,'2023-10-17 13:01:44','','Santosh jadhav','Santoshj','',0,0,'Santoshj','$2y$10$ShNtK9efkIEKZS/TZlifE.43M1SOzKeEYtcWYZkEWuI4ES.YMroZC',0,0,'0000-00-00 00:00:00','0000-00-00 00:00:00','','','0000-00-00 00:00:00',0,'','',0,'','','','123456','0000-00-00','','','4','4','','0','','0','6',310),(12,76,'2023-10-17 13:35:55','','developeradmin','developeradmin','',0,0,'developeradmin','$2y$10$j7bL/rDJGdzsu2xBVVIRzeuVQZ0nnEj2wVbQDH3JY5Xd5lhrL3nHG',0,0,'0000-00-00 00:00:00','0000-00-00 00:00:00','','','0000-00-00 00:00:00',0,'','',0,'','','','developer','0000-00-00','','','0','1,2,3,4,5,6','0','0','0','0','0',76),(13,373,'2023-10-28 13:31:46','','Nikhil tarlekar','nikhilt','',0,0,'nikhilt','$2y$10$0bA3SeQqiDhcSygHrORhSuFR.uNAg52SQDMY.wLUUNFhvaVQHQcWm',0,0,'0000-00-00 00:00:00','0000-00-00 00:00:00','','','0000-00-00 00:00:00',0,'','',0,'','','','123456','0000-00-00','','','0','0','','0','','0','0',310),(14,374,'2023-11-22 16:43:23','','Vaishnavi Shinde','vaishnavi','',0,0,'vaishnavi','$2y$10$.qFrcYZKHuBDqE7JCcqap.RcKHvcHsG17HomD6VBKs6Lt9SbDjfoi',0,0,'0000-00-00 00:00:00','0000-00-00 00:00:00','','','0000-00-00 00:00:00',0,'','',0,'','','','vaishnavi','0000-00-00','','','0','0','','0','','0','0',310),(15,375,'2023-12-22 15:23:20','','asif','asif','',0,0,'asif','$2y$10$BKe9c5MLWtEcJbyjv8gMPulvhNbnmcrL9BzUAAcSDBJWEh/O1Xbp.',0,0,'0000-00-00 00:00:00','0000-00-00 00:00:00','','','0000-00-00 00:00:00',0,'','',0,'','','','123456','0000-00-00','','','0','0','','0','','0','6',310),(16,375,'2023-12-26 13:53:01','','asif','asiftech','',0,0,'asiftech','$2y$10$Sn7pGKcWXa0JDGJFVsz13.3HngF4H27Ey/Ei7CyysntHpZ4R3vwFS',0,0,'0000-00-00 00:00:00','0000-00-00 00:00:00','','','0000-00-00 00:00:00',0,'','',0,'','','','asiftech','0000-00-00','','','0','0','','0','','0','1,2,3,4,5,6',76),(17,373,'2024-02-21 12:03:56','','Nikhil tarlekar','nikhilt','',0,0,'nikhilt','$2y$10$Fpxc2T/6xYXQjHOQ5Hc2QeXN0V2UbyZ1tAqUzvFlGpPxU6KVlwu8a',0,0,'0000-00-00 00:00:00','0000-00-00 00:00:00','','','0000-00-00 00:00:00',0,'','',0,'','','','123456','0000-00-00','','','0','0','','0','','0','0',310),(18,393,'2024-03-19 15:14:12','','Sneha Patki','sneha','',0,0,'sneha','$2y$10$Po/Uor70mpUzu3wqPwr/ne8aki2y/YufGdfepNGNgrMh/W4IVihMa',0,0,'0000-00-00 00:00:00','0000-00-00 00:00:00','','','0000-00-00 00:00:00',0,'','',0,'','','','sneha','0000-00-00','','','0','0','','0','','0','6',310),(19,393,'2024-03-19 15:19:15','','Sneha Patki','sneha','',0,0,'sneha','$2y$10$g.klRKN1eRe5OERVU.TGU.iWupnDHpPDm4ZXxsrs3uM0j6lX6HGTS',0,0,'0000-00-00 00:00:00','0000-00-00 00:00:00','','','0000-00-00 00:00:00',0,'','',0,'','','','sneha','0000-00-00','','','0','0','','0','','0','6',310),(20,394,'2024-03-25 18:26:11','','App Admin','appadmin','',0,0,'appadmin','$2y$10$SGD6OfvKRkkTooNBUGKaTuyMIWIuT00GYHixCz5DSSCTYuQouUhaq',0,0,'0000-00-00 00:00:00','0000-00-00 00:00:00','','','0000-00-00 00:00:00',0,'','',0,'','','','appadmin','0000-00-00','','','0','0','','0','','0','6',310),(21,403,'2024-04-08 16:28:55','','Aniket','aniketadmin','',0,0,'aniketadmin','$2y$10$W4aYC5rVobOonppsztsfpet02BG2SOdfQ8hFNX0qkGtV3STV1yyPO',0,0,'0000-00-00 00:00:00','0000-00-00 00:00:00','','','0000-00-00 00:00:00',0,'','',0,'','','','aniketadmin','0000-00-00','','','0','0','','0','','0','6',310),(22,403,'2024-04-08 16:34:59','','Aniket','aniketadmin','',0,0,'aniketadmin','$2y$10$u3ixOOIxokCKvhKYtmrBYe8zmCtREENZt4k770iCHYoNKRoumR0Wm',0,0,'0000-00-00 00:00:00','0000-00-00 00:00:00','','','0000-00-00 00:00:00',0,'','',0,'','','','aniketadmin','0000-00-00','','','0','0','','0','','0','6',310),(23,403,'2024-04-08 17:11:24','','Aniket','aniketadmin','',0,0,'aniketadmin','$2y$10$J72c9E9huzH4suNe/m5YA.7bbJEBkTpxalWJd2rhsCv7m2xhEdJcO',0,0,'0000-00-00 00:00:00','0000-00-00 00:00:00','','','0000-00-00 00:00:00',0,'','',0,'','','','aniketadmin','0000-00-00','','','0','0','','0','','0','1,2,3,4,6',310),(24,403,'2024-04-08 17:35:08','','Aniket','aniketadmin','',0,0,'aniketadmin','$2y$10$cZ3Cg071maaWw0JPL9HXb.doOqDtE9tElTYNSzRfCQr7CuTNC4Cfq',0,0,'0000-00-00 00:00:00','0000-00-00 00:00:00','','','0000-00-00 00:00:00',0,'','',0,'','','','123456','0000-00-00','','','0','0','','0','','0','1,2,3,4,6',310),(25,405,'2024-04-16 16:30:55','','Aniket','aniket1','',0,0,'aniket1','$2y$10$mzkndaXIIKVD8sj09hwvo.KVp3KfnZPBfPOoWUmGyZkzkERxcCp0G',0,0,'0000-00-00 00:00:00','0000-00-00 00:00:00','','','0000-00-00 00:00:00',0,'','',0,'','','','aniket1','0000-00-00','','','0','0','','0','','0','0',310),(26,403,'2024-04-16 18:35:35','','Aniket','aniketadmin','',0,0,'aniketadmin','$2y$10$mpSeY/krvXI9SVhkNOB0M.vFv1ANQIDEE4IN.bJr3IvbIiSq1t1tu',0,0,'0000-00-00 00:00:00','0000-00-00 00:00:00','','','0000-00-00 00:00:00',0,'','',0,'','','','123456','0000-00-00','','','0','0','','0','','0','1,2,3,4,6',310),(27,266,'2024-04-19 17:03:57','','Hr Admin 1','hradmin1','',0,0,'hradmin1','$2y$10$vvDevow/a8o3lORRJUaBrerih5PIZs4zHs1kqN4zHVr0HcvSYYe2G',0,0,'0000-00-00 00:00:00','0000-00-00 00:00:00','','','0000-00-00 00:00:00',0,'','',0,'','','','hradmin1','0000-00-00','','','0','0','1,2','0','0','','0',310),(28,266,'2024-04-20 10:51:26','','Hr Admin 1','hradmin1','',0,0,'hradmin1','$2y$10$eCai6z..kGBX5Yjnm7D8Z.ZeZZ2HI57j9yAM2U52aq6jsjt5J7G6W',0,0,'0000-00-00 00:00:00','0000-00-00 00:00:00','','','0000-00-00 00:00:00',0,'','',0,'','','','hradmin1','0000-00-00','','','0','0','1,2','0','0','','0',310),(29,266,'2024-04-20 10:52:42','','Hr Admin 1','hradmin1','',0,0,'hradmin1','$2y$10$/2uO9vJ1mNTXMhEesDKHj.imvFJOY3nw/q8uuOH/lToWZecufdByK',0,0,'0000-00-00 00:00:00','0000-00-00 00:00:00','','','0000-00-00 00:00:00',0,'','',0,'','','','hradmin1','0000-00-00','','','0','0','1,2','0','0','','0',310),(30,374,'2024-04-20 15:25:52','','Vaishnavi Shinde','vaishnavi','',0,0,'vaishnavi','$2y$10$chmr0Rp6LsmqNOXns6c1eeruBdAefEZOm17u9gtVCFSNhjaulL8py',0,0,'0000-00-00 00:00:00','0000-00-00 00:00:00','','','0000-00-00 00:00:00',0,'','',0,'','','','vaishnavi','0000-00-00','','','0','0','','0','','','0',310),(31,403,'2024-05-10 17:43:36','','Aniket','aniketadmin','',0,0,'aniketadmin','$2y$10$XdLgjDdj0n6UIOYGxUYL5OXIhmnAXtac1EA1RUf7YfNc47ZLr6SJe',0,0,'0000-00-00 00:00:00','0000-00-00 00:00:00','','','0000-00-00 00:00:00',0,'','',0,'','','','123456','0000-00-00','','','0','0','','0','','','1,2,3,4,6',76),(32,373,'2024-07-02 14:01:31','','Nikhil tarlekar','nikhilt','',0,0,'nikhilt','$2y$10$.8kBL5sK/KnlV6v6/tqez.8rnFqk9Y1BWbNK1PW2U8F/wWEaKRf66',0,0,'0000-00-00 00:00:00','0000-00-00 00:00:00','','','0000-00-00 00:00:00',0,'','',0,'','','','nikhilt','0000-00-00','','','0','0','','0','','','0',76),(33,403,'2025-01-01 12:14:32','','Aniket','Aniket9191','',0,0,'Aniket9191','$2y$10$hUfhyvbLfbAVuOiahR8fyOQ7/glu1FC7WP0CQaWU3HzQgugTXyhVy',0,0,'0000-00-00 00:00:00','0000-00-00 00:00:00','','','0000-00-00 00:00:00',0,'','',0,'','','','Aniket9191','0000-00-00','','','0','0','','0','','','1,2,3,4,6',76),(34,452,'2025-03-22 16:23:45','','vikram','vikram','',0,0,'vikram','$2y$10$BKuKwD38g1cb2w.aO.5VaedwwKbLc0Ii6yyck6OnCima5IBDkM1TK',0,0,'0000-00-00 00:00:00','0000-00-00 00:00:00','','','0000-00-00 00:00:00',0,'','',0,'','','','vikram','0000-00-00','','','0','0','','0','','','1,2,3,4,5,6',76),(35,453,'2025-03-22 16:24:45','','Dattatray','dattatray','',0,0,'dattatray','$2y$10$LKwXWMAISFy1Cr3n7DPiwusUt2xUaLkshgtpeen8u1oeZdrx8DAie',0,0,'0000-00-00 00:00:00','0000-00-00 00:00:00','','','0000-00-00 00:00:00',0,'','',0,'','','','dattatray','0000-00-00','','','0','0','','0','','','1,2,3,4,5,6',76),(36,454,'2025-03-22 16:25:57','','Sanjay','sanjay','',0,0,'sanjay','$2y$10$TzRzn8bqWUAqPStwUSoBeeLnYEBRyBUtswpbo13tSuX3tP22pjwT2',0,0,'0000-00-00 00:00:00','0000-00-00 00:00:00','','','0000-00-00 00:00:00',0,'','',0,'','','','sanjay','0000-00-00','','','0','0','','0','','','1,2,3,4,5,6',76),(37,455,'2025-03-22 16:27:37','','vikram','vikram1','',0,0,'vikram1','$2y$10$lZl5s6LKjVqr85I01jgnEulKtJLQ5xUInvNj8bTqwoWHJ7XEEn0/u',0,0,'0000-00-00 00:00:00','0000-00-00 00:00:00','','','0000-00-00 00:00:00',0,'','',0,'','','','vikram1','0000-00-00','','','0','0','','0','','','0',76),(38,456,'2025-03-22 16:28:06','','Datttray Web','dattatray1','',0,0,'dattatray1','$2y$10$w9qEucqoYCNsbEE.Go.U3.Upmi5Ov0YLPqFJv0qEr7BuG44EYLNu.',0,0,'0000-00-00 00:00:00','0000-00-00 00:00:00','','','0000-00-00 00:00:00',0,'','',0,'','','','dattatray1','0000-00-00','','','0','0','','0','','','0',76),(39,457,'2025-03-22 16:35:11','','vikram','vikram12','',0,0,'vikram12','$2y$10$nTkf/IBNPU5eCTp/diZQcuagV1NtV.r4fhTOKB0NHP7W4BX8qq.Iq',0,0,'0000-00-00 00:00:00','0000-00-00 00:00:00','','','0000-00-00 00:00:00',0,'','',0,'','','','vikram12','0000-00-00','','','0','0','','0','','','1,2,3,4,5,6',76),(40,458,'2025-03-22 16:37:16','','Dattatray','dattatray12','',0,0,'dattatray12','$2y$10$0dOVMcd27bmqbnQJI1vlIe06wk0gayUJ7M5N4rb4Z4GZlvtSpISD6',0,0,'0000-00-00 00:00:00','0000-00-00 00:00:00','','','0000-00-00 00:00:00',0,'','',0,'','','','dattatray12','0000-00-00','','','0','0','','0','','','1,2,3,4,5,6',76),(41,459,'2025-03-22 16:38:35','','Sanjay','sanjay12','',0,0,'sanjay12','$2y$10$oISYICPlcdRi9OkROr8pt.CQlf7Tnxf3yl69D.TY8iWNUPWymsn5u',0,0,'0000-00-00 00:00:00','0000-00-00 00:00:00','','','0000-00-00 00:00:00',0,'','',0,'','','','sanjay12','0000-00-00','','','0','0','','0','','','1,2,3,4,5,6',76),(42,460,'2025-03-22 16:39:58','','Vikram','vikram5','',0,0,'vikram5','$2y$10$ZVSx5.BczWuvHwNQxm1pIOxQqO0dzMQeLoZEwUqVb3nlljeWjL506',0,0,'0000-00-00 00:00:00','0000-00-00 00:00:00','','','0000-00-00 00:00:00',0,'','',0,'','','','vikram5','0000-00-00','','','0','0','','0','','','0',76),(43,461,'2025-03-22 16:41:16','','Sanjay','sanjay5','',0,0,'sanjay5','$2y$10$AnNaCIhvaRhfQkosmnc0NuyC4rVBHO7tVrbg3C2W15qTbvpyNCasq',0,0,'0000-00-00 00:00:00','0000-00-00 00:00:00','','','0000-00-00 00:00:00',0,'','',0,'','','','sanjay5','0000-00-00','','','0','0','','0','','','0',76),(44,462,'2025-03-22 16:42:25','','Dattatray','dattatray5','',0,0,'dattatray5','$2y$10$.WKaP7kylVI7DxIOR2aRROd/SxvIobHho6du1vCF2KsHa1dVMPwde',0,0,'0000-00-00 00:00:00','0000-00-00 00:00:00','','','0000-00-00 00:00:00',0,'','',0,'','','','dattatray5','0000-00-00','','','0','0','','0','','','0',76),(45,460,'2025-06-09 12:07:58','','Vikram','vikram5','',0,0,'vikram5','$2y$10$YoAF0EO7Fyj/qe6pfbndJeG5kG8x/WwP19rWf7tIHhIh6puNxfzZ2',0,0,'0000-00-00 00:00:00','0000-00-00 00:00:00','','','0000-00-00 00:00:00',0,'','',0,'','','','vikram5','0000-00-00','','','0','0','','0','','','0',76),(46,474,'2025-06-26 11:38:48','','salman','salman','',0,0,'salman','$2y$10$hFVYcxHGov9G/acGP8eGSO0tYNfh3TbChIXmgWh0bXGiDxXZG1xOi',0,0,'0000-00-00 00:00:00','0000-00-00 00:00:00','','','0000-00-00 00:00:00',0,'','',0,'','','','salman','0000-00-00','','','0','0','','0','','','0',76),(47,474,'2025-06-26 11:57:41','','salman','salman','',0,0,'salman','$2y$10$qQN0f/wXYlEKvKSN/ybVHuMj0czjgGCMpTYhujoxYRTmPdhqpqAKS',0,0,'0000-00-00 00:00:00','0000-00-00 00:00:00','','','0000-00-00 00:00:00',0,'','',0,'','','','salman','0000-00-00','','','0','0','','0','','','0',76),(48,475,'2025-06-27 10:35:36','','megha','megha','',0,0,'megha','$2y$10$ob.efEG.kapeE.d/wu81NuoP1d/0yFr/.gtFpOXZt6UrhfHSCHeo6',0,0,'0000-00-00 00:00:00','0000-00-00 00:00:00','','','0000-00-00 00:00:00',0,'','',0,'','','','12345','0000-00-00','','','0','0','','0','','','0',76),(49,476,'2025-06-30 09:37:23','','pramila','pramila','',0,0,'pramila','$2y$10$hLgI56nQQSIYlljGlaDHn.K3oa6yCJmwi1dVtgqymb4EOQ9kHC9mK',0,0,'0000-00-00 00:00:00','0000-00-00 00:00:00','','','0000-00-00 00:00:00',0,'','',0,'','','','pramila123','0000-00-00','','','','','','','','','0',76),(50,476,'2025-06-30 10:19:54','','pramila','pramila','',0,0,'pramila','$2y$10$8rSk07QbPOAH7z34DNpWmeszoNBGxO2T1JvgXilYjjKIEYUsTeAPa',0,0,'0000-00-00 00:00:00','0000-00-00 00:00:00','','','0000-00-00 00:00:00',0,'','',0,'','','','pramila123','0000-00-00','','','0','0','','0','','','0',476),(51,476,'2025-06-30 10:23:42','','pramila','pramila','',0,0,'pramila','$2y$10$mPd5LFf2R0BVnFGM09L.kuxhFWxrY8KGyAk0YRpcrwzRBrQReC7Tq',0,0,'0000-00-00 00:00:00','0000-00-00 00:00:00','','','0000-00-00 00:00:00',0,'','',0,'','','','pramila123','0000-00-00','','','0','0','','0','','','0',76),(52,476,'2025-07-22 10:59:59','','pramila','pramila','',0,0,'pramila','$2y$10$mPd5LFf2R0BVnFGM09L.kuxhFWxrY8KGyAk0YRpcrwzRBrQReC7Tq',1,0,'0000-00-00 00:00:00','0000-00-00 00:00:00','','','0000-00-00 00:00:00',0,'','',0,'','','','pramila123','0000-00-00','','','0','0','','0','','0','0',76),(53,477,'2025-07-22 11:01:42','','pramila','pramilabhise','',0,0,'pramilabhise','$2y$10$xcDpi8ulG.lDCKS2kl2aS.kXh8QxfoUN6.K.t/gQa8oBfj0r1rnlC',0,0,'0000-00-00 00:00:00','0000-00-00 00:00:00','','','0000-00-00 00:00:00',0,'','',0,'','','','pramila123','0000-00-00','','','','','','','','','0',76),(54,477,'2025-07-22 11:02:23','','pramila','pramilabhise','',0,0,'pramilabhise','$2y$10$3vX5rjkmG39kdZdcIFMYbugU1k9VjfXQ/Ch5wl6Xx3o9QWuB8CfOq',0,0,'0000-00-00 00:00:00','0000-00-00 00:00:00','','','0000-00-00 00:00:00',0,'','',0,'','','','pramila123','0000-00-00','','','0','0','','0','','','0',76),(55,476,'2025-09-04 09:33:20','','pramila','pramila','',0,0,'pramila','$2y$10$mPd5LFf2R0BVnFGM09L.kuxhFWxrY8KGyAk0YRpcrwzRBrQReC7Tq',0,0,'0000-00-00 00:00:00','0000-00-00 00:00:00','','','0000-00-00 00:00:00',0,'','',0,'','','','pramila123','0000-00-00','','','0','0','','0','','0','0',76),(56,478,'2025-12-05 13:13:15','','misbah','misbahweb','',0,0,'misbahweb','$2y$10$ex5ASRGSvn.P1GHOj6oXYOHkON9SugxvMZSH532t10sFoOXiAWqoi',0,0,'0000-00-00 00:00:00','0000-00-00 00:00:00','','','0000-00-00 00:00:00',0,'','',0,'','','','misbahweb','0000-00-00','','','0','0','','0','','','0',76),(57,461,'2026-03-04 10:49:41','','Sanjay','sanjay5','',0,0,'sanjay5','$2y$10$TVrrWba1qQ9ODi6Te1IjV.HnnYQRVpE7qzqXctMPRcHm2fF40eD/G',0,0,'0000-00-00 00:00:00','0000-00-00 00:00:00','','','0000-00-00 00:00:00',0,'','',0,'','','','sanjay5','0000-00-00','','','0','0','','0','','','0',76);

--
-- Table structure for table `jos_utf8_conversion`
--

CREATE TABLE `jos_utf8_conversion` (
  `converted` tinyint NOT NULL DEFAULT '0'
) ENGINE=InnoDB DEFAULT CHARSET=utf8mb3;

--
-- Dumping data for table `jos_utf8_conversion`
--

INSERT INTO `jos_utf8_conversion` (`converted`) VALUES (5);

--
-- Table structure for table `jos_vehicle_reading`
--

CREATE TABLE `jos_vehicle_reading` (
  `id` int NOT NULL AUTO_INCREMENT,
  `userid` int NOT NULL,
  `vehicleid` int NOT NULL,
  `vehicleTypeId` int NOT NULL,
  `date` datetime NOT NULL,
  `totalkm` int NOT NULL,
  PRIMARY KEY (`id`)
) ENGINE=InnoDB AUTO_INCREMENT=10 DEFAULT CHARSET=latin1;

--
-- Dumping data for table `jos_vehicle_reading`
--

INSERT INTO `jos_vehicle_reading` (`id`, `userid`, `vehicleid`, `vehicleTypeId`, `date`, `totalkm`) VALUES (5,83,1,1,'2023-02-02 12:49:01',900),(6,83,2,2,'2023-02-02 11:50:54',500),(7,276,1,1,'2023-02-17 04:01:18',500),(8,276,2,1,'2023-03-19 06:42:58',200),(9,276,3,1,'2023-05-06 09:05:47',200);

--
-- Table structure for table `jos_vehicle_type`
--

CREATE TABLE `jos_vehicle_type` (
  `id` int NOT NULL AUTO_INCREMENT,
  `name` varchar(255) CHARACTER SET utf8mb3 COLLATE utf8mb3_unicode_ci NOT NULL,
  PRIMARY KEY (`id`)
) ENGINE=InnoDB AUTO_INCREMENT=3 DEFAULT CHARSET=utf8mb3 COLLATE=utf8mb3_unicode_ci;

--
-- Dumping data for table `jos_vehicle_type`
--

INSERT INTO `jos_vehicle_type` (`id`, `name`) VALUES (1,'Two wheeler'),(2,'Four wheeler');

--
-- Table structure for table `jos_viewlevels`
--

CREATE TABLE `jos_viewlevels` (
  `id` int NOT NULL AUTO_INCREMENT,
  `title` varchar(100) NOT NULL DEFAULT '',
  `ordering` int NOT NULL DEFAULT '0',
  `rules` varchar(5120) NOT NULL COMMENT 'JSON encoded access control.',
  PRIMARY KEY (`id`),
  UNIQUE KEY `idx_assetgroup_title_lookup` (`title`)
) ENGINE=InnoDB AUTO_INCREMENT=32 DEFAULT CHARSET=utf8mb3;

--
-- Dumping data for table `jos_viewlevels`
--

INSERT INTO `jos_viewlevels` (`id`, `title`, `ordering`, `rules`) VALUES (1,'Public',0,'[1]'),(2,'Registered-Super Users',1,'[2,8]'),(3,'Special',2,'[3,8]'),(4,'Customer Access Level (Example)',3,'[3]'),(5,'Office',0,'[19]'),(6,'Admin & office',0,'[19,8]'),(8,'Manufacturer',0,'[]'),(9,'PDF',0,'[20]'),(10,'Inventive Admin',0,'[21]'),(11,'Report Viewer',0,'[22]'),(12,'Store-Production',0,'[22,23]'),(13,'Production',0,'[23]'),(14,'Store - Super User - Register',0,'[22,2,8]'),(15,'Super User - Store - Production - Design  - Register - Purchase',0,'[24,23,26,22,2,8]'),(16,'Operation',0,'[25]'),(17,'Design',0,'[24]'),(18,'Store - Purchase',0,'[26,22]'),(19,'Design- Purchase',0,'[24,26]'),(20,'Store - Super User - Register -Design',0,'[24,22,2,8]'),(21,'Human resource',0,'[27]'),(22,'App Admin',0,'[26]'),(23,'HR - N Manager',0,'[29,27]'),(24,'D-manager',0,'[6,28,29,27,22,2]'),(25,'Assistant Manager',0,'[32]'),(26,'Staff',0,'[23]'),(27,'Hr Assistant',0,'[33]'),(28,'request',0,'[41,35]'),(29,'approval',0,'[36]'),(30,'iosApp User',0,'[46]'),(31,'ios staff app',0,'[47]');

--
-- Table structure for table `jos_visitor_favourites`
--

CREATE TABLE `jos_visitor_favourites` (
  `id` int NOT NULL AUTO_INCREMENT,
  `segid` int NOT NULL,
  `brandid` int NOT NULL,
  `visitorid` int NOT NULL,
  `entry_date` date NOT NULL,
  `status` int NOT NULL,
  PRIMARY KEY (`id`)
) ENGINE=InnoDB AUTO_INCREMENT=17 DEFAULT CHARSET=latin1;

--
-- Dumping data for table `jos_visitor_favourites`
--

INSERT INTO `jos_visitor_favourites` (`id`, `segid`, `brandid`, `visitorid`, `entry_date`, `status`) VALUES (13,1,51,53,'2019-02-28',1),(16,1,51,0,'2019-03-07',1);

--
-- Table structure for table `jos_visitor_log`
--

CREATE TABLE `jos_visitor_log` (
  `id` int NOT NULL AUTO_INCREMENT,
  `userid` int NOT NULL,
  `visitorid` int NOT NULL,
  `date` datetime NOT NULL,
  `lattitude` varchar(255) NOT NULL,
  `longitude` varchar(255) NOT NULL,
  `photo` varchar(255) CHARACTER SET utf8mb3 COLLATE utf8mb3_unicode_ci NOT NULL,
  `photo_thumb` varchar(250) CHARACTER SET utf8mb3 COLLATE utf8mb3_unicode_ci NOT NULL,
  `place` varchar(255) NOT NULL,
  `remark` varchar(250) NOT NULL,
  PRIMARY KEY (`id`)
) ENGINE=InnoDB DEFAULT CHARSET=latin1;

--
-- Dumping data for table `jos_visitor_log`
--


--
-- Dumping events for database 'inv121_shreefeedind'
--

--
-- Dumping routines for database 'inv121_shreefeedind'
--


